{"id":8470,"date":"2021-05-26T11:47:12","date_gmt":"2021-05-26T14:47:12","guid":{"rendered":"https:\/\/www3.santoandre.sp.gov.br\/turismosantoandre\/?page_id=8470"},"modified":"2021-05-26T12:17:51","modified_gmt":"2021-05-26T15:17:51","slug":"sesc-projeto-arquitetonico","status":"publish","type":"page","link":"https:\/\/www3.santoandre.sp.gov.br\/turismosantoandre\/sesc-projeto-arquitetonico\/","title":{"rendered":"SESC Santo Andr\u00e9 &#8211; Projeto Arquitet\u00f4nico\u00a0"},"content":{"rendered":"\t\t<div data-elementor-type=\"wp-post\" data-elementor-id=\"8470\" class=\"elementor elementor-8470\">\n\t\t\t\t\t\t<div class=\"elementor-inner\">\n\t\t\t\t<div class=\"elementor-section-wrap\">\n\t\t\t\t\t\t\t\t\t<section class=\"elementor-section elementor-top-section elementor-element elementor-element-881fc1b elementor-section-full_width elementor-section-height-default elementor-section-height-default\" data-id=\"881fc1b\" data-element_type=\"section\">\n\t\t\t\t\t\t<div class=\"elementor-container elementor-column-gap-default\">\n\t\t\t\t\t\t\t<div class=\"elementor-row\">\n\t\t\t\t\t<div class=\"elementor-column elementor-col-100 elementor-top-column elementor-element elementor-element-6944517\" data-id=\"6944517\" data-element_type=\"column\">\n\t\t\t<div class=\"elementor-column-wrap elementor-element-populated\">\n\t\t\t\t\t\t\t<div class=\"elementor-widget-wrap\">\n\t\t\t\t\t\t<div class=\"elementor-element elementor-element-af3d8d3 elementor-widget elementor-widget-image\" data-id=\"af3d8d3\" data-element_type=\"widget\" data-widget_type=\"image.default\">\n\t\t\t\t<div class=\"elementor-widget-container\">\n\t\t\t\t\t\t\t\t<div class=\"elementor-image\">\n\t\t\t\t\t\t\t\t\t<figure class=\"wp-caption\">\n\t\t\t\t\t\t\t\t\t\t<img width=\"770\" height=\"388\" src=\"https:\/\/www3.santoandre.sp.gov.br\/turismosantoandre\/wp-content\/uploads\/2021\/05\/sesc.jpg\" class=\"attachment-large size-large\" alt=\"\" loading=\"lazy\" srcset=\"https:\/\/www3.santoandre.sp.gov.br\/turismosantoandre\/wp-content\/uploads\/2021\/05\/sesc.jpg 770w, https:\/\/www3.santoandre.sp.gov.br\/turismosantoandre\/wp-content\/uploads\/2021\/05\/sesc-300x151.jpg 300w, https:\/\/www3.santoandre.sp.gov.br\/turismosantoandre\/wp-content\/uploads\/2021\/05\/sesc-768x387.jpg 768w\" sizes=\"(max-width: 770px) 100vw, 770px\" \/>\t\t\t\t\t\t\t\t\t\t\t<figcaption class=\"widget-image-caption wp-caption-text\"><\/figcaption>\n\t\t\t\t\t\t\t\t\t\t<\/figure>\n\t\t\t\t\t\t\t\t<\/div>\n\t\t\t\t\t\t<\/div>\n\t\t\t\t<\/div>\n\t\t\t\t\t\t<\/div>\n\t\t\t\t\t<\/div>\n\t\t<\/div>\n\t\t\t\t\t\t\t\t<\/div>\n\t\t\t\t\t<\/div>\n\t\t<\/section>\n\t\t\t\t<section class=\"elementor-section elementor-top-section elementor-element elementor-element-06aa523 elementor-section-boxed elementor-section-height-default elementor-section-height-default\" data-id=\"06aa523\" data-element_type=\"section\">\n\t\t\t\t\t\t<div class=\"elementor-container elementor-column-gap-default\">\n\t\t\t\t\t\t\t<div class=\"elementor-row\">\n\t\t\t\t\t<div class=\"elementor-column elementor-col-100 elementor-top-column elementor-element elementor-element-bf8ada5\" data-id=\"bf8ada5\" data-element_type=\"column\">\n\t\t\t<div class=\"elementor-column-wrap elementor-element-populated\">\n\t\t\t\t\t\t\t<div class=\"elementor-widget-wrap\">\n\t\t\t\t\t\t<div class=\"elementor-element elementor-element-7c5a5d8 elementor-widget elementor-widget-text-editor\" data-id=\"7c5a5d8\" data-element_type=\"widget\" data-widget_type=\"text-editor.default\">\n\t\t\t\t<div class=\"elementor-widget-container\">\n\t\t\t\t\t\t\t\t<div class=\"elementor-text-editor elementor-clearfix\">\n\t\t\t\t<p>O edif\u00edcio do Sesc em Santo Andr\u00e9, na Grande S\u00e3o Paulo, inaugurado no in\u00edcio de mar\u00e7o, foi projetado pelos arquitetos Tito L\u00edvio Frascino, Vasco de Mello, Fernando Pires, Arthur Delgado, Alexandre Stefani e Maria Antonieta Natal. O complexo cultural e de lazer tem \u00e1rea constru\u00edda superior a 31 mil metros quadrados e, com implanta\u00e7\u00e3o horizontal, ocupa o eixo maior do terreno de 18,6 mil metros quadrados.\u00a0<span style=\"font-size: 15px;\">Fonte: https:\/\/revistaprojeto.com.br\/acervo\/tito-livio-frascino-vasco-de-mello-fernando-pires-arthur-delgado-alexandre-stefani-e-maria-antonieta-natal-sesc-santo-andre-sp\/<\/span><\/p><p><span style=\"font-size: 15px;\">O projeto dos arquitetos Tito L\u00edvio e Vasco de Melo data de 1991, e responde a um programa de par\u00e2metros detalhados e aprimorados dentro da filosofia de trabalho do Sesc. \u201cA partir disso, tivemos liberdade de express\u00e3o espacial e formal\u201d, diz L\u00edvio.\u00a0<\/span><span style=\"font-family: Roboto, sans-serif; font-size: 15px; font-style: normal; font-weight: 300;\">O projeto paisagismo da arquiteta Am\u00e9lia Bratke.<\/span><\/p><p>Predominam linhas retas no exterior e onduladas no interior, com muito branco e cinza claro. Uma constante, contudo, pode ser mencionada. No interior, janelas em forma de escotilhas. Por fora, acima do pergolado met\u00e1lico que d\u00e1 acesso \u00e0s piscinas, um prolongamento externo em concreto da \u00e1rea do teatro, semelhante \u00e0 proa de um barco. \u201cN\u00e3o houve inten\u00e7\u00e3o de formar um navio. A boa arquitetura n\u00e3o copia formas nem elementos da natureza\u201d, afirma L\u00edvio.<\/p><p>Chama a aten\u00e7\u00e3o a permeabilidade visual, explorada no interior com a luz natural fluindo entre caixarias e nos v\u00e3os livres, muito utilizados, bem como colunas de sustenta\u00e7\u00e3o em concreto de formas arredondadas.<\/p><p>O desenho do piso \u00e9 do pr\u00f3prio L\u00edvio, em placas pr\u00e9-moldadas de alta resist\u00eancia. O acabamento das paredes internas \u00e9 em granito lavado fulget, com cascatas nos corredores. A solu\u00e7\u00e3o mista que d\u00e1 unidade \u00e0 obra \u00e9 embasamento de concreto e metal nas coberturas, pisos superiores e mezaninos. Um arco com tr\u00eas mastros de metal \u2013 cobertura das quadras ao lado da \u00e1rea das piscinas \u2013 \u00e9 a \u00fanica estrutura totalmente met\u00e1lica do conjunto. Fonte:\u00a0https:\/\/www.dgabc.com.br\/Noticia\/143411\/predio-do-sesc-santo-andre-e-belo-e-funcional<\/p>\t\t\t\t\t<\/div>\n\t\t\t\t\t\t<\/div>\n\t\t\t\t<\/div>\n\t\t\t\t\t\t<\/div>\n\t\t\t\t\t<\/div>\n\t\t<\/div>\n\t\t\t\t\t\t\t\t<\/div>\n\t\t\t\t\t<\/div>\n\t\t<\/section>\n\t\t\t\t<section class=\"elementor-section elementor-top-section elementor-element elementor-element-bfde66a elementor-section-boxed elementor-section-height-default elementor-section-height-default\" data-id=\"bfde66a\" data-element_type=\"section\">\n\t\t\t\t\t\t<div class=\"elementor-container elementor-column-gap-default\">\n\t\t\t\t\t\t\t<div class=\"elementor-row\">\n\t\t\t\t\t<div class=\"elementor-column elementor-col-33 elementor-top-column elementor-element elementor-element-4a5cc87\" data-id=\"4a5cc87\" data-element_type=\"column\">\n\t\t\t<div class=\"elementor-column-wrap elementor-element-populated\">\n\t\t\t\t\t\t\t<div class=\"elementor-widget-wrap\">\n\t\t\t\t\t\t<div class=\"elementor-element elementor-element-4b4e557 elementor-widget elementor-widget-image\" data-id=\"4b4e557\" data-element_type=\"widget\" data-widget_type=\"image.default\">\n\t\t\t\t<div class=\"elementor-widget-container\">\n\t\t\t\t\t\t\t\t<div class=\"elementor-image\">\n\t\t\t\t\t\t\t\t\t\t\t\t<img width=\"439\" height=\"580\" src=\"https:\/\/www3.santoandre.sp.gov.br\/turismosantoandre\/wp-content\/uploads\/2020\/02\/Painel-CaixaElevador-SESC-StoAndre-SP1.jpg\" class=\"attachment-large size-large\" alt=\"\" loading=\"lazy\" srcset=\"https:\/\/www3.santoandre.sp.gov.br\/turismosantoandre\/wp-content\/uploads\/2020\/02\/Painel-CaixaElevador-SESC-StoAndre-SP1.jpg 439w, https:\/\/www3.santoandre.sp.gov.br\/turismosantoandre\/wp-content\/uploads\/2020\/02\/Painel-CaixaElevador-SESC-StoAndre-SP1-227x300.jpg 227w\" sizes=\"(max-width: 439px) 100vw, 439px\" \/>\t\t\t\t\t\t\t\t\t\t\t\t\t\t<\/div>\n\t\t\t\t\t\t<\/div>\n\t\t\t\t<\/div>\n\t\t\t\t\t\t<\/div>\n\t\t\t\t\t<\/div>\n\t\t<\/div>\n\t\t\t\t<div class=\"elementor-column elementor-col-66 elementor-top-column elementor-element elementor-element-baaffd7\" data-id=\"baaffd7\" data-element_type=\"column\">\n\t\t\t<div class=\"elementor-column-wrap elementor-element-populated\">\n\t\t\t\t\t\t\t<div class=\"elementor-widget-wrap\">\n\t\t\t\t\t\t<div class=\"elementor-element elementor-element-17787bc elementor-widget elementor-widget-text-editor\" data-id=\"17787bc\" data-element_type=\"widget\" data-widget_type=\"text-editor.default\">\n\t\t\t\t<div class=\"elementor-widget-container\">\n\t\t\t\t\t\t\t\t<div class=\"elementor-text-editor elementor-clearfix\">\n\t\t\t\t<h4>Painel Elevador\u00a0<a href=\"https:\/\/sacilotto.com.br\/obra\/grandes-dimensoes\/\">Luiz Sacilotto<\/a><\/h4><p>O primeiro painel foi executado na \u00e1rea interior do SESC Santo Andr\u00e9, projeto arquitet\u00f4nico, conclu\u00eddo em 2002. Diferindo dos demais exemplos, \u00e9 uma grande obra pict\u00f3rica, pois trata-se de pintura\u00a0sobre parede, situada sobre caixa dos elevadores, causando um impacto de ilus\u00e3o\u00a0\u00f3tica. Fonte: Jacques Jaison, 2017.<\/p>\t\t\t\t\t<\/div>\n\t\t\t\t\t\t<\/div>\n\t\t\t\t<\/div>\n\t\t\t\t\t\t<\/div>\n\t\t\t\t\t<\/div>\n\t\t<\/div>\n\t\t\t\t\t\t\t\t<\/div>\n\t\t\t\t\t<\/div>\n\t\t<\/section>\n\t\t\t\t\t\t\t\t\t<\/div>\n\t\t\t<\/div>\n\t\t\t\t\t<\/div>\n\t\t","protected":false},"excerpt":{"rendered":"<p>O edif\u00edcio do Sesc em Santo Andr\u00e9, na Grande S\u00e3o Paulo, inaugurado no in\u00edcio de mar\u00e7o, foi projetado pelos arquitetos Tito L\u00edvio Frascino, Vasco de<\/p>\n","protected":false},"author":1,"featured_media":6640,"parent":0,"menu_order":0,"comment_status":"closed","ping_status":"closed","template":"","meta":{"spay_email":""},"uagb_featured_image_src":{"full":["https:\/\/www3.santoandre.sp.gov.br\/turismosantoandre\/wp-content\/uploads\/2021\/03\/Circuito-de-arte.jpg",851,746,false],"thumbnail":["https:\/\/www3.santoandre.sp.gov.br\/turismosantoandre\/wp-content\/uploads\/2021\/03\/Circuito-de-arte-150x150.jpg",150,150,true],"medium":["https:\/\/www3.santoandre.sp.gov.br\/turismosantoandre\/wp-content\/uploads\/2021\/03\/Circuito-de-arte-300x263.jpg",300,263,true],"medium_large":["https:\/\/www3.santoandre.sp.gov.br\/turismosantoandre\/wp-content\/uploads\/2021\/03\/Circuito-de-arte-768x673.jpg",768,673,true],"large":["https:\/\/www3.santoandre.sp.gov.br\/turismosantoandre\/wp-content\/uploads\/2021\/03\/Circuito-de-arte.jpg",783,686,false],"1536x1536":["https:\/\/www3.santoandre.sp.gov.br\/turismosantoandre\/wp-content\/uploads\/2021\/03\/Circuito-de-arte.jpg",851,746,false],"2048x2048":["https:\/\/www3.santoandre.sp.gov.br\/turismosantoandre\/wp-content\/uploads\/2021\/03\/Circuito-de-arte.jpg",851,746,false],"himalayas-featured-post":["https:\/\/www3.santoandre.sp.gov.br\/turismosantoandre\/wp-content\/uploads\/2021\/03\/Circuito-de-arte-781x512.jpg",781,512,true],"himalayas-portfolio-image":["https:\/\/www3.santoandre.sp.gov.br\/turismosantoandre\/wp-content\/uploads\/2021\/03\/Circuito-de-arte-400x350.jpg",400,350,true],"himalayas-featured-image":["https:\/\/www3.santoandre.sp.gov.br\/turismosantoandre\/wp-content\/uploads\/2021\/03\/Circuito-de-arte-319x142.jpg",319,142,true],"himalayas-services":["https:\/\/www3.santoandre.sp.gov.br\/turismosantoandre\/wp-content\/uploads\/2021\/03\/Circuito-de-arte-470x280.jpg",470,280,true]},"uagb_author_info":{"display_name":"Admin","author_link":"https:\/\/www3.santoandre.sp.gov.br\/turismosantoandre\/author\/admtur\/"},"uagb_comment_info":0,"uagb_excerpt":"O edif\u00edcio do Sesc em Santo Andr\u00e9, na Grande S\u00e3o Paulo, inaugurado no in\u00edcio de mar\u00e7o, foi projetado pelos arquitetos Tito L\u00edvio Frascino, Vasco de","_links":{"self":[{"href":"https:\/\/www3.santoandre.sp.gov.br\/turismosantoandre\/wp-json\/wp\/v2\/pages\/8470"}],"collection":[{"href":"https:\/\/www3.santoandre.sp.gov.br\/turismosantoandre\/wp-json\/wp\/v2\/pages"}],"about":[{"href":"https:\/\/www3.santoandre.sp.gov.br\/turismosantoandre\/wp-json\/wp\/v2\/types\/page"}],"author":[{"embeddable":true,"href":"https:\/\/www3.santoandre.sp.gov.br\/turismosantoandre\/wp-json\/wp\/v2\/users\/1"}],"replies":[{"embeddable":true,"href":"https:\/\/www3.santoandre.sp.gov.br\/turismosantoandre\/wp-json\/wp\/v2\/comments?post=8470"}],"version-history":[{"count":17,"href":"https:\/\/www3.santoandre.sp.gov.br\/turismosantoandre\/wp-json\/wp\/v2\/pages\/8470\/revisions"}],"predecessor-version":[{"id":8488,"href":"https:\/\/www3.santoandre.sp.gov.br\/turismosantoandre\/wp-json\/wp\/v2\/pages\/8470\/revisions\/8488"}],"wp:featuredmedia":[{"embeddable":true,"href":"https:\/\/www3.santoandre.sp.gov.br\/turismosantoandre\/wp-json\/wp\/v2\/media\/6640"}],"wp:attachment":[{"href":"https:\/\/www3.santoandre.sp.gov.br\/turismosantoandre\/wp-json\/wp\/v2\/media?parent=8470"}],"curies":[{"name":"wp","href":"https:\/\/api.w.org\/{rel}","templated":true}]}}