{"id":1797,"date":"2019-09-11T16:24:13","date_gmt":"2019-09-11T19:24:13","guid":{"rendered":"https:\/\/www3.santoandre.sp.gov.br\/turismosantoandre\/?page_id=1797"},"modified":"2024-02-06T14:54:23","modified_gmt":"2024-02-06T17:54:23","slug":"parquedopedroso","status":"publish","type":"page","link":"https:\/\/www3.santoandre.sp.gov.br\/turismosantoandre\/parquedopedroso\/","title":{"rendered":"Parque Natural Municipal do Pedroso"},"content":{"rendered":"\t\t<div data-elementor-type=\"wp-post\" data-elementor-id=\"1797\" class=\"elementor elementor-1797\">\n\t\t\t\t\t\t<div class=\"elementor-inner\">\n\t\t\t\t<div class=\"elementor-section-wrap\">\n\t\t\t\t\t\t\t\t\t<section class=\"elementor-section elementor-top-section elementor-element elementor-element-a1eaa1a elementor-section-boxed elementor-section-height-default elementor-section-height-default\" data-id=\"a1eaa1a\" data-element_type=\"section\">\n\t\t\t\t\t\t<div class=\"elementor-container elementor-column-gap-default\">\n\t\t\t\t\t\t\t<div class=\"elementor-row\">\n\t\t\t\t\t<div class=\"elementor-column elementor-col-100 elementor-top-column elementor-element elementor-element-22ad512\" data-id=\"22ad512\" data-element_type=\"column\">\n\t\t\t<div class=\"elementor-column-wrap elementor-element-populated\">\n\t\t\t\t\t\t\t<div class=\"elementor-widget-wrap\">\n\t\t\t\t\t\t<div class=\"elementor-element elementor-element-3427fb6 elementor-arrows-position-inside elementor-widget elementor-widget-image-carousel\" data-id=\"3427fb6\" data-element_type=\"widget\" data-settings=\"{&quot;slides_to_show&quot;:&quot;1&quot;,&quot;navigation&quot;:&quot;arrows&quot;,&quot;autoplay&quot;:&quot;yes&quot;,&quot;pause_on_hover&quot;:&quot;yes&quot;,&quot;pause_on_interaction&quot;:&quot;yes&quot;,&quot;autoplay_speed&quot;:5000,&quot;infinite&quot;:&quot;yes&quot;,&quot;effect&quot;:&quot;slide&quot;,&quot;speed&quot;:500}\" data-widget_type=\"image-carousel.default\">\n\t\t\t\t<div class=\"elementor-widget-container\">\n\t\t\t\t\t<div class=\"elementor-image-carousel-wrapper swiper-container\" dir=\"ltr\">\n\t\t\t<div class=\"elementor-image-carousel swiper-wrapper\">\n\t\t\t\t\t\t\t\t<div class=\"swiper-slide\"><figure class=\"swiper-slide-inner\"><img class=\"swiper-slide-image\" src=\"https:\/\/www3.santoandre.sp.gov.br\/turismosantoandre\/wp-content\/uploads\/2019\/12\/pedroso-768x503.jpg\" alt=\"pedroso\" \/><\/figure><\/div><div class=\"swiper-slide\"><figure class=\"swiper-slide-inner\"><img class=\"swiper-slide-image\" src=\"https:\/\/www3.santoandre.sp.gov.br\/turismosantoandre\/wp-content\/uploads\/2019\/08\/35536687150_4d1b870714_b-768x513.jpg\" alt=\"35536687150_4d1b870714_b\" \/><\/figure><\/div>\t\t\t<\/div>\n\t\t\t\t\t\t\t\t\t\t\t\t\t\t\t\t<div class=\"elementor-swiper-button elementor-swiper-button-prev\">\n\t\t\t\t\t\t<i aria-hidden=\"true\" class=\"eicon-chevron-left\"><\/i>\t\t\t\t\t\t<span class=\"elementor-screen-only\">Anterior<\/span>\n\t\t\t\t\t<\/div>\n\t\t\t\t\t<div class=\"elementor-swiper-button elementor-swiper-button-next\">\n\t\t\t\t\t\t<i aria-hidden=\"true\" class=\"eicon-chevron-right\"><\/i>\t\t\t\t\t\t<span class=\"elementor-screen-only\">Pr\u00f3ximo<\/span>\n\t\t\t\t\t<\/div>\n\t\t\t\t\t\t\t\t\t<\/div>\n\t\t\t\t<\/div>\n\t\t\t\t<\/div>\n\t\t\t\t\t\t<\/div>\n\t\t\t\t\t<\/div>\n\t\t<\/div>\n\t\t\t\t\t\t\t\t<\/div>\n\t\t\t\t\t<\/div>\n\t\t<\/section>\n\t\t\t\t<section class=\"elementor-section elementor-top-section elementor-element elementor-element-7958101 elementor-section-boxed elementor-section-height-default elementor-section-height-default\" data-id=\"7958101\" data-element_type=\"section\">\n\t\t\t\t\t\t<div class=\"elementor-container elementor-column-gap-default\">\n\t\t\t\t\t\t\t<div class=\"elementor-row\">\n\t\t\t\t\t<div class=\"elementor-column elementor-col-100 elementor-top-column elementor-element elementor-element-badc424\" data-id=\"badc424\" data-element_type=\"column\">\n\t\t\t<div class=\"elementor-column-wrap elementor-element-populated\">\n\t\t\t\t\t\t\t<div class=\"elementor-widget-wrap\">\n\t\t\t\t\t\t<div class=\"elementor-element elementor-element-bb6430f elementor-widget elementor-widget-text-editor\" data-id=\"bb6430f\" data-element_type=\"widget\" data-widget_type=\"text-editor.default\">\n\t\t\t\t<div class=\"elementor-widget-container\">\n\t\t\t\t\t\t\t\t<div class=\"elementor-text-editor elementor-clearfix\">\n\t\t\t\t<p>O Parque do Pedroso \u00e9 a maior reserva natural do Grande ABC com paisagem predominante de Mata Atl\u00e2ntica, integrando-se \u00e0 Bacia Hidrogr\u00e1fica da Billings e protegida pela \u201cLei de Prote\u00e7\u00e3o aos Mananciais\u201d, onde h\u00e1 preserva\u00e7\u00e3o permanente das nascentes, rios e matas.\u00a06% (10,2 milh\u00f5es de litros de \u00e1gua) v\u00eam do Sistema Pedroso, que faz a capta\u00e7\u00e3o da \u00e1gua na represa do Parque Pedroso e o tratamento na Esta\u00e7\u00e3o de Tratamento de \u00c1gua do Guarar\u00e1, no munic\u00edpio de Santo Andr\u00e9.<\/p><p>A vegeta\u00e7\u00e3o \u00e9 composta predominantemente por matas secund\u00e1rias (floresta tropical \u00famida de altitude). Apresenta fragmentos conservados principalmente nas vertentes da Serra do Mar, no Parque do Pedroso e nas nascentes dos rios Grande e Pequeno.\u00a0<span style=\"font-size: 15px;\">A vegeta\u00e7\u00e3o se mostra alterada em outros setores, como por exemplo, na \u00e1rea que foi afetada pela polui\u00e7\u00e3o de Cubat\u00e3o junto \u00e0 Vila Paranapiacaba (Vale do Rio Mogi) e nas \u00e1reas ocupadas por loteamentos como no Parque Represa Billings, Parque Miami ou Jardim Riviera (Diagn\u00f3stico do Uso e Ocupa\u00e7\u00e3o do Solo de Santo Andr\u00e9, 1998, PSA).<\/span><\/p><p>No conjunto de parques p\u00fablicos da Regi\u00e3o Metropolitana de S\u00e3o Paulo, o Pedroso se destaca pelo porte\u00a0 e pelo seu car\u00e1ter de Unidade de Conserva\u00e7\u00e3o integrante da Reserva da Biosfera e tamb\u00e9m da \u00c1rea de Prote\u00e7\u00e3o e Recupera\u00e7\u00e3o de Mananciais da bacia Hidrogr\u00e1fica Billings-Tamanduate\u00ed.<\/p><p>Conex\u00e3o com o Parque Estadual da Serra do Mar \u2013 Maior espa\u00e7o protegido de Santo Andr\u00e9, ele \u00e9 formado por maci\u00e7o vegetal cont\u00ednuo de Mata Atl\u00e2ntica que forma uma barreira entre a \u00e1rea urbana e o espelho d\u2019\u00e1gua da represa Billings, fazendo divisa com os munic\u00edpios de S\u00e3o Bernardo do Campo a sudoeste e Mau\u00e1 a nordeste, com a \u00e1rea urbanizada de Santo Andr\u00e9, ao norte e com o bairro Parque Miami, ao sul. Tem relevante import\u00e2ncia para a conserva\u00e7\u00e3o da Mata Atl\u00e2ntica, pois faz a conex\u00e3o com o Parque Estadual da Serra do Mar.<\/p><p>\u00c1gua \u2013 Ele tamb\u00e9m apresenta uma rede h\u00eddrica importante. A microbacia do c\u00f3rrego Pedroso fica totalmente dentro do parque, com 33 nascentes e 15 lagos. No local \u00e9 feita a capta\u00e7\u00e3o para o tratamento e distribui\u00e7\u00e3o de suas \u00e1guas para 6% da popula\u00e7\u00e3o de Santo Andr\u00e9, o que representa quantidade na ordem de 6,8 milh\u00f5es de litros d\u2019\u00e1gua por dia.<\/p><p><span style=\"font-size: 15px;\"><a href=\"https:\/\/culturaz.santoandre.sp.gov.br\/espaco\/204\/\">Hist\u00f3ria<\/a> \u2013 A \u00e1rea pertenceu \u00e0 fam\u00edlia Pedroso. Explorada para a produ\u00e7\u00e3o de carv\u00e3o vegetal, foi fragmentada em v\u00e1rios propriet\u00e1rios e, desde antes da d\u00e9cada 40 do s\u00e9culo passado, \u00e9 utilizada para a capta\u00e7\u00e3o e abastecimento de \u00e1gua.<\/span><\/p><p>No in\u00edcio da d\u00e9cada de 1970, a \u00e1rea foi aberta ao p\u00fablico, quando para l\u00e1 foi transferida a Capela de Santa Cruz, constru\u00edda pelos antigos lenhadores da regi\u00e3o. Em 1979, houve mudan\u00e7a na denomina\u00e7\u00e3o do local, que passou a chamar-se Parque Regional e Jardim Bot\u00e2nico do Pedroso. Na \u00e9poca foram constru\u00eddos quiosques com churrasqueiras, quadras esportivas e instalados equipamentos para recrea\u00e7\u00e3o infantil e sanit\u00e1rios.<\/p><p><strong>Importante: em caso de algumas atividades espec\u00edficas, \u00e9 necess\u00e1rio autoriza\u00e7\u00e3o pr\u00e9via por se tratar de Unidade de Conserva\u00e7\u00e3o.<\/strong><\/p>\t\t\t\t\t<\/div>\n\t\t\t\t\t\t<\/div>\n\t\t\t\t<\/div>\n\t\t\t\t\t\t<\/div>\n\t\t\t\t\t<\/div>\n\t\t<\/div>\n\t\t\t\t\t\t\t\t<\/div>\n\t\t\t\t\t<\/div>\n\t\t<\/section>\n\t\t\t\t<section class=\"elementor-section elementor-top-section elementor-element elementor-element-99203d0 elementor-section-boxed elementor-section-height-default elementor-section-height-default\" data-id=\"99203d0\" data-element_type=\"section\">\n\t\t\t\t\t\t<div class=\"elementor-container elementor-column-gap-default\">\n\t\t\t\t\t\t\t<div class=\"elementor-row\">\n\t\t\t\t\t<div class=\"elementor-column elementor-col-50 elementor-top-column elementor-element elementor-element-826e7ac\" data-id=\"826e7ac\" data-element_type=\"column\">\n\t\t\t<div class=\"elementor-column-wrap elementor-element-populated\">\n\t\t\t\t\t\t\t<div class=\"elementor-widget-wrap\">\n\t\t\t\t\t\t<div class=\"elementor-element elementor-element-9118b72 elementor-widget elementor-widget-google_maps\" data-id=\"9118b72\" data-element_type=\"widget\" data-widget_type=\"google_maps.default\">\n\t\t\t\t<div class=\"elementor-widget-container\">\n\t\t\t\t\t<div class=\"elementor-custom-embed\">\n\t\t\t<iframe frameborder=\"0\" scrolling=\"no\" marginheight=\"0\" marginwidth=\"0\"\n\t\t\t\t\tsrc=\"https:\/\/maps.google.com\/maps?q=Estrada%20do%20Pedroso%2C%203000%20-%20Parque%20Miami%2C%20santo%20andre%20&#038;t=m&#038;z=13&#038;output=embed&#038;iwloc=near\"\n\t\t\t\t\ttitle=\"Estrada do Pedroso, 3000 - Parque Miami, santo andre \"\n\t\t\t\t\taria-label=\"Estrada do Pedroso, 3000 - Parque Miami, santo andre \"\n\t\t\t><\/iframe>\n\t\t<\/div>\n\t\t\t\t<\/div>\n\t\t\t\t<\/div>\n\t\t\t\t\t\t<\/div>\n\t\t\t\t\t<\/div>\n\t\t<\/div>\n\t\t\t\t<div class=\"elementor-column elementor-col-50 elementor-top-column elementor-element elementor-element-9b88128\" data-id=\"9b88128\" data-element_type=\"column\">\n\t\t\t<div class=\"elementor-column-wrap elementor-element-populated\">\n\t\t\t\t\t\t\t<div class=\"elementor-widget-wrap\">\n\t\t\t\t\t\t<div class=\"elementor-element elementor-element-8af71f0 elementor-widget elementor-widget-text-editor\" data-id=\"8af71f0\" data-element_type=\"widget\" data-widget_type=\"text-editor.default\">\n\t\t\t\t<div class=\"elementor-widget-container\">\n\t\t\t\t\t\t\t\t<div class=\"elementor-text-editor elementor-clearfix\">\n\t\t\t\t<p><span style=\"font-family: Arial, sans-serif; font-size: 11pt;\">Estrada do Pedroso, 3000 &#8211; Parque Miami<\/span><\/p><p><span style=\"font-family: Arial, sans-serif; font-size: 11pt;\">Hor\u00e1rio de Funcionamento:<br \/><\/span><span style=\"font-family: Arial, sans-serif; font-size: 11pt;\">Todos os dias, das 7h \u00e0s 17h.<\/span><\/p><p><span style=\"font-family: Arial, sans-serif; font-size: 11pt;\">Entrada: Gratuita | Info: <strong><a href=\"tel:551144339065\">(11) 4433-9036<\/a><\/strong><\/span><\/p><p>\u00a0<\/p>\t\t\t\t\t<\/div>\n\t\t\t\t\t\t<\/div>\n\t\t\t\t<\/div>\n\t\t\t\t\t\t<\/div>\n\t\t\t\t\t<\/div>\n\t\t<\/div>\n\t\t\t\t\t\t\t\t<\/div>\n\t\t\t\t\t<\/div>\n\t\t<\/section>\n\t\t\t\t\t\t\t\t\t<\/div>\n\t\t\t<\/div>\n\t\t\t\t\t<\/div>\n\t\t","protected":false},"excerpt":{"rendered":"<p>Anterior Pr\u00f3ximo O Parque do Pedroso \u00e9 a maior reserva natural do Grande ABC com paisagem predominante de Mata Atl\u00e2ntica, integrando-se \u00e0 Bacia Hidrogr\u00e1fica da<\/p>\n","protected":false},"author":11,"featured_media":333,"parent":0,"menu_order":0,"comment_status":"closed","ping_status":"closed","template":"","meta":{"spay_email":""},"uagb_featured_image_src":{"full":["https:\/\/www3.santoandre.sp.gov.br\/turismosantoandre\/wp-content\/uploads\/2019\/08\/35536687150_4d1b870714_b.jpg",1024,684,false],"thumbnail":["https:\/\/www3.santoandre.sp.gov.br\/turismosantoandre\/wp-content\/uploads\/2019\/08\/35536687150_4d1b870714_b-150x150.jpg",150,150,true],"medium":["https:\/\/www3.santoandre.sp.gov.br\/turismosantoandre\/wp-content\/uploads\/2019\/08\/35536687150_4d1b870714_b-300x200.jpg",300,200,true],"medium_large":["https:\/\/www3.santoandre.sp.gov.br\/turismosantoandre\/wp-content\/uploads\/2019\/08\/35536687150_4d1b870714_b-768x513.jpg",768,513,true],"large":["https:\/\/www3.santoandre.sp.gov.br\/turismosantoandre\/wp-content\/uploads\/2019\/08\/35536687150_4d1b870714_b-1024x684.jpg",783,523,true],"1536x1536":["https:\/\/www3.santoandre.sp.gov.br\/turismosantoandre\/wp-content\/uploads\/2019\/08\/35536687150_4d1b870714_b.jpg",1024,684,false],"2048x2048":["https:\/\/www3.santoandre.sp.gov.br\/turismosantoandre\/wp-content\/uploads\/2019\/08\/35536687150_4d1b870714_b.jpg",1024,684,false],"himalayas-featured-post":["https:\/\/www3.santoandre.sp.gov.br\/turismosantoandre\/wp-content\/uploads\/2019\/08\/35536687150_4d1b870714_b-781x512.jpg",781,512,true],"himalayas-portfolio-image":["https:\/\/www3.santoandre.sp.gov.br\/turismosantoandre\/wp-content\/uploads\/2019\/08\/35536687150_4d1b870714_b-400x350.jpg",400,350,true],"himalayas-featured-image":["https:\/\/www3.santoandre.sp.gov.br\/turismosantoandre\/wp-content\/uploads\/2019\/08\/35536687150_4d1b870714_b-319x142.jpg",319,142,true],"himalayas-services":["https:\/\/www3.santoandre.sp.gov.br\/turismosantoandre\/wp-content\/uploads\/2019\/08\/35536687150_4d1b870714_b-470x280.jpg",470,280,true]},"uagb_author_info":{"display_name":"Turismo Santo Andr\u00e9","author_link":"https:\/\/www3.santoandre.sp.gov.br\/turismosantoandre\/author\/turismo-santo-andre\/"},"uagb_comment_info":0,"uagb_excerpt":"Anterior Pr\u00f3ximo O Parque do Pedroso \u00e9 a maior reserva natural do Grande ABC com paisagem predominante de Mata Atl\u00e2ntica, integrando-se \u00e0 Bacia Hidrogr\u00e1fica da","_links":{"self":[{"href":"https:\/\/www3.santoandre.sp.gov.br\/turismosantoandre\/wp-json\/wp\/v2\/pages\/1797"}],"collection":[{"href":"https:\/\/www3.santoandre.sp.gov.br\/turismosantoandre\/wp-json\/wp\/v2\/pages"}],"about":[{"href":"https:\/\/www3.santoandre.sp.gov.br\/turismosantoandre\/wp-json\/wp\/v2\/types\/page"}],"author":[{"embeddable":true,"href":"https:\/\/www3.santoandre.sp.gov.br\/turismosantoandre\/wp-json\/wp\/v2\/users\/11"}],"replies":[{"embeddable":true,"href":"https:\/\/www3.santoandre.sp.gov.br\/turismosantoandre\/wp-json\/wp\/v2\/comments?post=1797"}],"version-history":[{"count":33,"href":"https:\/\/www3.santoandre.sp.gov.br\/turismosantoandre\/wp-json\/wp\/v2\/pages\/1797\/revisions"}],"predecessor-version":[{"id":19232,"href":"https:\/\/www3.santoandre.sp.gov.br\/turismosantoandre\/wp-json\/wp\/v2\/pages\/1797\/revisions\/19232"}],"wp:featuredmedia":[{"embeddable":true,"href":"https:\/\/www3.santoandre.sp.gov.br\/turismosantoandre\/wp-json\/wp\/v2\/media\/333"}],"wp:attachment":[{"href":"https:\/\/www3.santoandre.sp.gov.br\/turismosantoandre\/wp-json\/wp\/v2\/media?parent=1797"}],"curies":[{"name":"wp","href":"https:\/\/api.w.org\/{rel}","templated":true}]}}