{"id":1619,"date":"2019-09-09T14:02:22","date_gmt":"2019-09-09T17:02:22","guid":{"rendered":"https:\/\/www3.santoandre.sp.gov.br\/turismosantoandre\/?page_id=1619"},"modified":"2023-12-26T15:52:13","modified_gmt":"2023-12-26T18:52:13","slug":"senai","status":"publish","type":"page","link":"https:\/\/www3.santoandre.sp.gov.br\/turismosantoandre\/senai\/","title":{"rendered":"SENAI"},"content":{"rendered":"\t\t<div data-elementor-type=\"wp-post\" data-elementor-id=\"1619\" class=\"elementor elementor-1619\">\n\t\t\t\t\t\t<div class=\"elementor-inner\">\n\t\t\t\t<div class=\"elementor-section-wrap\">\n\t\t\t\t\t\t\t\t\t<section class=\"elementor-section elementor-top-section elementor-element elementor-element-ce3f1ac elementor-section-boxed elementor-section-height-default elementor-section-height-default\" data-id=\"ce3f1ac\" data-element_type=\"section\">\n\t\t\t\t\t\t<div class=\"elementor-container elementor-column-gap-default\">\n\t\t\t\t\t\t\t<div class=\"elementor-row\">\n\t\t\t\t\t<div class=\"elementor-column elementor-col-100 elementor-top-column elementor-element elementor-element-aee0f48\" data-id=\"aee0f48\" data-element_type=\"column\">\n\t\t\t<div class=\"elementor-column-wrap elementor-element-populated\">\n\t\t\t\t\t\t\t<div class=\"elementor-widget-wrap\">\n\t\t\t\t\t\t<div class=\"elementor-element elementor-element-31ba172 elementor-widget elementor-widget-text-editor\" data-id=\"31ba172\" data-element_type=\"widget\" data-widget_type=\"text-editor.default\">\n\t\t\t\t<div class=\"elementor-widget-container\">\n\t\t\t\t\t\t\t\t<div class=\"elementor-text-editor elementor-clearfix\">\n\t\t\t\t<p>A <strong><a href=\"https:\/\/santoandre.sp.senai.br\/\">Escola SENAI de Santo Andr\u00e9<\/a> <\/strong>desenvolve, em suas depend\u00eancias, Cursos de Aprendizagem Industrial nas modalidades Eletricista de Manuten\u00e7\u00e3o, Mec\u00e2nico de Usinagem, Ferramenteiro de Corte, Dobra e Repuxo (por compet\u00eancia). Tamb\u00e9m desenvolve o Curso T\u00e9cnico de Eletroeletr\u00f4nica, modularizado, com as seguintes qualifica\u00e7\u00f5es intermedi\u00e1rias: Mantenedor de Sistemas Eletroeletr\u00f4nicos e Mantenedor, Instalador e Reparador de Sistemas Eletroeletr\u00f4nicos.<\/p><p>Os cursos de Forma\u00e7\u00e3o Continuada caracterizam-se como forma\u00e7\u00e3o para o trabalho nas formas de qualifica\u00e7\u00e3o, aperfei\u00e7oamento ou especializa\u00e7\u00e3o profissional de adultos, podendo relacionar-se a quaisquer n\u00edveis da educa\u00e7\u00e3o profissional.<\/p><p>Para o desenvolvimento de suas atividades educacionais a Unidade conta com um conjunto de recursos composto por laborat\u00f3rios, oficinas e salas de aula equipadas e em condi\u00e7\u00f5es de proporcionar o alcance dos perfis profissionais estabelecidos nos planos de curso e nos objetivos propostos nas fichas de produto de seus programas de Educa\u00e7\u00e3o Profissional. Dentre os recursos dispon\u00edveis podemos destacar:<\/p><p><strong>Laborat\u00f3rios<\/strong><br \/>\u00b7 Microcontroladores;<br \/>\u00b7 CLP (Controladores L\u00f3gicos Program\u00e1veis);<br \/>\u00b7 Comandos El\u00e9tricos;<br \/>\u00b7 Eletr\u00f4nica Digital;<br \/>\u00b7 Eletr\u00f4nica Anal\u00f3gica;<br \/>\u00b7 Instala\u00e7\u00f5es El\u00e9tricas;<br \/>\u00b7 M\u00e1quinas El\u00e9tricas;<br \/>\u00b7 Projetos Eletroeletr\u00f4nicos;<br \/>\u00b7 Hidr\u00e1ulica;<br \/>\u00b7 Pneum\u00e1tica;<br \/>\u00b7 Inform\u00e1tica;<br \/>\u00b7 Metrologia;<br \/>\u00b7 CNC (Comando Num\u00e9rico Computadorizado).<\/p><p><strong>Oficinas<\/strong><br \/>\u00b7 Mec\u00e2nica Geral;<br \/>\u00b7 Eletricidade;<br \/>\u00b7 Ferramentaria;<br \/>\u00b7 Serralharia;<br \/>\u00b7 Caldeiraria;<br \/>\u00b7 Soldagem.<\/p><p><strong>Salas de Aula<\/strong><br \/>\u00b7 Gerais;<br \/>\u00b7 Desenho;<br \/>\u00b7 Ci\u00eancias.<\/p><p><strong>Instala\u00e7\u00f5es de Apoio<\/strong><br \/>\u00b7 Secretaria<br \/>\u00b7 Almoxarifado;<br \/>\u00b7 Biblioteca Escolar;<br \/>\u00b7 Cantina Escolar;<br \/>\u00b7 Setor de Apoio ao Ensino;<br \/>\u00b7 Servi\u00e7o Social;<br \/>\u00b7 Refeit\u00f3rio;<br \/>\u00b7 Zeladoria.<\/p><p>A Unidade conta com um corpo docente, composto por Professores, Instrutores e T\u00e9cnico de Ensino, na sua grande maioria com forma\u00e7\u00e3o de n\u00edvel superior; dentre esses, alguns com cursos de p\u00f3s-gradua\u00e7\u00e3o. Para orientar e apoiar a a\u00e7\u00e3o docente a Unidade ainda conta com uma equipe T\u00e9cnico-Pedag\u00f3gica, composta por Coordenadores Pedag\u00f3gico e T\u00e9cnicos, Instrutores Orientadores, Assistente Social, Bibliotec\u00e1ria e Agente de Apoio ao Ensino.<\/p><p>A Secretaria oferece suporte administrativo ao corpo docente e \u00e0 equipe de apoio. Quanto a Zeladoria, esta supre as necessidades de servi\u00e7os de manuten\u00e7\u00e3o e conserva\u00e7\u00e3o do espa\u00e7o f\u00edsico da Unidade Escolar.<\/p>\t\t\t\t\t<\/div>\n\t\t\t\t\t\t<\/div>\n\t\t\t\t<\/div>\n\t\t\t\t\t\t<\/div>\n\t\t\t\t\t<\/div>\n\t\t<\/div>\n\t\t\t\t\t\t\t\t<\/div>\n\t\t\t\t\t<\/div>\n\t\t<\/section>\n\t\t\t\t<section class=\"elementor-section elementor-top-section elementor-element elementor-element-eb9a2cd elementor-section-boxed elementor-section-height-default elementor-section-height-default\" data-id=\"eb9a2cd\" data-element_type=\"section\">\n\t\t\t\t\t\t<div class=\"elementor-container elementor-column-gap-default\">\n\t\t\t\t\t\t\t<div class=\"elementor-row\">\n\t\t\t\t\t<div class=\"elementor-column elementor-col-50 elementor-top-column elementor-element elementor-element-cf25615\" data-id=\"cf25615\" data-element_type=\"column\">\n\t\t\t<div class=\"elementor-column-wrap elementor-element-populated\">\n\t\t\t\t\t\t\t<div class=\"elementor-widget-wrap\">\n\t\t\t\t\t\t<div class=\"elementor-element elementor-element-91a91ad elementor-widget elementor-widget-google_maps\" data-id=\"91a91ad\" data-element_type=\"widget\" data-widget_type=\"google_maps.default\">\n\t\t\t\t<div class=\"elementor-widget-container\">\n\t\t\t\t\t<div class=\"elementor-custom-embed\">\n\t\t\t<iframe frameborder=\"0\" scrolling=\"no\" marginheight=\"0\" marginwidth=\"0\"\n\t\t\t\t\tsrc=\"https:\/\/maps.google.com\/maps?q=%20Av.%20Santos%20Dumont%2C%20300%20-%20Ipiranguinha%2C%20Santo%20Andr%C3%A9%20-%20SP%2C%2009015-320%20&#038;t=m&#038;z=14&#038;output=embed&#038;iwloc=near\"\n\t\t\t\t\ttitle=\" Av. Santos Dumont, 300 - Ipiranguinha, Santo Andr\u00e9 - SP, 09015-320 \"\n\t\t\t\t\taria-label=\" Av. Santos Dumont, 300 - Ipiranguinha, Santo Andr\u00e9 - SP, 09015-320 \"\n\t\t\t><\/iframe>\n\t\t<\/div>\n\t\t\t\t<\/div>\n\t\t\t\t<\/div>\n\t\t\t\t\t\t<\/div>\n\t\t\t\t\t<\/div>\n\t\t<\/div>\n\t\t\t\t<div class=\"elementor-column elementor-col-50 elementor-top-column elementor-element elementor-element-4aa8609\" data-id=\"4aa8609\" data-element_type=\"column\">\n\t\t\t<div class=\"elementor-column-wrap elementor-element-populated\">\n\t\t\t\t\t\t\t<div class=\"elementor-widget-wrap\">\n\t\t\t\t\t\t<div class=\"elementor-element elementor-element-bb562cd elementor-widget elementor-widget-text-editor\" data-id=\"bb562cd\" data-element_type=\"widget\" data-widget_type=\"text-editor.default\">\n\t\t\t\t<div class=\"elementor-widget-container\">\n\t\t\t\t\t\t\t\t<div class=\"elementor-text-editor elementor-clearfix\">\n\t\t\t\t<p><span class=\"LrzXr\">Av. Santos Dumont, 300 &#8211; Ipiranguinha<\/span><\/p><p><span style=\"font-size: 15px;\">Hor\u00e1rio de Visitas e agendamento:\u00a0<br \/><a href=\"mailto:turismo@santoandre.sp.gov.br\"><b>turismo@santoandre.sp.gov.br<\/b><\/a><\/span><\/p><p><span style=\"font-size: 15px;\">Entrada: Gratuita |\u00a0<\/span><span style=\"font-size: 15px;\">Info: (11) 4433-0752\/0198<\/span><\/p>\t\t\t\t\t<\/div>\n\t\t\t\t\t\t<\/div>\n\t\t\t\t<\/div>\n\t\t\t\t\t\t<\/div>\n\t\t\t\t\t<\/div>\n\t\t<\/div>\n\t\t\t\t\t\t\t\t<\/div>\n\t\t\t\t\t<\/div>\n\t\t<\/section>\n\t\t\t\t<section class=\"elementor-section elementor-top-section elementor-element elementor-element-5f71baa elementor-section-boxed elementor-section-height-default elementor-section-height-default\" data-id=\"5f71baa\" data-element_type=\"section\">\n\t\t\t\t\t\t<div class=\"elementor-container elementor-column-gap-default\">\n\t\t\t\t\t\t\t<div class=\"elementor-row\">\n\t\t\t\t\t<div class=\"elementor-column elementor-col-100 elementor-top-column elementor-element elementor-element-53f9a7d\" data-id=\"53f9a7d\" data-element_type=\"column\">\n\t\t\t<div class=\"elementor-column-wrap elementor-element-populated\">\n\t\t\t\t\t\t\t<div class=\"elementor-widget-wrap\">\n\t\t\t\t\t\t<div class=\"elementor-element elementor-element-f9577fe elementor-aspect-ratio-169 elementor-widget elementor-widget-video\" data-id=\"f9577fe\" data-element_type=\"widget\" data-settings=\"{&quot;youtube_url&quot;:&quot;https:\\\/\\\/youtu.be\\\/xrK8VnKHDlM&quot;,&quot;video_type&quot;:&quot;youtube&quot;,&quot;controls&quot;:&quot;yes&quot;,&quot;aspect_ratio&quot;:&quot;169&quot;}\" data-widget_type=\"video.default\">\n\t\t\t\t<div class=\"elementor-widget-container\">\n\t\t\t\t\t<div class=\"elementor-wrapper elementor-fit-aspect-ratio elementor-open-inline\">\n\t\t\t<div class=\"elementor-video\"><\/div>\t\t<\/div>\n\t\t\t\t<\/div>\n\t\t\t\t<\/div>\n\t\t\t\t\t\t<\/div>\n\t\t\t\t\t<\/div>\n\t\t<\/div>\n\t\t\t\t\t\t\t\t<\/div>\n\t\t\t\t\t<\/div>\n\t\t<\/section>\n\t\t\t\t\t\t\t\t\t<\/div>\n\t\t\t<\/div>\n\t\t\t\t\t<\/div>\n\t\t","protected":false},"excerpt":{"rendered":"<p>A Escola SENAI de Santo Andr\u00e9 desenvolve, em suas depend\u00eancias, Cursos de Aprendizagem Industrial nas modalidades Eletricista de Manuten\u00e7\u00e3o, Mec\u00e2nico de Usinagem, Ferramenteiro de Corte,<\/p>\n","protected":false},"author":11,"featured_media":1601,"parent":0,"menu_order":0,"comment_status":"closed","ping_status":"closed","template":"","meta":{"spay_email":""},"uagb_featured_image_src":{"full":["https:\/\/www3.santoandre.sp.gov.br\/turismosantoandre\/wp-content\/uploads\/2019\/09\/Slide4.jpg",1279,832,false],"thumbnail":["https:\/\/www3.santoandre.sp.gov.br\/turismosantoandre\/wp-content\/uploads\/2019\/09\/Slide4-150x150.jpg",150,150,true],"medium":["https:\/\/www3.santoandre.sp.gov.br\/turismosantoandre\/wp-content\/uploads\/2019\/09\/Slide4-300x195.jpg",300,195,true],"medium_large":["https:\/\/www3.santoandre.sp.gov.br\/turismosantoandre\/wp-content\/uploads\/2019\/09\/Slide4-768x500.jpg",768,500,true],"large":["https:\/\/www3.santoandre.sp.gov.br\/turismosantoandre\/wp-content\/uploads\/2019\/09\/Slide4-1024x666.jpg",783,509,true],"1536x1536":["https:\/\/www3.santoandre.sp.gov.br\/turismosantoandre\/wp-content\/uploads\/2019\/09\/Slide4.jpg",1279,832,false],"2048x2048":["https:\/\/www3.santoandre.sp.gov.br\/turismosantoandre\/wp-content\/uploads\/2019\/09\/Slide4.jpg",1279,832,false],"himalayas-featured-post":["https:\/\/www3.santoandre.sp.gov.br\/turismosantoandre\/wp-content\/uploads\/2019\/09\/Slide4-781x512.jpg",781,512,true],"himalayas-portfolio-image":["https:\/\/www3.santoandre.sp.gov.br\/turismosantoandre\/wp-content\/uploads\/2019\/09\/Slide4-400x350.jpg",400,350,true],"himalayas-featured-image":["https:\/\/www3.santoandre.sp.gov.br\/turismosantoandre\/wp-content\/uploads\/2019\/09\/Slide4-319x142.jpg",319,142,true],"himalayas-services":["https:\/\/www3.santoandre.sp.gov.br\/turismosantoandre\/wp-content\/uploads\/2019\/09\/Slide4-470x280.jpg",470,280,true]},"uagb_author_info":{"display_name":"Turismo Santo Andr\u00e9","author_link":"https:\/\/www3.santoandre.sp.gov.br\/turismosantoandre\/author\/turismo-santo-andre\/"},"uagb_comment_info":0,"uagb_excerpt":"A Escola SENAI de Santo Andr\u00e9 desenvolve, em suas depend\u00eancias, Cursos de Aprendizagem Industrial nas modalidades Eletricista de Manuten\u00e7\u00e3o, Mec\u00e2nico de Usinagem, Ferramenteiro de Corte,","_links":{"self":[{"href":"https:\/\/www3.santoandre.sp.gov.br\/turismosantoandre\/wp-json\/wp\/v2\/pages\/1619"}],"collection":[{"href":"https:\/\/www3.santoandre.sp.gov.br\/turismosantoandre\/wp-json\/wp\/v2\/pages"}],"about":[{"href":"https:\/\/www3.santoandre.sp.gov.br\/turismosantoandre\/wp-json\/wp\/v2\/types\/page"}],"author":[{"embeddable":true,"href":"https:\/\/www3.santoandre.sp.gov.br\/turismosantoandre\/wp-json\/wp\/v2\/users\/11"}],"replies":[{"embeddable":true,"href":"https:\/\/www3.santoandre.sp.gov.br\/turismosantoandre\/wp-json\/wp\/v2\/comments?post=1619"}],"version-history":[{"count":21,"href":"https:\/\/www3.santoandre.sp.gov.br\/turismosantoandre\/wp-json\/wp\/v2\/pages\/1619\/revisions"}],"predecessor-version":[{"id":18560,"href":"https:\/\/www3.santoandre.sp.gov.br\/turismosantoandre\/wp-json\/wp\/v2\/pages\/1619\/revisions\/18560"}],"wp:featuredmedia":[{"embeddable":true,"href":"https:\/\/www3.santoandre.sp.gov.br\/turismosantoandre\/wp-json\/wp\/v2\/media\/1601"}],"wp:attachment":[{"href":"https:\/\/www3.santoandre.sp.gov.br\/turismosantoandre\/wp-json\/wp\/v2\/media?parent=1619"}],"curies":[{"name":"wp","href":"https:\/\/api.w.org\/{rel}","templated":true}]}}