{"id":1532,"date":"2019-09-09T10:05:16","date_gmt":"2019-09-09T13:05:16","guid":{"rendered":"https:\/\/www3.santoandre.sp.gov.br\/turismosantoandre\/?page_id=1532"},"modified":"2024-11-27T15:01:25","modified_gmt":"2024-11-27T18:01:25","slug":"unipar","status":"publish","type":"page","link":"https:\/\/www3.santoandre.sp.gov.br\/turismosantoandre\/unipar\/","title":{"rendered":"Unipar"},"content":{"rendered":"\t\t<div data-elementor-type=\"wp-post\" data-elementor-id=\"1532\" class=\"elementor elementor-1532\">\n\t\t\t\t\t\t<div class=\"elementor-inner\">\n\t\t\t\t<div class=\"elementor-section-wrap\">\n\t\t\t\t\t\t\t\t\t<section class=\"elementor-section elementor-top-section elementor-element elementor-element-3694d78 elementor-section-boxed elementor-section-height-default elementor-section-height-default\" data-id=\"3694d78\" data-element_type=\"section\">\n\t\t\t\t\t\t<div class=\"elementor-container elementor-column-gap-default\">\n\t\t\t\t\t\t\t<div class=\"elementor-row\">\n\t\t\t\t\t<div class=\"elementor-column elementor-col-100 elementor-top-column elementor-element elementor-element-1d75769\" data-id=\"1d75769\" data-element_type=\"column\">\n\t\t\t<div class=\"elementor-column-wrap elementor-element-populated\">\n\t\t\t\t\t\t\t<div class=\"elementor-widget-wrap\">\n\t\t\t\t\t\t<div class=\"elementor-element elementor-element-e881618 elementor-arrows-position-inside elementor-widget elementor-widget-image-carousel\" data-id=\"e881618\" data-element_type=\"widget\" data-settings=\"{&quot;slides_to_show&quot;:&quot;1&quot;,&quot;navigation&quot;:&quot;arrows&quot;,&quot;autoplay&quot;:&quot;yes&quot;,&quot;pause_on_hover&quot;:&quot;yes&quot;,&quot;pause_on_interaction&quot;:&quot;yes&quot;,&quot;autoplay_speed&quot;:5000,&quot;infinite&quot;:&quot;yes&quot;,&quot;effect&quot;:&quot;slide&quot;,&quot;speed&quot;:500}\" data-widget_type=\"image-carousel.default\">\n\t\t\t\t<div class=\"elementor-widget-container\">\n\t\t\t\t\t<div class=\"elementor-image-carousel-wrapper swiper-container\" dir=\"ltr\">\n\t\t\t<div class=\"elementor-image-carousel swiper-wrapper swiper-image-stretch\">\n\t\t\t\t\t\t\t\t<div class=\"swiper-slide\"><figure class=\"swiper-slide-inner\"><img class=\"swiper-slide-image\" src=\"https:\/\/www3.santoandre.sp.gov.br\/turismosantoandre\/wp-content\/uploads\/2019\/09\/Unipar-17-de-jan-4-768x511.jpg\" alt=\"Unipar 17 de jan (4)\" \/><\/figure><\/div><div class=\"swiper-slide\"><figure class=\"swiper-slide-inner\"><img class=\"swiper-slide-image\" src=\"https:\/\/www3.santoandre.sp.gov.br\/turismosantoandre\/wp-content\/uploads\/2024\/11\/Visita-a-Unipar-Semana-de-CTI-2024-6-768x576.jpg\" alt=\"Visita a Unipar Semana de CTI 2024 6\" \/><\/figure><\/div><div class=\"swiper-slide\"><figure class=\"swiper-slide-inner\"><img class=\"swiper-slide-image\" src=\"https:\/\/www3.santoandre.sp.gov.br\/turismosantoandre\/wp-content\/uploads\/2024\/11\/Visita-a-Unipar-Semana-de-CTI-2024-3-768x576.jpg\" alt=\"Visita a Unipar Semana de CTI 2024 3\" \/><\/figure><\/div>\t\t\t<\/div>\n\t\t\t\t\t\t\t\t\t\t\t\t\t\t\t\t<div class=\"elementor-swiper-button elementor-swiper-button-prev\">\n\t\t\t\t\t\t<i aria-hidden=\"true\" class=\"eicon-chevron-left\"><\/i>\t\t\t\t\t\t<span class=\"elementor-screen-only\">Anterior<\/span>\n\t\t\t\t\t<\/div>\n\t\t\t\t\t<div class=\"elementor-swiper-button elementor-swiper-button-next\">\n\t\t\t\t\t\t<i aria-hidden=\"true\" class=\"eicon-chevron-right\"><\/i>\t\t\t\t\t\t<span class=\"elementor-screen-only\">Pr\u00f3ximo<\/span>\n\t\t\t\t\t<\/div>\n\t\t\t\t\t\t\t\t\t<\/div>\n\t\t\t\t<\/div>\n\t\t\t\t<\/div>\n\t\t\t\t\t\t<\/div>\n\t\t\t\t\t<\/div>\n\t\t<\/div>\n\t\t\t\t\t\t\t\t<\/div>\n\t\t\t\t\t<\/div>\n\t\t<\/section>\n\t\t\t\t<section class=\"elementor-section elementor-top-section elementor-element elementor-element-ce3f1ac elementor-section-boxed elementor-section-height-default elementor-section-height-default\" data-id=\"ce3f1ac\" data-element_type=\"section\">\n\t\t\t\t\t\t<div class=\"elementor-container elementor-column-gap-default\">\n\t\t\t\t\t\t\t<div class=\"elementor-row\">\n\t\t\t\t\t<div class=\"elementor-column elementor-col-100 elementor-top-column elementor-element elementor-element-aee0f48\" data-id=\"aee0f48\" data-element_type=\"column\">\n\t\t\t<div class=\"elementor-column-wrap elementor-element-populated\">\n\t\t\t\t\t\t\t<div class=\"elementor-widget-wrap\">\n\t\t\t\t\t\t<div class=\"elementor-element elementor-element-31ba172 elementor-widget elementor-widget-text-editor\" data-id=\"31ba172\" data-element_type=\"widget\" data-widget_type=\"text-editor.default\">\n\t\t\t\t<div class=\"elementor-widget-container\">\n\t\t\t\t\t\t\t\t<div class=\"elementor-text-editor elementor-clearfix\">\n\t\t\t\t<h1 class=\"mb-3 text-[1.375rem] font-bold text-unigreen lg:text-[2.75rem] lg:leading-[3.125rem]\">Programa F\u00e1brica Aberta<\/h1><p>Com a\u00e7\u00f5es desde 1985, o programa viabiliza que a comunidade e diversos p\u00fablicos fa\u00e7am visita\u00e7\u00e3o \u00e0s instala\u00e7\u00f5es das f\u00e1bricas, demonstrando a harmonia com o meio ambiente.<\/p><h2>Conhe\u00e7a o Programa F\u00e1brica Aberta<\/h2><div class=\"prose mb-8 leading-6 text-unigreen dark:prose-invert dark:text-white\"><p>A Unipar acredita na constru\u00e7\u00e3o de relacionamentos duradouros. O programa F\u00e1brica Aberta \u00e9 uma ferramenta importante para isso com base em cinco pilares: transpar\u00eancia, comunidade, seguran\u00e7a e sa\u00fade, educa\u00e7\u00e3o e meio ambiente.\u00a0 As portas das f\u00e1bricas s\u00e3o abertas para visitas guiadas explicando os processos industriais e os produtos que fazem parte do dia a dia das pessoas, al\u00e9m de dar vis\u00e3o geral Unipar e das a\u00e7\u00f5es de sustentabilidade.<\/p><\/div><div class=\"title relative flex w-full flex-row py-5 pl-4 pr-16 group-hover:cursor-pointer\"><h3 class=\"mb-0\">Conhe\u00e7a as orienta\u00e7\u00f5es para uma visita com seguran\u00e7a nas f\u00e1bricas da Unipar no Brasil em Santo Andr\u00e9<\/h3><\/div><div class=\"pergunta block h-auto max-h-0 transition-all group-[.active]:max-h-screen\"><div class=\"prose px-4 py-4 text-sm text-unigrey dark:prose-invert dark:text-white\"><p>Atendemos at\u00e9 40 pessoas por visita;<\/p><p>A idade m\u00ednima para realizar a visita \u00e9 15 anos completos;<\/p><p>N\u00e3o \u00e9 permitido que gestantes e lactantes realizem a visita;<\/p><p>\u00c9 obrigat\u00f3rio o uso de EPIs por todos os visitantes durante o tour. Os EPI\u2019s ser\u00e3o fornecidos ao grupo pela UNIPAR. Para o acesso a f\u00e1brica os visitantes usar\u00e3o: capacete, \u00f3culos de prote\u00e7\u00e3o e m\u00e1scara de fuga;<\/p><p>Como estaremos em uma unidade fabril, \u00e9 obrigat\u00f3rio que todos os visitantes estejam com: cal\u00e7ados fechados e confort\u00e1veis, cal\u00e7a comprida, camiseta de manga longa;<\/p><p>N\u00e3o \u00e9 permitido o uso de: camisetas regatas, saias curtas ou longas, cal\u00e7as com rasgos ou bermudas, cal\u00e7ados abertos (sand\u00e1lias com ou sem salto e chinelos);<\/p><p>N\u00e3o \u00e9 permitido a visita em algumas \u00e1reas restritas da f\u00e1brica;<\/p><p>Durante o tour nas \u00e1reas industriais n\u00e3o \u00e9 permitido o uso de celulares e c\u00e2meras fotogr\u00e1ficas;<\/p><p>Por quest\u00e3o de seguran\u00e7a, temos o acesso restrito a visitantes com a mobilidade reduzida;<\/p><p>Lembrando que n\u00e3o fornecemos transporte, e nossa visita \u00e9 gratuita.<\/p><\/div><\/div>\t\t\t\t\t<\/div>\n\t\t\t\t\t\t<\/div>\n\t\t\t\t<\/div>\n\t\t\t\t\t\t<\/div>\n\t\t\t\t\t<\/div>\n\t\t<\/div>\n\t\t\t\t\t\t\t\t<\/div>\n\t\t\t\t\t<\/div>\n\t\t<\/section>\n\t\t\t\t<section class=\"elementor-section elementor-top-section elementor-element elementor-element-eb9a2cd elementor-section-boxed elementor-section-height-default elementor-section-height-default\" data-id=\"eb9a2cd\" data-element_type=\"section\">\n\t\t\t\t\t\t<div class=\"elementor-container elementor-column-gap-default\">\n\t\t\t\t\t\t\t<div class=\"elementor-row\">\n\t\t\t\t\t<div class=\"elementor-column elementor-col-50 elementor-top-column elementor-element elementor-element-cf25615\" data-id=\"cf25615\" data-element_type=\"column\">\n\t\t\t<div class=\"elementor-column-wrap elementor-element-populated\">\n\t\t\t\t\t\t\t<div class=\"elementor-widget-wrap\">\n\t\t\t\t\t\t<div class=\"elementor-element elementor-element-91a91ad elementor-widget elementor-widget-google_maps\" data-id=\"91a91ad\" data-element_type=\"widget\" data-widget_type=\"google_maps.default\">\n\t\t\t\t<div class=\"elementor-widget-container\">\n\t\t\t\t\t<div class=\"elementor-custom-embed\">\n\t\t\t<iframe frameborder=\"0\" scrolling=\"no\" marginheight=\"0\" marginwidth=\"0\"\n\t\t\t\t\tsrc=\"https:\/\/maps.google.com\/maps?q=KM%2038%20EFSJ%20Vila%20Elclor%2C%20Rio%20Grande%20da%20Serra%20-%20SP&#038;t=m&#038;z=14&#038;output=embed&#038;iwloc=near\"\n\t\t\t\t\ttitle=\"KM 38 EFSJ Vila Elclor, Rio Grande da Serra - SP\"\n\t\t\t\t\taria-label=\"KM 38 EFSJ Vila Elclor, Rio Grande da Serra - SP\"\n\t\t\t><\/iframe>\n\t\t<\/div>\n\t\t\t\t<\/div>\n\t\t\t\t<\/div>\n\t\t\t\t\t\t<\/div>\n\t\t\t\t\t<\/div>\n\t\t<\/div>\n\t\t\t\t<div class=\"elementor-column elementor-col-50 elementor-top-column elementor-element elementor-element-4aa8609\" data-id=\"4aa8609\" data-element_type=\"column\">\n\t\t\t<div class=\"elementor-column-wrap elementor-element-populated\">\n\t\t\t\t\t\t\t<div class=\"elementor-widget-wrap\">\n\t\t\t\t\t\t<div class=\"elementor-element elementor-element-bb562cd elementor-widget elementor-widget-text-editor\" data-id=\"bb562cd\" data-element_type=\"widget\" data-widget_type=\"text-editor.default\">\n\t\t\t\t<div class=\"elementor-widget-container\">\n\t\t\t\t\t\t\t\t<div class=\"elementor-text-editor elementor-clearfix\">\n\t\t\t\t<p>Estrada de Ferro Santos Jundiai, KM 38 Santo Andr\u00e9 \u2013 SP<\/p><p><span style=\"font-size: 15px;\">Hor\u00e1rio de Visitas e agendamento:\u00a0<br \/><a href=\"mailto:turismo@santoandre.sp.gov.br\"><b>turismo@santoandre.sp.gov.br<\/b><\/a><\/span><\/p><p><span style=\"font-size: 15px;\">Entrada: Gratuita |\u00a0<\/span><span style=\"font-size: 15px;\">Info: (11) 4433-0752\/0198<\/span><\/p>\t\t\t\t\t<\/div>\n\t\t\t\t\t\t<\/div>\n\t\t\t\t<\/div>\n\t\t\t\t\t\t<\/div>\n\t\t\t\t\t<\/div>\n\t\t<\/div>\n\t\t\t\t\t\t\t\t<\/div>\n\t\t\t\t\t<\/div>\n\t\t<\/section>\n\t\t\t\t\t\t\t\t\t<\/div>\n\t\t\t<\/div>\n\t\t\t\t\t<\/div>\n\t\t","protected":false},"excerpt":{"rendered":"<p>Anterior Pr\u00f3ximo Programa F\u00e1brica Aberta Com a\u00e7\u00f5es desde 1985, o programa viabiliza que a comunidade e diversos p\u00fablicos fa\u00e7am visita\u00e7\u00e3o \u00e0s instala\u00e7\u00f5es das f\u00e1bricas, demonstrando<\/p>\n","protected":false},"author":11,"featured_media":0,"parent":0,"menu_order":0,"comment_status":"closed","ping_status":"closed","template":"","meta":{"spay_email":""},"uagb_featured_image_src":{"full":false,"thumbnail":false,"medium":false,"medium_large":false,"large":false,"1536x1536":false,"2048x2048":false,"himalayas-featured-post":false,"himalayas-portfolio-image":false,"himalayas-featured-image":false,"himalayas-services":false},"uagb_author_info":{"display_name":"Turismo Santo Andr\u00e9","author_link":"https:\/\/www3.santoandre.sp.gov.br\/turismosantoandre\/author\/turismo-santo-andre\/"},"uagb_comment_info":0,"uagb_excerpt":"Anterior Pr\u00f3ximo Programa F\u00e1brica Aberta Com a\u00e7\u00f5es desde 1985, o programa viabiliza que a comunidade e diversos p\u00fablicos fa\u00e7am visita\u00e7\u00e3o \u00e0s instala\u00e7\u00f5es das f\u00e1bricas, demonstrando","_links":{"self":[{"href":"https:\/\/www3.santoandre.sp.gov.br\/turismosantoandre\/wp-json\/wp\/v2\/pages\/1532"}],"collection":[{"href":"https:\/\/www3.santoandre.sp.gov.br\/turismosantoandre\/wp-json\/wp\/v2\/pages"}],"about":[{"href":"https:\/\/www3.santoandre.sp.gov.br\/turismosantoandre\/wp-json\/wp\/v2\/types\/page"}],"author":[{"embeddable":true,"href":"https:\/\/www3.santoandre.sp.gov.br\/turismosantoandre\/wp-json\/wp\/v2\/users\/11"}],"replies":[{"embeddable":true,"href":"https:\/\/www3.santoandre.sp.gov.br\/turismosantoandre\/wp-json\/wp\/v2\/comments?post=1532"}],"version-history":[{"count":24,"href":"https:\/\/www3.santoandre.sp.gov.br\/turismosantoandre\/wp-json\/wp\/v2\/pages\/1532\/revisions"}],"predecessor-version":[{"id":24554,"href":"https:\/\/www3.santoandre.sp.gov.br\/turismosantoandre\/wp-json\/wp\/v2\/pages\/1532\/revisions\/24554"}],"wp:attachment":[{"href":"https:\/\/www3.santoandre.sp.gov.br\/turismosantoandre\/wp-json\/wp\/v2\/media?parent=1532"}],"curies":[{"name":"wp","href":"https:\/\/api.w.org\/{rel}","templated":true}]}}