{"id":13125,"date":"2022-05-24T11:18:14","date_gmt":"2022-05-24T14:18:14","guid":{"rendered":"https:\/\/www3.santoandre.sp.gov.br\/turismosantoandre\/?page_id=13125"},"modified":"2022-05-24T13:41:13","modified_gmt":"2022-05-24T16:41:13","slug":"comtur-atas-das-reunioes-gestao-2019-2020-2021","status":"publish","type":"page","link":"https:\/\/www3.santoandre.sp.gov.br\/turismosantoandre\/comtur-atas-das-reunioes-gestao-2019-2020-2021\/","title":{"rendered":"COMTUR &#8211; Atas das Reuni\u00f5es Gest\u00e3o 2019\/2020\/2021"},"content":{"rendered":"<p><img class=\"aligncenter\" src=\"https:\/\/www3.santoandre.sp.gov.br\/turismosantoandre\/wp-content\/uploads\/2020\/01\/MARCA-COMTUR.png\" \/><\/p>\n<h3><\/h3>\n<p><strong><a href=\"https:\/\/www3.santoandre.sp.gov.br\/turismosantoandre\/wp-content\/uploads\/2021\/02\/ATA-DA-1\u00aa-REUNI\u00c3O-ORDIN\u00c1RIA-DO-CONSELHO-MUNICIPAL-DE-TURISMO-15-de-Mar\u00e7-2019.pdf\">Reuni\u00e3o Ordin\u00e1ria n\u00ba 01<\/a><\/strong><\/p>\n<p><strong><a href=\"https:\/\/www3.santoandre.sp.gov.br\/turismosantoandre\/wp-content\/uploads\/2021\/02\/ATA-DA-2\u00aa-REUNI\u00c3O-ORDIN\u00c1RIA-DO-CONSELHO-MUNICIPAL-DE-TURISMO-17-de-Abril-2019.pdf\">Reuni\u00e3o Ordin\u00e1ria n\u00ba 02<\/a><\/strong><\/p>\n<p><strong><a href=\"https:\/\/www3.santoandre.sp.gov.br\/turismosantoandre\/wp-content\/uploads\/2021\/08\/Ata-e-Lista-Presenca-registrada-Comtur-3o-Reuniao-.pdf\">Reuni\u00e3o Ordin\u00e1ria n\u00ba 03<\/a><\/strong><\/p>\n<p><strong><a href=\"https:\/\/www3.santoandre.sp.gov.br\/turismosantoandre\/wp-content\/uploads\/2021\/08\/Ata-e-Lista-Presenca-registrada-Comtur-4a-Reuniao.pdf\">Reuni\u00e3o Ordin\u00e1ria n\u00ba 04<\/a><\/strong><\/p>\n<p><strong><a href=\"https:\/\/www3.santoandre.sp.gov.br\/turismosantoandre\/wp-content\/uploads\/2021\/08\/Ata-e-Lista-Presenca-registrada-Comtur-5a-Reuniao.pdf\">Reuni\u00e3o Ordin\u00e1ria n\u00ba 05<\/a><\/strong><\/p>\n<p><strong><a href=\"https:\/\/www3.santoandre.sp.gov.br\/turismosantoandre\/wp-content\/uploads\/2021\/08\/Ata-e-Lista-Presenca-registrada-Comtur-6a-Reuniao.pdf\">Reuni\u00e3o Ordin\u00e1ria n\u00ba 06<\/a><\/strong><\/p>\n<p><strong><a href=\"https:\/\/www3.santoandre.sp.gov.br\/turismosantoandre\/wp-content\/uploads\/2021\/08\/Ata-e-Lista-Presenca-registrada-Comtur-7a-Reuniao.pdf\">Reuni\u00e3o Ordin\u00e1ria n\u00ba 07<\/a><\/strong><\/p>\n<p><strong><a href=\"https:\/\/www3.santoandre.sp.gov.br\/turismosantoandre\/wp-content\/uploads\/2021\/08\/Ata-e-Lista-Presenca-registrada-Comtur-8a-Reuniao.pdf\">Reuni\u00e3o Ordin\u00e1ria n\u00ba 08<\/a><\/strong><\/p>\n<p><strong><a href=\"https:\/\/www3.santoandre.sp.gov.br\/turismosantoandre\/wp-content\/uploads\/2021\/08\/Ata-Registrada-9o-Reuniao-COMTUR-2020.pdf\">Reuni\u00e3o Ordin\u00e1ria n\u00ba 09<\/a><\/strong><\/p>\n<p><strong><a href=\"https:\/\/www3.santoandre.sp.gov.br\/turismosantoandre\/wp-content\/uploads\/2021\/08\/Ata-registrada-10-o-Reuniao-COMTUR-2020.pdf\">Reuni\u00e3o Ordin\u00e1ria n\u00ba 10<\/a><\/strong><\/p>\n<p><strong><a href=\"https:\/\/www3.santoandre.sp.gov.br\/turismosantoandre\/wp-content\/uploads\/2021\/08\/Ata-Registrada-11o-Reuniao-COMTUR-2021.pdf\">Reuni\u00e3o Ordin\u00e1ria n\u00ba 11<\/a><\/strong><\/p>\n<p><a href=\"https:\/\/www3.santoandre.sp.gov.br\/turismosantoandre\/wp-content\/uploads\/2021\/08\/Ata-Registrada-12o-Reuniao-COMTUR-2021.pdf\"><strong>Reuni\u00e3o Ordin\u00e1ria n\u00ba 12<\/strong><\/a><\/p>\n<p><a href=\"https:\/\/www3.santoandre.sp.gov.br\/turismosantoandre\/wp-content\/uploads\/2021\/08\/Ata-Registrada-Reuniao-Extraordinaria-COMTUR-21-07-2021.pdf\"><strong>Reuni\u00e3o Extraordi\u00e1ria &#8211; Julho de 2021<\/strong><\/a><\/p>\n<p><strong><a href=\"https:\/\/www3.santoandre.sp.gov.br\/turismosantoandre\/wp-content\/uploads\/2021\/12\/ATA-DA-13a-REUNIAO-ORDINARIA-DO-CONSELHO-MUNICIPAL-DE-TURISMO-\u2013-COMTUR-2021.pdf\">Reuni\u00e3o Ordin\u00e1ria n\u00ba 13\u00a0<\/a><\/strong><\/p>\n<p><strong><a href=\"https:\/\/www3.santoandre.sp.gov.br\/turismosantoandre\/wp-content\/uploads\/2021\/12\/ATA-DA-14a-REUNIAO-ORDINARIA-DO-CONSELHO-MUNICIPAL-DE-TURISMO-\u2013-COMTUR-2021.pdf\">Reuni\u00e3o Ordin\u00e1ria n\u00ba 14\u00a0<\/a><\/strong><\/p>\n<h4><strong>Informa\u00e7\u00f5es:\u00a0<\/strong><\/h4>\n<p><strong>Telefones:<\/strong><\/p>\n<p><strong><a href=\"tel:551144330198\">(11) 4433-0198<\/a><\/strong><\/p>\n<p><a href=\"tel:551144330752\"><strong>(11) 4433-0752<\/strong><\/a><\/p>\n<p><span style=\"color: #000000;\"><b>Email:<a href=\"mailto:turismo@santoandre.sp.gov.br\"> turismo@santoandre.sp.gov.br<\/a><\/b><\/span><\/p>\n<p>Ger\u00eancia de Polos e Voca\u00e7\u00f5es Tur\u00edsticas<\/p>\n<p>Departamento de Desenvolvimento Econ\u00f4mico, Tecnologia, Inova\u00e7\u00e3o e Turismo<\/p>\n<p>Secretaria de Desenvolvimento e Gera\u00e7\u00e3o de Emprego<\/p>\n<p><em>tags: conselho de turismo, conselho municipal, turismo, conselho, santo andr\u00e9, portal de turismo<\/em><\/p>\n","protected":false},"excerpt":{"rendered":"<p>Reuni\u00e3o Ordin\u00e1ria n\u00ba 01 Reuni\u00e3o Ordin\u00e1ria n\u00ba 02 Reuni\u00e3o Ordin\u00e1ria n\u00ba 03 Reuni\u00e3o Ordin\u00e1ria n\u00ba 04 Reuni\u00e3o Ordin\u00e1ria n\u00ba 05 Reuni\u00e3o Ordin\u00e1ria n\u00ba 06 Reuni\u00e3o<\/p>\n","protected":false},"author":11,"featured_media":0,"parent":0,"menu_order":0,"comment_status":"closed","ping_status":"closed","template":"","meta":{"spay_email":""},"uagb_featured_image_src":{"full":false,"thumbnail":false,"medium":false,"medium_large":false,"large":false,"1536x1536":false,"2048x2048":false,"himalayas-featured-post":false,"himalayas-portfolio-image":false,"himalayas-featured-image":false,"himalayas-services":false},"uagb_author_info":{"display_name":"Turismo Santo Andr\u00e9","author_link":"https:\/\/www3.santoandre.sp.gov.br\/turismosantoandre\/author\/turismo-santo-andre\/"},"uagb_comment_info":0,"uagb_excerpt":"Reuni\u00e3o Ordin\u00e1ria n\u00ba 01 Reuni\u00e3o Ordin\u00e1ria n\u00ba 02 Reuni\u00e3o Ordin\u00e1ria n\u00ba 03 Reuni\u00e3o Ordin\u00e1ria n\u00ba 04 Reuni\u00e3o Ordin\u00e1ria n\u00ba 05 Reuni\u00e3o Ordin\u00e1ria n\u00ba 06 Reuni\u00e3o","_links":{"self":[{"href":"https:\/\/www3.santoandre.sp.gov.br\/turismosantoandre\/wp-json\/wp\/v2\/pages\/13125"}],"collection":[{"href":"https:\/\/www3.santoandre.sp.gov.br\/turismosantoandre\/wp-json\/wp\/v2\/pages"}],"about":[{"href":"https:\/\/www3.santoandre.sp.gov.br\/turismosantoandre\/wp-json\/wp\/v2\/types\/page"}],"author":[{"embeddable":true,"href":"https:\/\/www3.santoandre.sp.gov.br\/turismosantoandre\/wp-json\/wp\/v2\/users\/11"}],"replies":[{"embeddable":true,"href":"https:\/\/www3.santoandre.sp.gov.br\/turismosantoandre\/wp-json\/wp\/v2\/comments?post=13125"}],"version-history":[{"count":3,"href":"https:\/\/www3.santoandre.sp.gov.br\/turismosantoandre\/wp-json\/wp\/v2\/pages\/13125\/revisions"}],"predecessor-version":[{"id":13174,"href":"https:\/\/www3.santoandre.sp.gov.br\/turismosantoandre\/wp-json\/wp\/v2\/pages\/13125\/revisions\/13174"}],"wp:attachment":[{"href":"https:\/\/www3.santoandre.sp.gov.br\/turismosantoandre\/wp-json\/wp\/v2\/media?parent=13125"}],"curies":[{"name":"wp","href":"https:\/\/api.w.org\/{rel}","templated":true}]}}