{"id":2162,"date":"2021-04-23T17:57:30","date_gmt":"2021-04-23T20:57:30","guid":{"rendered":"https:\/\/www3.santoandre.sp.gov.br\/portaldoempreendedor\/?page_id=2162"},"modified":"2025-03-28T17:59:36","modified_gmt":"2025-03-28T20:59:36","slug":"agende-atendimento-do-cpetr","status":"publish","type":"page","link":"https:\/\/www3.santoandre.sp.gov.br\/portaldoempreendedor\/index.php\/agende-atendimento-do-cpetr\/","title":{"rendered":"Agende atendimento do CPETR"},"content":{"rendered":"\t\t<div data-elementor-type=\"wp-page\" data-elementor-id=\"2162\" class=\"elementor elementor-2162\">\n\t\t\t\t\t\t<section class=\"elementor-section elementor-top-section elementor-element elementor-element-392b3f02 elementor-section-boxed elementor-section-height-default elementor-section-height-default\" data-id=\"392b3f02\" data-element_type=\"section\">\n\t\t\t\t\t\t<div class=\"elementor-container elementor-column-gap-default\">\n\t\t\t\t\t<div class=\"elementor-column elementor-col-100 elementor-top-column elementor-element elementor-element-708edba7\" data-id=\"708edba7\" data-element_type=\"column\">\n\t\t\t<div class=\"elementor-widget-wrap elementor-element-populated\">\n\t\t\t\t\t\t<div class=\"elementor-element elementor-element-931a871 elementor-widget elementor-widget-image\" data-id=\"931a871\" data-element_type=\"widget\" data-widget_type=\"image.default\">\n\t\t\t\t<div class=\"elementor-widget-container\">\n\t\t\t\t\t\t\t\t\t\t\t\t\t\t\t<img fetchpriority=\"high\" decoding=\"async\" width=\"800\" height=\"123\" src=\"https:\/\/www3.santoandre.sp.gov.br\/portaldoempreendedor\/wp-content\/uploads\/2023\/06\/CPETR-AGENDE-ATENTIMENTO-1024x157.png\" class=\"attachment-large size-large wp-image-5419\" alt=\"\" srcset=\"https:\/\/www3.santoandre.sp.gov.br\/portaldoempreendedor\/wp-content\/uploads\/2023\/06\/CPETR-AGENDE-ATENTIMENTO-1024x157.png 1024w, https:\/\/www3.santoandre.sp.gov.br\/portaldoempreendedor\/wp-content\/uploads\/2023\/06\/CPETR-AGENDE-ATENTIMENTO-300x46.png 300w, https:\/\/www3.santoandre.sp.gov.br\/portaldoempreendedor\/wp-content\/uploads\/2023\/06\/CPETR-AGENDE-ATENTIMENTO-768x117.png 768w, https:\/\/www3.santoandre.sp.gov.br\/portaldoempreendedor\/wp-content\/uploads\/2023\/06\/CPETR-AGENDE-ATENTIMENTO.png 1112w\" sizes=\"(max-width: 800px) 100vw, 800px\" \/>\t\t\t\t\t\t\t\t\t\t\t\t\t\t\t<\/div>\n\t\t\t\t<\/div>\n\t\t\t\t<div class=\"elementor-element elementor-element-1cbdfbeb elementor-widget elementor-widget-text-editor\" data-id=\"1cbdfbeb\" data-element_type=\"widget\" data-widget_type=\"text-editor.default\">\n\t\t\t\t<div class=\"elementor-widget-container\">\n\t\t\t\t\t\t\t\t\t<p>\u00a0<\/p><p>O Centro P\u00fablico de Emprego, Trabalho e Renda de Santo Andr\u00e9 (CPETR) \u00e9 uma ag\u00eancia p\u00fablica de intermedia\u00e7\u00e3o gratuita de m\u00e3o de obra. O posto est\u00e1 ligado \u00e0 Secretaria de Desenvolvimento e Gera\u00e7\u00e3o de Emprego, da Prefeitura de Santo Andr\u00e9, que tem como miss\u00e3o contribuir gratuitamente para a inser\u00e7\u00e3o do trabalhador no mercado de trabalho, de maneira integrada e articulada, visando o fortalecimento de sua cidadania, por meio de a\u00e7\u00f5es de intermedia\u00e7\u00e3o de m\u00e3o de obra, programas de orienta\u00e7\u00e3o profissional, cursos profissionalizantes, entre outros.<\/p><p>Qualquer pessoa acima dos 14 anos em busca de uma oportunidade de trabalho pode se cadastrar em nossos servi\u00e7os, trazendo o documento de identifica\u00e7\u00e3o original e a Carteira de Trabalho (f\u00edsica ou digital).<\/p><p>Para o servi\u00e7o de Vagas de Emprego n\u00e3o \u00e9 necess\u00e1rio agendamento. J\u00e1 para os servi\u00e7os de Seguro Desemprego, orienta\u00e7\u00e3o para Carteira de Trabalho Digital (caso possua) e Recurso Administrativo, \u00e9 necess\u00e1rio realizar o agendamento pelo link do <a href=\"https:\/\/www.santoandre.sp.gov.br\/PortalServico\/Seguranca\/frmLogin.aspx\">PORTAL DE SERVI\u00c7OS<\/a>.<\/p>\t\t\t\t\t\t\t\t<\/div>\n\t\t\t\t<\/div>\n\t\t\t\t\t<\/div>\n\t\t<\/div>\n\t\t\t\t\t<\/div>\n\t\t<\/section>\n\t\t\t\t<\/div>\n\t\t","protected":false},"excerpt":{"rendered":"<p>\u00a0 O Centro P\u00fablico de Emprego, Trabalho e Renda de Santo Andr\u00e9 (CPETR) \u00e9 uma ag\u00eancia p\u00fablica de intermedia\u00e7\u00e3o gratuita de m\u00e3o de obra. O posto est\u00e1 ligado \u00e0 Secretaria &#8230;<\/p>\n","protected":false},"author":4,"featured_media":0,"parent":0,"menu_order":0,"comment_status":"closed","ping_status":"closed","template":"","meta":{"_themeisle_gutenberg_block_has_review":false,"footnotes":""},"class_list":["post-2162","page","type-page","status-publish","hentry"],"jetpack_sharing_enabled":true,"_links":{"self":[{"href":"https:\/\/www3.santoandre.sp.gov.br\/portaldoempreendedor\/index.php\/wp-json\/wp\/v2\/pages\/2162","targetHints":{"allow":["GET"]}}],"collection":[{"href":"https:\/\/www3.santoandre.sp.gov.br\/portaldoempreendedor\/index.php\/wp-json\/wp\/v2\/pages"}],"about":[{"href":"https:\/\/www3.santoandre.sp.gov.br\/portaldoempreendedor\/index.php\/wp-json\/wp\/v2\/types\/page"}],"author":[{"embeddable":true,"href":"https:\/\/www3.santoandre.sp.gov.br\/portaldoempreendedor\/index.php\/wp-json\/wp\/v2\/users\/4"}],"replies":[{"embeddable":true,"href":"https:\/\/www3.santoandre.sp.gov.br\/portaldoempreendedor\/index.php\/wp-json\/wp\/v2\/comments?post=2162"}],"version-history":[{"count":19,"href":"https:\/\/www3.santoandre.sp.gov.br\/portaldoempreendedor\/index.php\/wp-json\/wp\/v2\/pages\/2162\/revisions"}],"predecessor-version":[{"id":8846,"href":"https:\/\/www3.santoandre.sp.gov.br\/portaldoempreendedor\/index.php\/wp-json\/wp\/v2\/pages\/2162\/revisions\/8846"}],"wp:attachment":[{"href":"https:\/\/www3.santoandre.sp.gov.br\/portaldoempreendedor\/index.php\/wp-json\/wp\/v2\/media?parent=2162"}],"curies":[{"name":"wp","href":"https:\/\/api.w.org\/{rel}","templated":true}]}}