{"id":2047,"date":"2021-04-16T17:43:31","date_gmt":"2021-04-16T20:43:31","guid":{"rendered":"https:\/\/www3.santoandre.sp.gov.br\/portaldoempreendedor\/?page_id=2047"},"modified":"2025-02-26T15:59:56","modified_gmt":"2025-02-26T18:59:56","slug":"servicos-ambientais","status":"publish","type":"page","link":"https:\/\/www3.santoandre.sp.gov.br\/portaldoempreendedor\/index.php\/servicos-ambientais\/","title":{"rendered":"Servi\u00e7os Ambientais"},"content":{"rendered":"\t\t<div data-elementor-type=\"wp-page\" data-elementor-id=\"2047\" class=\"elementor elementor-2047\">\n\t\t\t\t\t\t<section class=\"elementor-section elementor-top-section elementor-element elementor-element-54e21882 elementor-section-boxed elementor-section-height-default elementor-section-height-default\" data-id=\"54e21882\" data-element_type=\"section\">\n\t\t\t\t\t\t<div class=\"elementor-container elementor-column-gap-default\">\n\t\t\t\t\t<div class=\"elementor-column elementor-col-100 elementor-top-column elementor-element elementor-element-2bffadf5\" data-id=\"2bffadf5\" data-element_type=\"column\">\n\t\t\t<div class=\"elementor-widget-wrap elementor-element-populated\">\n\t\t\t\t\t\t<div class=\"elementor-element elementor-element-9b9a637 elementor-widget elementor-widget-image\" data-id=\"9b9a637\" data-element_type=\"widget\" data-widget_type=\"image.default\">\n\t\t\t\t<div class=\"elementor-widget-container\">\n\t\t\t\t\t\t\t\t\t\t\t\t\t\t\t<img fetchpriority=\"high\" decoding=\"async\" width=\"800\" height=\"123\" src=\"https:\/\/www3.santoandre.sp.gov.br\/portaldoempreendedor\/wp-content\/uploads\/2023\/06\/SERVICOS-AMBIENTAIS-1024x157.png\" class=\"attachment-large size-large wp-image-5514\" alt=\"\" srcset=\"https:\/\/www3.santoandre.sp.gov.br\/portaldoempreendedor\/wp-content\/uploads\/2023\/06\/SERVICOS-AMBIENTAIS-1024x157.png 1024w, https:\/\/www3.santoandre.sp.gov.br\/portaldoempreendedor\/wp-content\/uploads\/2023\/06\/SERVICOS-AMBIENTAIS-300x46.png 300w, https:\/\/www3.santoandre.sp.gov.br\/portaldoempreendedor\/wp-content\/uploads\/2023\/06\/SERVICOS-AMBIENTAIS-768x117.png 768w, https:\/\/www3.santoandre.sp.gov.br\/portaldoempreendedor\/wp-content\/uploads\/2023\/06\/SERVICOS-AMBIENTAIS.png 1112w\" sizes=\"(max-width: 800px) 100vw, 800px\" \/>\t\t\t\t\t\t\t\t\t\t\t\t\t\t\t<\/div>\n\t\t\t\t<\/div>\n\t\t\t\t<div class=\"elementor-element elementor-element-3caeed23 elementor-widget elementor-widget-text-editor\" data-id=\"3caeed23\" data-element_type=\"widget\" data-widget_type=\"text-editor.default\">\n\t\t\t\t<div class=\"elementor-widget-container\">\n\t\t\t\t\t\t\t\t\t<p>O Licenciamento ambiental \u00e9 um dos mecanismos que o Poder P\u00fablico disp\u00f5e para assegurar que determinadas atividades econ\u00f4micas ou empreendimentos considerem adequadamente os riscos que sua instala\u00e7\u00e3o e opera\u00e7\u00e3o podem trazer ao meio ambiente e que adotem a\u00e7\u00f5es adequadas para minimizar tais riscos.<\/p><p><strong>\u00a0<\/strong><\/p><p><strong>LICENCIAMENTO MUNICIPAL<\/strong><\/p><p>As obras e atividades sujeitas ao licenciamento ambiental municipal est\u00e3o definidas no Anexo I, do Decreto Municipal 16.813\/16.<\/p><p>Todo pedido deve ser realizado junto ao Semasa (Servi\u00e7o Municipal de Saneamento Ambiental de Santo Andr\u00e9).<\/p><p>A partir de 05\/05\/2021 os servi\u00e7os ser\u00e3o protocolados apenas de forma digital pela plataforma <a href=\"https:\/\/santoandre.inmov.net.br\/\">ACTO.<\/a><\/p><p><strong>CONTATOS<\/strong><\/p><p><strong>Endere\u00e7o:<\/strong>\u00a0Av. Jos\u00e9 Caballero, 143, T\u00e9rreo 1, Centro \u2013 Santo Andr\u00e9 \u2013 SP.<\/p><p><strong>Telefone:<\/strong>\u00a0115<\/p><p>Atendimento presencial mediante agendamento (para agendar o seu hor\u00e1rio, <a href=\"https:\/\/portais.santoandre.sp.gov.br\/semasa\/institucional\/atendimento-presencial\/\">clique aqui<\/a> ou entre em contato pelo telefone 115).<\/p><p><strong>Para mais informa\u00e7\u00f5es acesse <\/strong><a href=\"https:\/\/portais.santoandre.sp.gov.br\/semasa\/\">SEMASA.<\/a><\/p><p><strong>\u00a0<\/strong><\/p><p><strong>\u00a0<\/strong><\/p><p><strong>LICENCIAMENTO CETESB &#8211; COMPANHIA AMBIENTAL DO ESTADO DE S\u00c3O PAULO<\/strong><\/p><p>Antes de iniciar a solicita\u00e7\u00e3o de licen\u00e7a na CETESB, verifique se licenciamento o licenciamento de seu empreendimento ou atividade n\u00e3o \u00e9 municipalizado, pois caso seja, a solicita\u00e7\u00e3o de licen\u00e7a dever\u00e1 ser obrigatoriamente protocolada no \u00f3rg\u00e3o ambiental municipal (SEMASA).<\/p><p><strong>CONTATOS<\/strong><\/p><p>Ag\u00eancia Ambiental do ABC I<\/p><p><strong>Endere\u00e7o:<\/strong>\u00a0Rua dos Vianas, 625, Baeta Neves \u2013 S\u00e3o Bernardo do Campo \u2013 SP.<\/p><p><strong>Telefone:<\/strong>\u00a0(11) 4123-4555<\/p><p><strong>Saiba mais em <\/strong><a href=\"https:\/\/cetesb.sp.gov.br\/licenciamentoambiental\/\">Licen\u00e7a Ambiental CETESB<\/a><\/p>\t\t\t\t\t\t\t\t<\/div>\n\t\t\t\t<\/div>\n\t\t\t\t\t<\/div>\n\t\t<\/div>\n\t\t\t\t\t<\/div>\n\t\t<\/section>\n\t\t\t\t<\/div>\n\t\t","protected":false},"excerpt":{"rendered":"<p>O Licenciamento ambiental \u00e9 um dos mecanismos que o Poder P\u00fablico disp\u00f5e para assegurar que determinadas atividades econ\u00f4micas ou empreendimentos considerem adequadamente os riscos que sua instala\u00e7\u00e3o e opera\u00e7\u00e3o podem &#8230;<\/p>\n","protected":false},"author":2,"featured_media":0,"parent":0,"menu_order":0,"comment_status":"closed","ping_status":"closed","template":"","meta":{"_themeisle_gutenberg_block_has_review":false,"footnotes":""},"class_list":["post-2047","page","type-page","status-publish","hentry"],"jetpack_sharing_enabled":true,"_links":{"self":[{"href":"https:\/\/www3.santoandre.sp.gov.br\/portaldoempreendedor\/index.php\/wp-json\/wp\/v2\/pages\/2047","targetHints":{"allow":["GET"]}}],"collection":[{"href":"https:\/\/www3.santoandre.sp.gov.br\/portaldoempreendedor\/index.php\/wp-json\/wp\/v2\/pages"}],"about":[{"href":"https:\/\/www3.santoandre.sp.gov.br\/portaldoempreendedor\/index.php\/wp-json\/wp\/v2\/types\/page"}],"author":[{"embeddable":true,"href":"https:\/\/www3.santoandre.sp.gov.br\/portaldoempreendedor\/index.php\/wp-json\/wp\/v2\/users\/2"}],"replies":[{"embeddable":true,"href":"https:\/\/www3.santoandre.sp.gov.br\/portaldoempreendedor\/index.php\/wp-json\/wp\/v2\/comments?post=2047"}],"version-history":[{"count":13,"href":"https:\/\/www3.santoandre.sp.gov.br\/portaldoempreendedor\/index.php\/wp-json\/wp\/v2\/pages\/2047\/revisions"}],"predecessor-version":[{"id":8587,"href":"https:\/\/www3.santoandre.sp.gov.br\/portaldoempreendedor\/index.php\/wp-json\/wp\/v2\/pages\/2047\/revisions\/8587"}],"wp:attachment":[{"href":"https:\/\/www3.santoandre.sp.gov.br\/portaldoempreendedor\/index.php\/wp-json\/wp\/v2\/media?parent=2047"}],"curies":[{"name":"wp","href":"https:\/\/api.w.org\/{rel}","templated":true}]}}