{"id":2039,"date":"2021-04-16T17:38:37","date_gmt":"2021-04-16T20:38:37","guid":{"rendered":"https:\/\/www3.santoandre.sp.gov.br\/portaldoempreendedor\/?page_id=2039"},"modified":"2025-02-27T18:37:37","modified_gmt":"2025-02-27T21:37:37","slug":"nota-fiscal-venda","status":"publish","type":"page","link":"https:\/\/www3.santoandre.sp.gov.br\/portaldoempreendedor\/index.php\/nota-fiscal-venda\/","title":{"rendered":"Nota Fiscal Venda"},"content":{"rendered":"\t\t<div data-elementor-type=\"wp-page\" data-elementor-id=\"2039\" class=\"elementor elementor-2039\">\n\t\t\t\t\t\t<section class=\"elementor-section elementor-top-section elementor-element elementor-element-36a485ec elementor-section-boxed elementor-section-height-default elementor-section-height-default\" data-id=\"36a485ec\" data-element_type=\"section\">\n\t\t\t\t\t\t<div class=\"elementor-container elementor-column-gap-default\">\n\t\t\t\t\t<div class=\"elementor-column elementor-col-100 elementor-top-column elementor-element elementor-element-38c45c9a\" data-id=\"38c45c9a\" data-element_type=\"column\">\n\t\t\t<div class=\"elementor-widget-wrap elementor-element-populated\">\n\t\t\t\t\t\t<div class=\"elementor-element elementor-element-3de4a72 elementor-widget elementor-widget-image\" data-id=\"3de4a72\" data-element_type=\"widget\" data-widget_type=\"image.default\">\n\t\t\t\t<div class=\"elementor-widget-container\">\n\t\t\t\t\t\t\t\t\t\t\t\t\t\t\t<img fetchpriority=\"high\" decoding=\"async\" width=\"800\" height=\"123\" src=\"https:\/\/www3.santoandre.sp.gov.br\/portaldoempreendedor\/wp-content\/uploads\/2023\/06\/NOTA-FISCAL-VENDA-1024x157.png\" class=\"attachment-large size-large wp-image-5507\" alt=\"\" srcset=\"https:\/\/www3.santoandre.sp.gov.br\/portaldoempreendedor\/wp-content\/uploads\/2023\/06\/NOTA-FISCAL-VENDA-1024x157.png 1024w, https:\/\/www3.santoandre.sp.gov.br\/portaldoempreendedor\/wp-content\/uploads\/2023\/06\/NOTA-FISCAL-VENDA-300x46.png 300w, https:\/\/www3.santoandre.sp.gov.br\/portaldoempreendedor\/wp-content\/uploads\/2023\/06\/NOTA-FISCAL-VENDA-768x117.png 768w, https:\/\/www3.santoandre.sp.gov.br\/portaldoempreendedor\/wp-content\/uploads\/2023\/06\/NOTA-FISCAL-VENDA.png 1112w\" sizes=\"(max-width: 800px) 100vw, 800px\" \/>\t\t\t\t\t\t\t\t\t\t\t\t\t\t\t<\/div>\n\t\t\t\t<\/div>\n\t\t\t\t<div class=\"elementor-element elementor-element-24a12ed1 elementor-widget elementor-widget-text-editor\" data-id=\"24a12ed1\" data-element_type=\"widget\" data-widget_type=\"text-editor.default\">\n\t\t\t\t<div class=\"elementor-widget-container\">\n\t\t\t\t\t\t\t\t\t<div class=\"wp-block-image\">\n<figure class=\"aligncenter size-large is-resized\" style=\"padding-left: 40px;\">\n<p>A Nota Fiscal Eletr\u00f4nica \u00e9 um documento de exist\u00eancia apenas digital, emitido e armazenado eletronicamente, com o intuito de documentar, para fins fiscais, uma opera\u00e7\u00e3o de circula\u00e7\u00e3o de mercadorias ou uma presta\u00e7\u00e3o de servi\u00e7os, ocorrida entre as partes. Sua validade jur\u00eddica \u00e9 garantida pela assinatura digital do remetente (garantia de autoria e de integridade) e pela recep\u00e7\u00e3o, pelo Fisco, do documento eletr\u00f4nico, antes da ocorr\u00eancia do Fato Gerador.<\/p>\n<p>Dentre as principais vantagens da nota fiscal eletr\u00f4nica, pode-se citar redu\u00e7\u00e3o de custos de armazenagem de documentos fiscais, Gerenciamento Eletr\u00f4nico de Documentos, simplifica\u00e7\u00e3o de obriga\u00e7\u00f5es acess\u00f3rias. Inicialmente a NF-e prev\u00ea dispensa de Autoriza\u00e7\u00e3o de Impress\u00e3o de Documentos Fiscais &#8211; AIDF. No futuro outras obriga\u00e7\u00f5es acess\u00f3rias poder\u00e3o ser simplificadas ou eliminadas com a ado\u00e7\u00e3o da NF-e, entre outros.<\/p>\n<p>Para mais informa\u00e7\u00f5es, acesse <a href=\"https:\/\/portal.fazenda.sp.gov.br\/servicos\/nfe\">NFe<\/a><\/p>\n<p>\u00a0<\/p>\n<p><strong>CANAIS DE COMUNICA\u00c7\u00c3O DAS EMPRESAS COM A SEFAZ\/SP<\/strong><\/p>\n<p>Atendimento telef\u00f4nico: 0800 17 01 10 (segunda \u00e0 sexta, das 8:00 \u00e0s 21:00)<\/p>\n<p>Postos Fiscal &#8211; Delegacia: DRT-12 &#8211; ABCD<\/p>\n<p>Telefone: (11) 4126-3504 \/ (11) 4126-3510<\/p>\n<p><strong>Mais contatos consulte<\/strong> <a href=\"https:\/\/portal.fazenda.sp.gov.br\/servicos\/atendimento\">Atendimento SEFAZ\/SP<\/a><\/p>\n<\/figure>\n<\/div>\n<p><!-- \/wp:image --><\/p>\t\t\t\t\t\t\t\t<\/div>\n\t\t\t\t<\/div>\n\t\t\t\t\t<\/div>\n\t\t<\/div>\n\t\t\t\t\t<\/div>\n\t\t<\/section>\n\t\t\t\t<\/div>\n\t\t","protected":false},"excerpt":{"rendered":"<p>A Nota Fiscal Eletr\u00f4nica \u00e9 um documento de exist\u00eancia apenas digital, emitido e armazenado eletronicamente, com o intuito de documentar, para fins fiscais, uma opera\u00e7\u00e3o de circula\u00e7\u00e3o de mercadorias ou &#8230;<\/p>\n","protected":false},"author":2,"featured_media":0,"parent":0,"menu_order":0,"comment_status":"closed","ping_status":"closed","template":"","meta":{"_themeisle_gutenberg_block_has_review":false,"footnotes":""},"class_list":["post-2039","page","type-page","status-publish","hentry"],"jetpack_sharing_enabled":true,"_links":{"self":[{"href":"https:\/\/www3.santoandre.sp.gov.br\/portaldoempreendedor\/index.php\/wp-json\/wp\/v2\/pages\/2039","targetHints":{"allow":["GET"]}}],"collection":[{"href":"https:\/\/www3.santoandre.sp.gov.br\/portaldoempreendedor\/index.php\/wp-json\/wp\/v2\/pages"}],"about":[{"href":"https:\/\/www3.santoandre.sp.gov.br\/portaldoempreendedor\/index.php\/wp-json\/wp\/v2\/types\/page"}],"author":[{"embeddable":true,"href":"https:\/\/www3.santoandre.sp.gov.br\/portaldoempreendedor\/index.php\/wp-json\/wp\/v2\/users\/2"}],"replies":[{"embeddable":true,"href":"https:\/\/www3.santoandre.sp.gov.br\/portaldoempreendedor\/index.php\/wp-json\/wp\/v2\/comments?post=2039"}],"version-history":[{"count":10,"href":"https:\/\/www3.santoandre.sp.gov.br\/portaldoempreendedor\/index.php\/wp-json\/wp\/v2\/pages\/2039\/revisions"}],"predecessor-version":[{"id":8675,"href":"https:\/\/www3.santoandre.sp.gov.br\/portaldoempreendedor\/index.php\/wp-json\/wp\/v2\/pages\/2039\/revisions\/8675"}],"wp:attachment":[{"href":"https:\/\/www3.santoandre.sp.gov.br\/portaldoempreendedor\/index.php\/wp-json\/wp\/v2\/media?parent=2039"}],"curies":[{"name":"wp","href":"https:\/\/api.w.org\/{rel}","templated":true}]}}