{"id":2007,"date":"2021-04-16T16:54:47","date_gmt":"2021-04-16T19:54:47","guid":{"rendered":"https:\/\/www3.santoandre.sp.gov.br\/portaldoempreendedor\/?page_id=2007"},"modified":"2023-07-12T13:19:30","modified_gmt":"2023-07-12T16:19:30","slug":"zoneamento","status":"publish","type":"page","link":"https:\/\/www3.santoandre.sp.gov.br\/portaldoempreendedor\/index.php\/zoneamento\/","title":{"rendered":"Zoneamento"},"content":{"rendered":"\t\t<div data-elementor-type=\"wp-page\" data-elementor-id=\"2007\" class=\"elementor elementor-2007\">\n\t\t\t\t\t\t<section class=\"elementor-section elementor-top-section elementor-element elementor-element-5bbf660 elementor-section-boxed elementor-section-height-default elementor-section-height-default\" data-id=\"5bbf660\" data-element_type=\"section\">\n\t\t\t\t\t\t<div class=\"elementor-container elementor-column-gap-default\">\n\t\t\t\t\t<div class=\"elementor-column elementor-col-100 elementor-top-column elementor-element elementor-element-3b643a17\" data-id=\"3b643a17\" data-element_type=\"column\">\n\t\t\t<div class=\"elementor-widget-wrap elementor-element-populated\">\n\t\t\t\t\t\t<div class=\"elementor-element elementor-element-638f156 elementor-widget elementor-widget-image\" data-id=\"638f156\" data-element_type=\"widget\" data-widget_type=\"image.default\">\n\t\t\t\t<div class=\"elementor-widget-container\">\n\t\t\t\t\t\t\t\t\t\t\t\t\t\t\t<img fetchpriority=\"high\" decoding=\"async\" width=\"800\" height=\"123\" src=\"https:\/\/www3.santoandre.sp.gov.br\/portaldoempreendedor\/wp-content\/uploads\/2023\/06\/ALVARA-DE-FUNCIONAMENTO-2-1024x157.png\" class=\"attachment-large size-large wp-image-5413\" alt=\"\" srcset=\"https:\/\/www3.santoandre.sp.gov.br\/portaldoempreendedor\/wp-content\/uploads\/2023\/06\/ALVARA-DE-FUNCIONAMENTO-2-1024x157.png 1024w, https:\/\/www3.santoandre.sp.gov.br\/portaldoempreendedor\/wp-content\/uploads\/2023\/06\/ALVARA-DE-FUNCIONAMENTO-2-300x46.png 300w, https:\/\/www3.santoandre.sp.gov.br\/portaldoempreendedor\/wp-content\/uploads\/2023\/06\/ALVARA-DE-FUNCIONAMENTO-2-768x117.png 768w, https:\/\/www3.santoandre.sp.gov.br\/portaldoempreendedor\/wp-content\/uploads\/2023\/06\/ALVARA-DE-FUNCIONAMENTO-2.png 1112w\" sizes=\"(max-width: 800px) 100vw, 800px\" \/>\t\t\t\t\t\t\t\t\t\t\t\t\t\t\t<\/div>\n\t\t\t\t<\/div>\n\t\t\t\t<div class=\"elementor-element elementor-element-4677daaa elementor-widget elementor-widget-text-editor\" data-id=\"4677daaa\" data-element_type=\"widget\" data-widget_type=\"text-editor.default\">\n\t\t\t\t<div class=\"elementor-widget-container\">\n\t\t\t\t\t\t\t\t\t<p>Todos os munic\u00edpios possuem uma lei de uso e ocupa\u00e7\u00e3o do solo, tamb\u00e9m conhecida como zoneamento urbano, que estabelece as atividades e os crit\u00e9rios para instala\u00e7\u00e3o em cada localiza\u00e7\u00e3o. Todas as atividades e obras executadas no munic\u00edpio devem respeitar o zoneamento da cidade.<\/p><p>Para as atividades empresariais no \u00e2mbito do REDESIM\/ VRE, a an\u00e1lise da\u00a0<strong>viabilidade<\/strong>\u00a0\u00e9 a primeira etapa e consiste na verifica\u00e7\u00e3o efetuada pela Prefeitura das possibilidades e restri\u00e7\u00f5es quanto aos atos de Abertura, Altera\u00e7\u00e3o de Endere\u00e7o e Altera\u00e7\u00e3o de Atividade\/Objeto do estabelecimento, cruzando as informa\u00e7\u00f5es do local com a atividade (CNAE) e se est\u00e1 de acordo com o zoneamento da cidade.<\/p><p><strong><u>LEGISLA\u00c7\u00c3O DE REFER\u00caNCIA:<\/u><\/strong><\/p><ol><li>C\u00f3digo de Obras \u2013\u00a0<a href=\"http:\/\/www4.cmsandre.sp.gov.br:9000\/normas\/15203\">Lei 8065\/2000<\/a>;<\/li><li>Plano Diretor \u2013 <a href=\"http:\/\/www4.cmsandre.sp.gov.br:9000\/normas\/7900\">Lei n\u00ba 8.696\/2004<\/a>\u00a0<\/li><li>Plano Diretor \u2013\u00a0<a href=\"http:\/\/www4.cmsandre.sp.gov.br:9000\/normas\/6136\">Lei 8836\/2006<\/a>;<\/li><li>Lei de Uso e Ocupa\u00e7\u00e3o do Solo \u2013\u00a0<a href=\"http:\/\/www4.cmsandre.sp.gov.br:9000\/normas\/27481\">Lei 9924\/2016<\/a>;<\/li><\/ol><p>Para solicita\u00e7\u00e3o do Alvar\u00e1 de Uso de Solo, para realizar o requerimento eletr\u00f4nico por meio do sistema ACTO<\/p><p><strong>TELEFONES<\/strong>:<\/p><ul><li>Diretoria de Controle Urbano:\u00a0(11) 4433-0450 \/ (11) 4433-0463<br \/>Ger\u00eancia de Uso do Solo e Atividades: (11) 4433-0453<\/li><\/ul><p><strong>Acesso ao Sistema ACTO<\/strong>:\u00a0<a href=\"https:\/\/santoandre.inmov.net.br\/\"><em>https:\/\/santoandre.inmov.net.br\/<\/em><\/a><\/p><p><strong>Suporte e D\u00favidas:\u00a0<\/strong><a href=\"https:\/\/santoandre.inmov.net.br\/tickets\"><em>https:\/\/santoandre.inmov.net.br\/tickets<\/em><\/a><\/p>\t\t\t\t\t\t\t\t<\/div>\n\t\t\t\t<\/div>\n\t\t\t\t\t<\/div>\n\t\t<\/div>\n\t\t\t\t\t<\/div>\n\t\t<\/section>\n\t\t\t\t<\/div>\n\t\t","protected":false},"excerpt":{"rendered":"<p>Todos os munic\u00edpios possuem uma lei de uso e ocupa\u00e7\u00e3o do solo, tamb\u00e9m conhecida como zoneamento urbano, que estabelece as atividades e os crit\u00e9rios para instala\u00e7\u00e3o em cada localiza\u00e7\u00e3o. Todas &#8230;<\/p>\n","protected":false},"author":2,"featured_media":0,"parent":0,"menu_order":0,"comment_status":"closed","ping_status":"closed","template":"","meta":{"_themeisle_gutenberg_block_has_review":false,"footnotes":""},"class_list":["post-2007","page","type-page","status-publish","hentry"],"jetpack_sharing_enabled":true,"_links":{"self":[{"href":"https:\/\/www3.santoandre.sp.gov.br\/portaldoempreendedor\/index.php\/wp-json\/wp\/v2\/pages\/2007","targetHints":{"allow":["GET"]}}],"collection":[{"href":"https:\/\/www3.santoandre.sp.gov.br\/portaldoempreendedor\/index.php\/wp-json\/wp\/v2\/pages"}],"about":[{"href":"https:\/\/www3.santoandre.sp.gov.br\/portaldoempreendedor\/index.php\/wp-json\/wp\/v2\/types\/page"}],"author":[{"embeddable":true,"href":"https:\/\/www3.santoandre.sp.gov.br\/portaldoempreendedor\/index.php\/wp-json\/wp\/v2\/users\/2"}],"replies":[{"embeddable":true,"href":"https:\/\/www3.santoandre.sp.gov.br\/portaldoempreendedor\/index.php\/wp-json\/wp\/v2\/comments?post=2007"}],"version-history":[{"count":15,"href":"https:\/\/www3.santoandre.sp.gov.br\/portaldoempreendedor\/index.php\/wp-json\/wp\/v2\/pages\/2007\/revisions"}],"predecessor-version":[{"id":5797,"href":"https:\/\/www3.santoandre.sp.gov.br\/portaldoempreendedor\/index.php\/wp-json\/wp\/v2\/pages\/2007\/revisions\/5797"}],"wp:attachment":[{"href":"https:\/\/www3.santoandre.sp.gov.br\/portaldoempreendedor\/index.php\/wp-json\/wp\/v2\/media?parent=2007"}],"curies":[{"name":"wp","href":"https:\/\/api.w.org\/{rel}","templated":true}]}}