{"id":1994,"date":"2021-04-13T11:58:02","date_gmt":"2021-04-13T14:58:02","guid":{"rendered":"https:\/\/www3.santoandre.sp.gov.br\/portaldoempreendedor\/?page_id=1994"},"modified":"2023-07-10T13:36:44","modified_gmt":"2023-07-10T16:36:44","slug":"autorizacao-eventos","status":"publish","type":"page","link":"https:\/\/www3.santoandre.sp.gov.br\/portaldoempreendedor\/index.php\/autorizacao-eventos\/","title":{"rendered":"Autoriza\u00e7\u00e3o Eventos"},"content":{"rendered":"\t\t<div data-elementor-type=\"wp-page\" data-elementor-id=\"1994\" class=\"elementor elementor-1994\">\n\t\t\t\t\t\t<section class=\"elementor-section elementor-top-section elementor-element elementor-element-550d0a7d elementor-section-boxed elementor-section-height-default elementor-section-height-default\" data-id=\"550d0a7d\" data-element_type=\"section\">\n\t\t\t\t\t\t<div class=\"elementor-container elementor-column-gap-default\">\n\t\t\t\t\t<div class=\"elementor-column elementor-col-100 elementor-top-column elementor-element elementor-element-2e9d7e45\" data-id=\"2e9d7e45\" data-element_type=\"column\">\n\t\t\t<div class=\"elementor-widget-wrap elementor-element-populated\">\n\t\t\t\t\t\t<div class=\"elementor-element elementor-element-b933b4a elementor-widget elementor-widget-image\" data-id=\"b933b4a\" data-element_type=\"widget\" data-widget_type=\"image.default\">\n\t\t\t\t<div class=\"elementor-widget-container\">\n\t\t\t\t\t\t\t\t\t\t\t\t\t\t\t<img fetchpriority=\"high\" decoding=\"async\" width=\"800\" height=\"123\" src=\"https:\/\/www3.santoandre.sp.gov.br\/portaldoempreendedor\/wp-content\/uploads\/2023\/06\/AUTORIZACAO-EVENTOS-1-1024x157.png\" class=\"attachment-large size-large wp-image-5414\" alt=\"\" srcset=\"https:\/\/www3.santoandre.sp.gov.br\/portaldoempreendedor\/wp-content\/uploads\/2023\/06\/AUTORIZACAO-EVENTOS-1-1024x157.png 1024w, https:\/\/www3.santoandre.sp.gov.br\/portaldoempreendedor\/wp-content\/uploads\/2023\/06\/AUTORIZACAO-EVENTOS-1-300x46.png 300w, https:\/\/www3.santoandre.sp.gov.br\/portaldoempreendedor\/wp-content\/uploads\/2023\/06\/AUTORIZACAO-EVENTOS-1-768x117.png 768w, https:\/\/www3.santoandre.sp.gov.br\/portaldoempreendedor\/wp-content\/uploads\/2023\/06\/AUTORIZACAO-EVENTOS-1.png 1112w\" sizes=\"(max-width: 800px) 100vw, 800px\" \/>\t\t\t\t\t\t\t\t\t\t\t\t\t\t\t<\/div>\n\t\t\t\t<\/div>\n\t\t\t\t<div class=\"elementor-element elementor-element-6aff9d9e elementor-widget elementor-widget-text-editor\" data-id=\"6aff9d9e\" data-element_type=\"widget\" data-widget_type=\"text-editor.default\">\n\t\t\t\t<div class=\"elementor-widget-container\">\n\t\t\t\t\t\t\t\t\t<p>Para fins de alvar\u00e1 de funcionamento de atividades tempor\u00e1rias, do tipo parque de divers\u00f5es, circos, eventos culturais, feiras de exposi\u00e7\u00e3o e venda de produtos e servi\u00e7os, shows art\u00edsticos e afins.<\/p><p><strong><u>SERVI\u00c7OS DISPON\u00cdVEIS ELETRONICAMENTE PELA PLATAFORMA ACTO:<\/u><\/strong><\/p><ol><li>Alvar\u00e1 de Funcionamento de Atividade &#8211; Tempor\u00e1rio;<\/li><\/ol><p><strong>\u00a0<\/strong><\/p><p><strong>Sistema ACTO<\/strong>:\u00a0<a href=\"https:\/\/santoandre.inmov.net.br\/\"><em>https:\/\/santoandre.inmov.net.br\/<\/em><\/a><\/p><p><strong>Telefones<\/strong>:<br \/><strong>Diretoria de Controle Urbano:<\/strong> (11) 4433-0450 \/ (11) 4433-0463<br \/><strong>Ger\u00eancia de Uso do Solo e Atividades:<\/strong> (11) 4433-0453<\/p><p><strong>Suporte e D\u00favidas: <\/strong><a href=\"https:\/\/santoandre.inmov.net.br\/tickets\"><em>https:\/\/santoandre.inmov.net.br\/tickets<\/em><\/a><\/p>\t\t\t\t\t\t\t\t<\/div>\n\t\t\t\t<\/div>\n\t\t\t\t\t<\/div>\n\t\t<\/div>\n\t\t\t\t\t<\/div>\n\t\t<\/section>\n\t\t\t\t<\/div>\n\t\t","protected":false},"excerpt":{"rendered":"<p>Para fins de alvar\u00e1 de funcionamento de atividades tempor\u00e1rias, do tipo parque de divers\u00f5es, circos, eventos culturais, feiras de exposi\u00e7\u00e3o e venda de produtos e servi\u00e7os, shows art\u00edsticos e afins. &#8230;<\/p>\n","protected":false},"author":2,"featured_media":0,"parent":0,"menu_order":0,"comment_status":"closed","ping_status":"closed","template":"","meta":{"_themeisle_gutenberg_block_has_review":false,"footnotes":""},"class_list":["post-1994","page","type-page","status-publish","hentry"],"jetpack_sharing_enabled":true,"_links":{"self":[{"href":"https:\/\/www3.santoandre.sp.gov.br\/portaldoempreendedor\/index.php\/wp-json\/wp\/v2\/pages\/1994","targetHints":{"allow":["GET"]}}],"collection":[{"href":"https:\/\/www3.santoandre.sp.gov.br\/portaldoempreendedor\/index.php\/wp-json\/wp\/v2\/pages"}],"about":[{"href":"https:\/\/www3.santoandre.sp.gov.br\/portaldoempreendedor\/index.php\/wp-json\/wp\/v2\/types\/page"}],"author":[{"embeddable":true,"href":"https:\/\/www3.santoandre.sp.gov.br\/portaldoempreendedor\/index.php\/wp-json\/wp\/v2\/users\/2"}],"replies":[{"embeddable":true,"href":"https:\/\/www3.santoandre.sp.gov.br\/portaldoempreendedor\/index.php\/wp-json\/wp\/v2\/comments?post=1994"}],"version-history":[{"count":12,"href":"https:\/\/www3.santoandre.sp.gov.br\/portaldoempreendedor\/index.php\/wp-json\/wp\/v2\/pages\/1994\/revisions"}],"predecessor-version":[{"id":5777,"href":"https:\/\/www3.santoandre.sp.gov.br\/portaldoempreendedor\/index.php\/wp-json\/wp\/v2\/pages\/1994\/revisions\/5777"}],"wp:attachment":[{"href":"https:\/\/www3.santoandre.sp.gov.br\/portaldoempreendedor\/index.php\/wp-json\/wp\/v2\/media?parent=1994"}],"curies":[{"name":"wp","href":"https:\/\/api.w.org\/{rel}","templated":true}]}}