{"id":47,"date":"2019-08-09T17:32:02","date_gmt":"2019-08-09T20:32:02","guid":{"rendered":"https:\/\/www3.santoandre.sp.gov.br\/gcz\/?page_id=47"},"modified":"2025-11-27T08:40:49","modified_gmt":"2025-11-27T11:40:49","slug":"documentos-adocao-no-gcz","status":"publish","type":"page","link":"https:\/\/www3.santoandre.sp.gov.br\/gcz\/index.php\/documentos-adocao-no-gcz\/","title":{"rendered":"DOCUMENTOS PARA ADO\u00c7\u00c3O NA GCZ"},"content":{"rendered":"<p><img loading=\"lazy\" decoding=\"async\" class=\"alignnone size-full wp-image-2590\" src=\"https:\/\/www3.santoandre.sp.gov.br\/gcz\/wp-content\/uploads\/2025\/02\/pexels-vladimirsrajber-12483700.jpg\" alt=\"\" width=\"7952\" height=\"5304\" srcset=\"https:\/\/www3.santoandre.sp.gov.br\/gcz\/wp-content\/uploads\/2025\/02\/pexels-vladimirsrajber-12483700.jpg 7952w, https:\/\/www3.santoandre.sp.gov.br\/gcz\/wp-content\/uploads\/2025\/02\/pexels-vladimirsrajber-12483700-300x200.jpg 300w, https:\/\/www3.santoandre.sp.gov.br\/gcz\/wp-content\/uploads\/2025\/02\/pexels-vladimirsrajber-12483700-1024x683.jpg 1024w, https:\/\/www3.santoandre.sp.gov.br\/gcz\/wp-content\/uploads\/2025\/02\/pexels-vladimirsrajber-12483700-768x512.jpg 768w, https:\/\/www3.santoandre.sp.gov.br\/gcz\/wp-content\/uploads\/2025\/02\/pexels-vladimirsrajber-12483700-1536x1025.jpg 1536w, https:\/\/www3.santoandre.sp.gov.br\/gcz\/wp-content\/uploads\/2025\/02\/pexels-vladimirsrajber-12483700-1140x760.jpg 1140w\" sizes=\"auto, (max-width: 7952px) 100vw, 7952px\" \/><\/p>\n<h3 data-start=\"414\" data-end=\"466\"><span style=\"text-decoration: underline; font-size: 10pt;\"><strong><span style=\"color: #339966; text-decoration: underline;\">*Servi\u00e7o gratuito!<\/span><\/strong><\/span><\/h3>\n<h3 data-start=\"414\" data-end=\"466\"><span style=\"color: #000000;\"><strong data-start=\"421\" data-end=\"466\">Procedimentos<\/strong><\/span><\/h3>\n<p><span style=\"color: #000000;\">Comparecer \u00e0 Ger\u00eancia de Controle de Zoonoses pessoalmente. O interessado ir\u00e1 conhecer o animal e receber\u00e1 orienta\u00e7\u00f5es sobre guarda respons\u00e1vel.<\/span><\/p>\n<h3 data-start=\"977\" data-end=\"1007\"><span style=\"color: #000000;\"><strong data-start=\"984\" data-end=\"1007\">Documentos<\/strong><\/span><\/h3>\n<p><span style=\"color: #000000;\">Necess\u00e1rio ser maior de 18 anos, apresentar os seguintes documentos:<\/span><\/p>\n<ul>\n<li><span style=\"color: #000000;\">RG e CPF (original)<\/span><\/li>\n<li><span style=\"color: #000000;\">Comprovante de endere\u00e7o recente e em nome do respons\u00e1vel.<\/span><\/li>\n<\/ul>\n<h3 data-start=\"977\" data-end=\"1007\"><span style=\"color: #000000;\"><strong data-start=\"984\" data-end=\"1007\">Local<\/strong><\/span><\/h3>\n<p><span style=\"color: #000000;\">Ger\u00eancia de Controle de Zoonoses<\/span><\/p>\n<p><span style=\"color: #000000;\">Rua Igarapava, 239 \u2013 Bairro Valparaiso<\/span><\/p>\n<p><span style=\"color: #000000;\">Santo Andr\u00e9, SP<\/span><\/p>\n<h3 data-start=\"977\" data-end=\"1007\"><span style=\"color: #000000;\"><strong data-start=\"984\" data-end=\"1007\">Hor\u00e1rio de funcionamento<\/strong><\/span><\/h3>\n<p><span style=\"color: #000000;\">De segunda a sexta-feira<\/span><\/p>\n<p><span style=\"color: #000000;\">Das 10h \u00e0s 12h e das 13h \u00e0s 16h30min.<\/span><\/p>\n<p>&nbsp;<\/p>\n<p><span style=\"color: #000000;\">Os animais dispon\u00edveis para ado\u00e7\u00e3o est\u00e3o castrados, vacinados, vermifugados e possuem Registro Geral do Animal (RGA), conforme Lei Municipal n\u00ba 10.198 de 12 de setembro de 2019.<\/span><\/p>\n<p><a href=\"https:\/\/www3.santoandre.sp.gov.br\/gcz\/index.php\/fale-conosco\/\"><img loading=\"lazy\" decoding=\"async\" class=\" wp-image-3207 aligncenter\" src=\"https:\/\/www3.santoandre.sp.gov.br\/gcz\/wp-content\/uploads\/2025\/03\/feira-de-adocao-4.png\" alt=\"\" width=\"243\" height=\"97\" srcset=\"https:\/\/www3.santoandre.sp.gov.br\/gcz\/wp-content\/uploads\/2025\/03\/feira-de-adocao-4.png 591w, https:\/\/www3.santoandre.sp.gov.br\/gcz\/wp-content\/uploads\/2025\/03\/feira-de-adocao-4-300x120.png 300w\" sizes=\"auto, (max-width: 243px) 100vw, 243px\" \/><\/a><\/p>\n<p>&nbsp;<\/p>\n","protected":false},"excerpt":{"rendered":"<p>*Servi\u00e7o gratuito! Procedimentos Comparecer \u00e0 Ger\u00eancia de Controle de Zoonoses pessoalmente. O interessado ir\u00e1 conhecer o animal e receber\u00e1 orienta\u00e7\u00f5es sobre guarda respons\u00e1vel. Documentos Necess\u00e1rio ser maior de 18 anos, apresentar os seguintes documentos: RG e CPF (original) Comprovante de endere\u00e7o recente e em nome do respons\u00e1vel. Local Ger\u00eancia de Controle de Zoonoses Rua Igarapava, 239 \u2013 Bairro Valparaiso Santo Andr\u00e9, SP Hor\u00e1rio de funcionamento De segunda a sexta-feira Das 10h \u00e0s 12h e das 13h \u00e0s 16h30min. &nbsp; Os animais dispon\u00edveis para ado\u00e7\u00e3o est\u00e3o castrados, vacinados, vermifugados e possuem Registro Geral do Animal (RGA), conforme Lei Municipal n\u00ba 10.198 de 12 de setembro de 2019. &nbsp;<\/p>\n","protected":false},"author":1,"featured_media":0,"parent":0,"menu_order":0,"comment_status":"closed","ping_status":"closed","template":"","meta":{"footnotes":""},"class_list":["post-47","page","type-page","status-publish","hentry"],"rttpg_featured_image_url":null,"rttpg_author":{"display_name":"admgcz","author_link":"https:\/\/www3.santoandre.sp.gov.br\/gcz\/index.php\/author\/admgcz\/"},"rttpg_comment":0,"rttpg_category":null,"rttpg_excerpt":"*Servi\u00e7o gratuito! Procedimentos Comparecer \u00e0 Ger\u00eancia de Controle de Zoonoses pessoalmente. O interessado ir\u00e1 conhecer o animal e receber\u00e1 orienta\u00e7\u00f5es sobre guarda respons\u00e1vel. Documentos Necess\u00e1rio ser maior de 18 anos, apresentar os seguintes documentos: RG e CPF (original) Comprovante de endere\u00e7o recente e em nome do respons\u00e1vel. Local Ger\u00eancia de Controle de Zoonoses Rua Igarapava,&hellip;","_links":{"self":[{"href":"https:\/\/www3.santoandre.sp.gov.br\/gcz\/index.php\/wp-json\/wp\/v2\/pages\/47","targetHints":{"allow":["GET"]}}],"collection":[{"href":"https:\/\/www3.santoandre.sp.gov.br\/gcz\/index.php\/wp-json\/wp\/v2\/pages"}],"about":[{"href":"https:\/\/www3.santoandre.sp.gov.br\/gcz\/index.php\/wp-json\/wp\/v2\/types\/page"}],"author":[{"embeddable":true,"href":"https:\/\/www3.santoandre.sp.gov.br\/gcz\/index.php\/wp-json\/wp\/v2\/users\/1"}],"replies":[{"embeddable":true,"href":"https:\/\/www3.santoandre.sp.gov.br\/gcz\/index.php\/wp-json\/wp\/v2\/comments?post=47"}],"version-history":[{"count":18,"href":"https:\/\/www3.santoandre.sp.gov.br\/gcz\/index.php\/wp-json\/wp\/v2\/pages\/47\/revisions"}],"predecessor-version":[{"id":3529,"href":"https:\/\/www3.santoandre.sp.gov.br\/gcz\/index.php\/wp-json\/wp\/v2\/pages\/47\/revisions\/3529"}],"wp:attachment":[{"href":"https:\/\/www3.santoandre.sp.gov.br\/gcz\/index.php\/wp-json\/wp\/v2\/media?parent=47"}],"curies":[{"name":"wp","href":"https:\/\/api.w.org\/{rel}","templated":true}]}}