{"id":2571,"date":"2025-02-12T16:11:15","date_gmt":"2025-02-12T19:11:15","guid":{"rendered":"https:\/\/www3.santoandre.sp.gov.br\/gcz\/?page_id=2571"},"modified":"2026-03-23T08:45:25","modified_gmt":"2026-03-23T11:45:25","slug":"data-e-locais-da-feira-de-adocao","status":"publish","type":"page","link":"https:\/\/www3.santoandre.sp.gov.br\/gcz\/index.php\/data-e-locais-da-feira-de-adocao\/","title":{"rendered":"DATAS E LOCAIS DA FEIRA DE ADO\u00c7\u00c3O"},"content":{"rendered":"<p><img loading=\"lazy\" decoding=\"async\" class=\"alignnone size-full wp-image-2572\" src=\"https:\/\/www3.santoandre.sp.gov.br\/gcz\/wp-content\/uploads\/2025\/02\/pexels-wildlittlethingsphoto-1904103-scaled.jpg\" alt=\"\" width=\"2560\" height=\"1707\" srcset=\"https:\/\/www3.santoandre.sp.gov.br\/gcz\/wp-content\/uploads\/2025\/02\/pexels-wildlittlethingsphoto-1904103-scaled.jpg 2560w, https:\/\/www3.santoandre.sp.gov.br\/gcz\/wp-content\/uploads\/2025\/02\/pexels-wildlittlethingsphoto-1904103-300x200.jpg 300w, https:\/\/www3.santoandre.sp.gov.br\/gcz\/wp-content\/uploads\/2025\/02\/pexels-wildlittlethingsphoto-1904103-1024x683.jpg 1024w, https:\/\/www3.santoandre.sp.gov.br\/gcz\/wp-content\/uploads\/2025\/02\/pexels-wildlittlethingsphoto-1904103-768x512.jpg 768w, https:\/\/www3.santoandre.sp.gov.br\/gcz\/wp-content\/uploads\/2025\/02\/pexels-wildlittlethingsphoto-1904103-1536x1024.jpg 1536w, https:\/\/www3.santoandre.sp.gov.br\/gcz\/wp-content\/uploads\/2025\/02\/pexels-wildlittlethingsphoto-1904103-2048x1365.jpg 2048w, https:\/\/www3.santoandre.sp.gov.br\/gcz\/wp-content\/uploads\/2025\/02\/pexels-wildlittlethingsphoto-1904103-1140x760.jpg 1140w\" sizes=\"auto, (max-width: 2560px) 100vw, 2560px\" \/><\/p>\n<p><span style=\"text-decoration: underline;\"><strong><span style=\"color: #339966; text-decoration: underline;\">*Programa gratuito!<\/span><\/strong><\/span><\/p>\n<p><span style=\"color: #000000; font-size: 12pt;\">A feira de ado\u00e7\u00e3o <strong>EU AMO, EU ADOTO<\/strong> do departamento de Gerencia de Controle de Zoonoses ocorre todo <strong>\u00faltimo domingo<\/strong> do m\u00eas com raras exce\u00e7\u00f5es confira o calend\u00e1rio:<\/span><\/p>\n<p style=\"text-align: center;\"><span style=\"color: #000000;\"><strong><span style=\"font-size: 14pt;\">Calend\u00e1rio 2026: \ud83d\udcc6<\/span><\/strong><\/span><\/p>\n<p><img loading=\"lazy\" decoding=\"async\" class=\"alignnone size-full wp-image-3764\" src=\"https:\/\/www3.santoandre.sp.gov.br\/gcz\/wp-content\/uploads\/2026\/01\/CALENDARIO-SITE-1.png\" alt=\"\" width=\"1181\" height=\"1181\" srcset=\"https:\/\/www3.santoandre.sp.gov.br\/gcz\/wp-content\/uploads\/2026\/01\/CALENDARIO-SITE-1.png 1181w, https:\/\/www3.santoandre.sp.gov.br\/gcz\/wp-content\/uploads\/2026\/01\/CALENDARIO-SITE-1-300x300.png 300w, https:\/\/www3.santoandre.sp.gov.br\/gcz\/wp-content\/uploads\/2026\/01\/CALENDARIO-SITE-1-1024x1024.png 1024w, https:\/\/www3.santoandre.sp.gov.br\/gcz\/wp-content\/uploads\/2026\/01\/CALENDARIO-SITE-1-150x150.png 150w, https:\/\/www3.santoandre.sp.gov.br\/gcz\/wp-content\/uploads\/2026\/01\/CALENDARIO-SITE-1-768x768.png 768w, https:\/\/www3.santoandre.sp.gov.br\/gcz\/wp-content\/uploads\/2026\/01\/CALENDARIO-SITE-1-1140x1140.png 1140w, https:\/\/www3.santoandre.sp.gov.br\/gcz\/wp-content\/uploads\/2026\/01\/CALENDARIO-SITE-1-75x75.png 75w\" sizes=\"auto, (max-width: 1181px) 100vw, 1181px\" \/><\/p>\n<p><span style=\"color: #000000; font-size: 12pt;\">A feira tem in\u00edcio \u00e1s<strong> 10h00<\/strong> da manh\u00e3 at\u00e9 as <strong>15h00<\/strong>. Com a disponibilidade de ado\u00e7\u00e3o de C\u00e3es e Gatos.<\/span><\/p>\n<p><img loading=\"lazy\" decoding=\"async\" class=\"alignnone size-full wp-image-3863\" src=\"https:\/\/www3.santoandre.sp.gov.br\/gcz\/wp-content\/uploads\/2026\/03\/Post-para-instagram-moderno-comunicado-importante-amarelo-2.png\" alt=\"\" width=\"1080\" height=\"1080\" srcset=\"https:\/\/www3.santoandre.sp.gov.br\/gcz\/wp-content\/uploads\/2026\/03\/Post-para-instagram-moderno-comunicado-importante-amarelo-2.png 1080w, https:\/\/www3.santoandre.sp.gov.br\/gcz\/wp-content\/uploads\/2026\/03\/Post-para-instagram-moderno-comunicado-importante-amarelo-2-300x300.png 300w, https:\/\/www3.santoandre.sp.gov.br\/gcz\/wp-content\/uploads\/2026\/03\/Post-para-instagram-moderno-comunicado-importante-amarelo-2-1024x1024.png 1024w, https:\/\/www3.santoandre.sp.gov.br\/gcz\/wp-content\/uploads\/2026\/03\/Post-para-instagram-moderno-comunicado-importante-amarelo-2-150x150.png 150w, https:\/\/www3.santoandre.sp.gov.br\/gcz\/wp-content\/uploads\/2026\/03\/Post-para-instagram-moderno-comunicado-importante-amarelo-2-768x768.png 768w, https:\/\/www3.santoandre.sp.gov.br\/gcz\/wp-content\/uploads\/2026\/03\/Post-para-instagram-moderno-comunicado-importante-amarelo-2-75x75.png 75w\" sizes=\"auto, (max-width: 1080px) 100vw, 1080px\" \/><\/p>\n<p><a href=\"https:\/\/docs.google.com\/forms\/d\/e\/1FAIpQLSdbyBGVgINKAe6BjbzF6bYS1An8cgmFd0wYwQdzixCZind2pg\/viewform\"><img loading=\"lazy\" decoding=\"async\" class=\" wp-image-3212 aligncenter\" src=\"https:\/\/www3.santoandre.sp.gov.br\/gcz\/wp-content\/uploads\/2025\/03\/feira-de-adocao-6.png\" alt=\"\" width=\"270\" height=\"108\" srcset=\"https:\/\/www3.santoandre.sp.gov.br\/gcz\/wp-content\/uploads\/2025\/03\/feira-de-adocao-6.png 591w, https:\/\/www3.santoandre.sp.gov.br\/gcz\/wp-content\/uploads\/2025\/03\/feira-de-adocao-6-300x120.png 300w\" sizes=\"auto, (max-width: 270px) 100vw, 270px\" \/><\/a><\/p>\n<p>&nbsp;<\/p>\n<p>_________________________________________________________________________________________________________<\/p>\n<p style=\"text-align: center;\"><span style=\"color: #000000;\"><strong><span style=\"font-size: 14pt;\">Lembre-se:<\/span><\/strong><\/span><\/p>\n<p><img loading=\"lazy\" decoding=\"async\" class=\"wp-image-3250 aligncenter\" src=\"https:\/\/www3.santoandre.sp.gov.br\/gcz\/wp-content\/uploads\/2025\/03\/1-BANNER-QUEM-AMA-E-RESPONSAVEL-PNG.png\" alt=\"\" width=\"563\" height=\"845\" srcset=\"https:\/\/www3.santoandre.sp.gov.br\/gcz\/wp-content\/uploads\/2025\/03\/1-BANNER-QUEM-AMA-E-RESPONSAVEL-PNG.png 3023w, https:\/\/www3.santoandre.sp.gov.br\/gcz\/wp-content\/uploads\/2025\/03\/1-BANNER-QUEM-AMA-E-RESPONSAVEL-PNG-200x300.png 200w, https:\/\/www3.santoandre.sp.gov.br\/gcz\/wp-content\/uploads\/2025\/03\/1-BANNER-QUEM-AMA-E-RESPONSAVEL-PNG-683x1024.png 683w, https:\/\/www3.santoandre.sp.gov.br\/gcz\/wp-content\/uploads\/2025\/03\/1-BANNER-QUEM-AMA-E-RESPONSAVEL-PNG-768x1152.png 768w, https:\/\/www3.santoandre.sp.gov.br\/gcz\/wp-content\/uploads\/2025\/03\/1-BANNER-QUEM-AMA-E-RESPONSAVEL-PNG-1024x1536.png 1024w, https:\/\/www3.santoandre.sp.gov.br\/gcz\/wp-content\/uploads\/2025\/03\/1-BANNER-QUEM-AMA-E-RESPONSAVEL-PNG-1365x2048.png 1365w, https:\/\/www3.santoandre.sp.gov.br\/gcz\/wp-content\/uploads\/2025\/03\/1-BANNER-QUEM-AMA-E-RESPONSAVEL-PNG-1140x1710.png 1140w\" sizes=\"auto, (max-width: 563px) 100vw, 563px\" \/><img loading=\"lazy\" decoding=\"async\" class=\"wp-image-3251 aligncenter\" src=\"https:\/\/www3.santoandre.sp.gov.br\/gcz\/wp-content\/uploads\/2025\/03\/BANNER-LEGISLACAO.png\" alt=\"\" width=\"554\" height=\"832\" srcset=\"https:\/\/www3.santoandre.sp.gov.br\/gcz\/wp-content\/uploads\/2025\/03\/BANNER-LEGISLACAO.png 3023w, https:\/\/www3.santoandre.sp.gov.br\/gcz\/wp-content\/uploads\/2025\/03\/BANNER-LEGISLACAO-200x300.png 200w, https:\/\/www3.santoandre.sp.gov.br\/gcz\/wp-content\/uploads\/2025\/03\/BANNER-LEGISLACAO-683x1024.png 683w, https:\/\/www3.santoandre.sp.gov.br\/gcz\/wp-content\/uploads\/2025\/03\/BANNER-LEGISLACAO-768x1152.png 768w, https:\/\/www3.santoandre.sp.gov.br\/gcz\/wp-content\/uploads\/2025\/03\/BANNER-LEGISLACAO-1024x1536.png 1024w, https:\/\/www3.santoandre.sp.gov.br\/gcz\/wp-content\/uploads\/2025\/03\/BANNER-LEGISLACAO-1365x2048.png 1365w, https:\/\/www3.santoandre.sp.gov.br\/gcz\/wp-content\/uploads\/2025\/03\/BANNER-LEGISLACAO-1140x1710.png 1140w\" sizes=\"auto, (max-width: 554px) 100vw, 554px\" \/><\/p>\n","protected":false},"excerpt":{"rendered":"<p>*Programa gratuito! A feira de ado\u00e7\u00e3o EU AMO, EU ADOTO do departamento de Gerencia de Controle de Zoonoses ocorre todo \u00faltimo domingo do m\u00eas com raras exce\u00e7\u00f5es confira o calend\u00e1rio: Calend\u00e1rio 2026: \ud83d\udcc6 A feira tem in\u00edcio \u00e1s 10h00 da manh\u00e3 at\u00e9 as 15h00. Com a disponibilidade de ado\u00e7\u00e3o de C\u00e3es e Gatos. &nbsp; _________________________________________________________________________________________________________ Lembre-se:<\/p>\n","protected":false},"author":4,"featured_media":0,"parent":0,"menu_order":0,"comment_status":"closed","ping_status":"closed","template":"","meta":{"footnotes":""},"class_list":["post-2571","page","type-page","status-publish","hentry"],"rttpg_featured_image_url":null,"rttpg_author":{"display_name":"LSERZEDELLO SANTO ANDRE","author_link":"https:\/\/www3.santoandre.sp.gov.br\/gcz\/index.php\/author\/acbsilva\/"},"rttpg_comment":0,"rttpg_category":null,"rttpg_excerpt":"*Programa gratuito! A feira de ado\u00e7\u00e3o EU AMO, EU ADOTO do departamento de Gerencia de Controle de Zoonoses ocorre todo \u00faltimo domingo do m\u00eas com raras exce\u00e7\u00f5es confira o calend\u00e1rio: Calend\u00e1rio 2026: \ud83d\udcc6 A feira tem in\u00edcio \u00e1s 10h00 da manh\u00e3 at\u00e9 as 15h00. Com a disponibilidade de ado\u00e7\u00e3o de C\u00e3es e Gatos. &nbsp; _________________________________________________________________________________________________________&hellip;","_links":{"self":[{"href":"https:\/\/www3.santoandre.sp.gov.br\/gcz\/index.php\/wp-json\/wp\/v2\/pages\/2571","targetHints":{"allow":["GET"]}}],"collection":[{"href":"https:\/\/www3.santoandre.sp.gov.br\/gcz\/index.php\/wp-json\/wp\/v2\/pages"}],"about":[{"href":"https:\/\/www3.santoandre.sp.gov.br\/gcz\/index.php\/wp-json\/wp\/v2\/types\/page"}],"author":[{"embeddable":true,"href":"https:\/\/www3.santoandre.sp.gov.br\/gcz\/index.php\/wp-json\/wp\/v2\/users\/4"}],"replies":[{"embeddable":true,"href":"https:\/\/www3.santoandre.sp.gov.br\/gcz\/index.php\/wp-json\/wp\/v2\/comments?post=2571"}],"version-history":[{"count":40,"href":"https:\/\/www3.santoandre.sp.gov.br\/gcz\/index.php\/wp-json\/wp\/v2\/pages\/2571\/revisions"}],"predecessor-version":[{"id":3884,"href":"https:\/\/www3.santoandre.sp.gov.br\/gcz\/index.php\/wp-json\/wp\/v2\/pages\/2571\/revisions\/3884"}],"wp:attachment":[{"href":"https:\/\/www3.santoandre.sp.gov.br\/gcz\/index.php\/wp-json\/wp\/v2\/media?parent=2571"}],"curies":[{"name":"wp","href":"https:\/\/api.w.org\/{rel}","templated":true}]}}