{"id":27028,"date":"2021-07-29T05:32:23","date_gmt":"2021-07-29T08:32:23","guid":{"rendered":"https:\/\/www3.santoandre.sp.gov.br\/fip\/?page_id=27028"},"modified":"2025-07-15T10:42:42","modified_gmt":"2025-07-15T13:42:42","slug":"como-chegar","status":"publish","type":"page","link":"https:\/\/www3.santoandre.sp.gov.br\/fip\/como-chegar\/","title":{"rendered":"Como chegar \u00e0 Vila de Paranapiacaba"},"content":{"rendered":"<p class=\"fonts-plugin-block \" style=\"font-size: 58px;line-height: 2.8;text-align: center\"><strong>Como chegar \u00e0 Vila de Paranapiacaba<\/strong><\/p>\n\n\n<p><br><br><\/p>\n\n\n\n<p><br><\/p>\n\n\n\n<div class=\"wp-block-columns are-vertically-aligned-top is-layout-flex wp-container-core-columns-is-layout-9d6595d7 wp-block-columns-is-layout-flex\">\n<div class=\"wp-block-column is-vertically-aligned-top is-layout-flow wp-block-column-is-layout-flow\">\n<p class=\"has-text-align-justify\">Confira abaixo as formas de chegar \u00e0 Vila de Paranapiacaba!<\/p>\n\n\n\n<p><\/p>\n\n\n\n<p><\/p>\n\n\n\n<p><\/p>\n\n\n\n<p><strong>De carro<\/strong><br>O visitante que for\u00a0de\u00a0ve\u00edculo pr\u00f3prio vai contar com estacionamento na Rodovia\u00a0Dep. Adib Chammas, altura do km 47, e no local ter acesso a um dos \u00f4nibus gratuitos que ir\u00e3o at\u00e9 a parte baixa, com\u00a0desembarque ao lado da Casa Fox. <br><br><strong>Valores do estacionamento: R$ 60 (carro), R$ 50 (moto), R$ 120 (vans) e R$ 240 (\u00f4nibus).\u00a0<\/strong><\/p>\n\n\n\n<p><\/p>\n\n\n\n<p><strong>TRANSPORTE P\u00daBLICO (PARTE ALTA)<\/strong><\/p>\n\n\n\n<p>\u00d4nibus<\/p>\n\n\n\n<p>Partidas do Terminal Rodovi\u00e1rio de Santo Andr\u00e9 Leste (TERSA). Linha 040- Paranapiacaba da Via\u00e7\u00e3o Ribeir\u00e3o Pires.<\/p>\n\n\n\n<p>Trem e \u00f4nibus<\/p>\n\n\n\n<p>Ir at\u00e9 a esta\u00e7\u00e3o terminal Rio Grande da Serra (CPTM) \u2013 linha Diamante, caminhar at\u00e9 a rua Pastor Aquilino Sartori, 02 \u2013 RGS e pegar pegar as linhas de \u00d4nibus intermunicipais direto a Paranapiacaba.<\/p>\n\n\n\n<p><strong>EXPRESSO TUR\u00cdSTICO (PARTE BAIXA)<\/strong><\/p>\n\n\n\n<p>Confira a disponibilidade, no site da&nbsp;<strong><a href=\"https:\/\/bileto.sympla.com.br\/event\/78124?utm_source=site-symplabileto-production&amp;utm_medium=webapp_share&amp;utm_campaign=webapp_share_event_78124\">Sympla<\/a><\/strong>.<\/p>\n<\/div>\n\n\n\n<div class=\"wp-block-column is-vertically-aligned-top is-layout-flow wp-block-column-is-layout-flow\">\n<figure class=\"wp-block-gallery aligncenter has-nested-images columns-default is-cropped wp-block-gallery-1 is-layout-flex wp-block-gallery-is-layout-flex\">\n<figure class=\"wp-block-image size-medium\"><a href=\"https:\/\/i0.wp.com\/www3.santoandre.sp.gov.br\/fip\/wp-content\/uploads\/2021\/07\/WhatsApp-Image-2019-07-23-at-20.20.17-1.jpeg?ssl=1\" data-rel=\"lightbox-gallery-RDVPcEGg\" data-rl_title=\"\" data-rl_caption=\"\" title=\"\"><img data-recalc-dims=\"1\" loading=\"lazy\" decoding=\"async\" width=\"300\" height=\"200\" data-id=\"27043\" src=\"https:\/\/i0.wp.com\/www3.santoandre.sp.gov.br\/fip\/wp-content\/uploads\/2021\/07\/WhatsApp-Image-2019-07-23-at-20.20.17-1.jpeg?resize=300%2C200&#038;ssl=1\" alt=\"\" class=\"wp-image-27043\" srcset=\"https:\/\/i0.wp.com\/www3.santoandre.sp.gov.br\/fip\/wp-content\/uploads\/2021\/07\/WhatsApp-Image-2019-07-23-at-20.20.17-1.jpeg?resize=300%2C200&amp;ssl=1 300w, https:\/\/i0.wp.com\/www3.santoandre.sp.gov.br\/fip\/wp-content\/uploads\/2021\/07\/WhatsApp-Image-2019-07-23-at-20.20.17-1.jpeg?resize=1024%2C682&amp;ssl=1 1024w, https:\/\/i0.wp.com\/www3.santoandre.sp.gov.br\/fip\/wp-content\/uploads\/2021\/07\/WhatsApp-Image-2019-07-23-at-20.20.17-1.jpeg?resize=768%2C512&amp;ssl=1 768w, https:\/\/i0.wp.com\/www3.santoandre.sp.gov.br\/fip\/wp-content\/uploads\/2021\/07\/WhatsApp-Image-2019-07-23-at-20.20.17-1.jpeg?resize=272%2C182&amp;ssl=1 272w, https:\/\/i0.wp.com\/www3.santoandre.sp.gov.br\/fip\/wp-content\/uploads\/2021\/07\/WhatsApp-Image-2019-07-23-at-20.20.17-1.jpeg?w=1280&amp;ssl=1 1280w\" sizes=\"auto, (max-width: 300px) 100vw, 300px\" \/><\/a><\/figure>\n<\/figure>\n<\/div>\n<\/div>\n\n\n\n<p><\/p>\n","protected":false},"excerpt":{"rendered":"<p>Confira abaixo as formas de chegar \u00e0 Vila de Paranapiacaba! De carroO visitante que for\u00a0de\u00a0ve\u00edculo pr\u00f3prio vai contar com estacionamento na Rodovia\u00a0Dep. Adib Chammas, altura do km 47, e no local ter acesso a um dos \u00f4nibus gratuitos que ir\u00e3o at\u00e9 a parte baixa, com\u00a0desembarque ao lado da Casa Fox. Valores do estacionamento: R$ 60&hellip;<\/p>\n","protected":false},"author":1,"featured_media":0,"parent":0,"menu_order":0,"comment_status":"closed","ping_status":"closed","template":"","meta":{"ngg_post_thumbnail":0,"pgc_sgb_lightbox_settings":"","footnotes":""},"class_list":["post-27028","page","type-page","status-publish","hentry"],"jetpack_sharing_enabled":true,"_links":{"self":[{"href":"https:\/\/www3.santoandre.sp.gov.br\/fip\/wp-json\/wp\/v2\/pages\/27028","targetHints":{"allow":["GET"]}}],"collection":[{"href":"https:\/\/www3.santoandre.sp.gov.br\/fip\/wp-json\/wp\/v2\/pages"}],"about":[{"href":"https:\/\/www3.santoandre.sp.gov.br\/fip\/wp-json\/wp\/v2\/types\/page"}],"author":[{"embeddable":true,"href":"https:\/\/www3.santoandre.sp.gov.br\/fip\/wp-json\/wp\/v2\/users\/1"}],"replies":[{"embeddable":true,"href":"https:\/\/www3.santoandre.sp.gov.br\/fip\/wp-json\/wp\/v2\/comments?post=27028"}],"version-history":[{"count":3,"href":"https:\/\/www3.santoandre.sp.gov.br\/fip\/wp-json\/wp\/v2\/pages\/27028\/revisions"}],"predecessor-version":[{"id":27790,"href":"https:\/\/www3.santoandre.sp.gov.br\/fip\/wp-json\/wp\/v2\/pages\/27028\/revisions\/27790"}],"wp:attachment":[{"href":"https:\/\/www3.santoandre.sp.gov.br\/fip\/wp-json\/wp\/v2\/media?parent=27028"}],"curies":[{"name":"wp","href":"https:\/\/api.w.org\/{rel}","templated":true}]}}