{"id":25780,"date":"2021-07-21T11:12:29","date_gmt":"2021-07-21T14:12:29","guid":{"rendered":"https:\/\/www3.santoandre.sp.gov.br\/fip\/?page_id=25780"},"modified":"2025-07-15T10:57:05","modified_gmt":"2025-07-15T13:57:05","slug":"programacao","status":"publish","type":"page","link":"https:\/\/www3.santoandre.sp.gov.br\/fip\/sabado-19-07-25\/programacao\/","title":{"rendered":"Programa\u00e7\u00e3o"},"content":{"rendered":"<p class=\"fonts-plugin-block \" style=\"font-size: 56px;line-height: 2.8;text-align: center\"><strong>Programa\u00e7\u00e3o<\/strong><\/p>\n\n\n<div class=\"wp-block-buttons is-layout-flex wp-block-buttons-is-layout-flex\">\n<div class=\"wp-block-button has-custom-width wp-block-button__width-50 is-style-fill\"><a class=\"wp-block-button__link has-background has-medium-font-size has-custom-font-size wp-element-button\" href=\"https:\/\/www3.santoandre.sp.gov.br\/fip\/sabado-19-07-25\/\" style=\"background-color:#5b64b9\">Sab\u00e1do &#8211; 19\/07<\/a><\/div>\n\n\n\n<div class=\"wp-block-button has-custom-width wp-block-button__width-50 is-style-fill\"><a class=\"wp-block-button__link has-background has-medium-font-size has-custom-font-size wp-element-button\" href=\"https:\/\/www3.santoandre.sp.gov.br\/fip\/domingo-20-07-2025\/\" style=\"background-color:#5b64b9\">Domingo &#8211; 20\/07<\/a><\/div>\n\n\n\n<div class=\"wp-block-button has-custom-width wp-block-button__width-50 is-style-fill\"><a class=\"wp-block-button__link has-background has-medium-font-size has-custom-font-size wp-element-button\" href=\"https:\/\/www3.santoandre.sp.gov.br\/fip\/sabado-26-07-2025\/\" style=\"background-color:#5b64b9\">S\u00e1bado &#8211; 26\/07<\/a><\/div>\n\n\n\n<div class=\"wp-block-button has-custom-width wp-block-button__width-50 is-style-fill\"><a class=\"wp-block-button__link has-background has-medium-font-size has-custom-font-size wp-element-button\" href=\"https:\/\/www3.santoandre.sp.gov.br\/fip\/domingo-27-07-25\/\" style=\"background-color:#5b64b9\">Domingo &#8211; 27\/07<\/a><\/div>\n<\/div>\n\n\n\n<h2 class=\"wp-block-heading has-text-align-center has-small-font-size\">Programa\u00e7\u00e3o sujeita a altera\u00e7\u00e3o<\/h2>\n\n\n\n<p><\/p>\n","protected":false},"excerpt":{"rendered":"<p>Programa\u00e7\u00e3o sujeita a altera\u00e7\u00e3o<\/p>\n","protected":false},"author":4,"featured_media":0,"parent":25821,"menu_order":0,"comment_status":"closed","ping_status":"closed","template":"","meta":{"ngg_post_thumbnail":0,"pgc_sgb_lightbox_settings":"","footnotes":""},"class_list":["post-25780","page","type-page","status-publish","hentry"],"jetpack_sharing_enabled":true,"_links":{"self":[{"href":"https:\/\/www3.santoandre.sp.gov.br\/fip\/wp-json\/wp\/v2\/pages\/25780","targetHints":{"allow":["GET"]}}],"collection":[{"href":"https:\/\/www3.santoandre.sp.gov.br\/fip\/wp-json\/wp\/v2\/pages"}],"about":[{"href":"https:\/\/www3.santoandre.sp.gov.br\/fip\/wp-json\/wp\/v2\/types\/page"}],"author":[{"embeddable":true,"href":"https:\/\/www3.santoandre.sp.gov.br\/fip\/wp-json\/wp\/v2\/users\/4"}],"replies":[{"embeddable":true,"href":"https:\/\/www3.santoandre.sp.gov.br\/fip\/wp-json\/wp\/v2\/comments?post=25780"}],"version-history":[{"count":2,"href":"https:\/\/www3.santoandre.sp.gov.br\/fip\/wp-json\/wp\/v2\/pages\/25780\/revisions"}],"predecessor-version":[{"id":27800,"href":"https:\/\/www3.santoandre.sp.gov.br\/fip\/wp-json\/wp\/v2\/pages\/25780\/revisions\/27800"}],"up":[{"embeddable":true,"href":"https:\/\/www3.santoandre.sp.gov.br\/fip\/wp-json\/wp\/v2\/pages\/25821"}],"wp:attachment":[{"href":"https:\/\/www3.santoandre.sp.gov.br\/fip\/wp-json\/wp\/v2\/media?parent=25780"}],"curies":[{"name":"wp","href":"https:\/\/api.w.org\/{rel}","templated":true}]}}