
{"id":44335,"date":"2023-10-09T11:18:01","date_gmt":"2023-10-09T14:18:01","guid":{"rendered":"https:\/\/www3.santoandre.sp.gov.br\/cultura\/?page_id=44335"},"modified":"2023-11-07T15:50:42","modified_gmt":"2023-11-07T18:50:42","slug":"conferencia-de-cultura","status":"publish","type":"page","link":"https:\/\/www3.santoandre.sp.gov.br\/cultura\/conferencia-de-cultura\/","title":{"rendered":"confer\u00eancia-de-cultura"},"content":{"rendered":"\n\n\t<h4><strong>Confer\u00eancia Municipal de Cultura de Santo Andr\u00e9 2023<\/strong><br \/>\n<strong>Dia 27 de outubro, sexta-feira, a partir das 18h<\/strong><br \/>\n<strong>E dia 28 de outubro, s\u00e1bado, a partir das 08h<\/strong><br \/>\n<strong>Local: Teatro Conchita de Moraes | Pra\u00e7a Rui Barbosa, s\/n\u00ba &#8211; Santa Terezinha.<\/strong><\/h4>\n\t<h4>Nos dias 27 e 28 de outubro, Santo Andr\u00e9 realizou a Confer\u00eancia Municipal de Cultura. A atividade integra uma agenda maior, definida pelo Minist\u00e9rio da Cultura para a 4\u00aa Confer\u00eancia Nacional de Cultura, como segue:<\/h4>\n<p>&nbsp;<\/p>\n<h4>I &#8211; Confer\u00eancias Municipais ou Intermunicipais<br \/>\nII &#8211; Confer\u00eancias Regionais ou Territoriais<br \/>\nIII &#8211; Confer\u00eancias Estaduais e do Distrito Federal<br \/>\nIV &#8211; Confer\u00eancias Livres;<\/h4>\n<h4>V &#8211; Confer\u00eancias Tem\u00e1ticas<br \/>\nVI &#8211; Encontros Setoriais<br \/>\nVII &#8211; Confer\u00eancia Nacional<\/h4>\n\n<h4>Os debates ser\u00e3o conduzidos pelos eixos tem\u00e1ticos da Confer\u00eancia Nacional:<\/h4>\n<h4>Eixo 1 &#8211; Institucionaliza\u00e7\u00e3o, Marcos Legais e Sistema Nacional de Cultura<br \/>\nEixo 2 &#8211; Democratiza\u00e7\u00e3o do acesso \u00e0 cultura e Participa\u00e7\u00e3o Social<br \/>\nEixo 3 &#8211; Identidade, Patrim\u00f4nio e Mem\u00f3ria<br \/>\nEixo 4 &#8211; Diversidade Cultural e Transversalidades de G\u00eanero, Ra\u00e7a e Acessibilidade na Pol\u00edtica Cultural<br \/>\nEixo 5 &#8211; Economia Criativa, Trabalho, Renda e Sustentabilidade<br \/>\nEixo 6 &#8211; Direito \u00e0s Artes e \u00e0s Linguagens Digitais.<\/h4>\n\n<h4>Na Confer\u00eancia Municipal ser\u00e3o definidas as propostas e eleitos os delegados que representar\u00e3o a cidade na etapa estadual. A atividade ser\u00e1 realizada em parceria com o Conselho Municipal de Pol\u00edticas Culturais e poder\u00e3o participar fazedores de cultura da cidade interessados em contribuir com as discuss\u00f5es.<\/h4>\n\t<p><strong>Resumo da confer\u00eancia a baixo\u00a0<\/strong><\/p>\n<h2>\n\t\tPrograma\u00e7\u00e3o\n\t<\/h2>\n\t<h4><strong>Dia 27 de outubro<\/strong><\/h4>\n<hr \/>\n<p><strong>18h \u00e0s 20h<\/strong> &#8211; Credenciamento | Recep\u00e7\u00e3o + Coffee<\/p>\n<p><strong>18h30 \u00e0s 18h50<\/strong> &#8211; Apresenta\u00e7\u00e3o da Orquestra Sinf\u00f4nica de Santo Andr\u00e9 (OSSA) com participa\u00e7\u00e3o de Jo\u00e3o Cristal e Nat\u00e1lia Serrano.<\/p>\n<p><strong>18h50 \u00e0s 19h<\/strong> &#8211; &#8216;Confer\u00eancia Mirim da EMIA: Apresenta\u00e7\u00e3o de uma experi\u00eancia avaliativa na EMIA Aron Feldman&#8217;<\/p>\n<p><strong>19h \u00e0s 19h45<\/strong> &#8211; Abertura oficial<\/p>\n<p><strong>19h45 \u00e0s 21h<\/strong> &#8211; Palestra &#8216;Democracia e Direito \u00e0 Cultura: Um Olhar A Partir do Grande ABC&#8217; com Prof. Dr. L\u00facio Bittencourt, Professor Adjunto da Universidade Federal do ABC (UFABC)<\/p>\n<p><strong>21h<\/strong> &#8211; Encerramento<\/p>\n\t<h4><strong>Dia 28 de outubro<\/strong><\/h4>\n<hr \/>\n<p><strong>8h \u00e0s 9h30<\/strong> &#8211; Credenciamento | Recep\u00e7\u00e3o + Coffee<\/p>\n<p><strong>9h30 \u00e0s 10h<\/strong> &#8211; Abertura, leitura e aprova\u00e7\u00e3o do regimento interno<\/p>\n<p><strong>10h \u00e0s 13h<\/strong> &#8211; Distribui\u00e7\u00e3o dos grupos de discuss\u00f5es e mesas<\/p>\n<p><strong>13h \u00e0s 14h30<\/strong> &#8211; Intervalo para almo\u00e7o<\/p>\n<p><strong>14h30 \u00e0s 15h<\/strong> &#8211; Apresenta\u00e7\u00e3o cultural | Orquestra de Viola Caipira<\/p>\n<p><strong>15h \u00e0s 17h<\/strong> &#8211; Plen\u00e1ria final: aprova\u00e7\u00e3o das propostas e elei\u00e7\u00e3o de delegados<\/p>\n<p><strong>17h<\/strong> &#8211; Encerramento com apresenta\u00e7\u00e3o cultural | Cortejo<\/p>\n<h2>\n\t\tDocumentos\n\t<\/h2>\n\t<h4>Documentos base da Confer\u00eancia Nacional de Cultura:<\/h4>\n<h4><a href=\"http:\/\/cnpc.cultura.gov.br\/wp-content\/uploads\/sites\/3\/2022\/08\/Documento-Base-20-09.pdf\">http:\/\/cnpc.cultura.gov.br\/wp-content\/uploads\/sites\/3\/2022\/08\/Documento-Base-20-09.pdf<\/a><\/h4>\n\n<h4>Sistema Municipal de Cultura de Santo Andr\u00e9:<\/h4>\n<h4><a href=\"https:\/\/www3.santoandre.sp.gov.br\/cultura\/leis-sistema-municipal\/\">https:\/\/www3.santoandre.sp.gov.br\/cultura\/leis-sistema-municipal\/<\/a><\/h4>\n<h2>\n\t\tConfer\u00eancias descentralizadas\n\t<\/h2>\n\t<h4>Para ampliar as discuss\u00f5es da Confer\u00eancia Municipal de Cultura e facilitar o acesso ao maior n\u00famero participantes, a Secretaria de Cultura de Santo Andr\u00e9 ir\u00e1 realizar cinco Confer\u00eancias Descentralizadas em v\u00e1rios pontos da cidade.<\/h4>\n\n<h4>Nos encontros, ser\u00e3o apresentados e discutidos os seis eixos tem\u00e1ticos e levantadas propostas a serem encaminhadas \u00e0 etapa municipal. Poder\u00e3o ser indicados delegados, mas os candidatos dever\u00e3o estar presente na Confer\u00eancia Municipal para participar da elei\u00e7\u00e3o geral.<\/h4>\n\n<h4>Confira as datas:<\/h4>\n\n<h4>16\/10, \u00e0s 19h | CEU Ana Maria<\/h4>\n<h4>16\/10, \u00e0s 19h | CEU Marek<\/h4>\n<h4>18\/10, \u00e0s 19h | CESA Vila Palmares<\/h4>\n<h4>18\/10, \u00e0s 19h | CESA Cata Preta<\/h4>\n<h4>20\/10, \u00e0s 19h | Vila de Paranapiacaba (Galp\u00e3o das Oficinas)<\/h4>\n<h2>\n\t\tReuni\u00e3o Pr\u00e9-Confer\u00eancia\n\t<\/h2>\n\t<h4>No dia 29 de agosto, no Teatro Conchita de Moraes, foi realizado encontro de prepara\u00e7\u00e3o para a Confer\u00eancia Municipal de Cultura de Santo Andr\u00e9. O encontro foi conduzido pela especialista em Pol\u00edticas de Cultura Ana Paula do Val, que abordou o Sistema Nacional de Cultura e os componentes que integram sua estrutura.<\/h4>\n\n<h4>O registro da reuni\u00e3o est\u00e1 dispon\u00edvel no canal do YouTube da Secretaria de Cultura:<\/h4>\n\n        <a href=\"https:\/\/www.youtube.com\/watch?v=lauB7RFIJBQ.\" target=\"_blank\" rel=\"noopener\">\n        <\/a>\n<h2>\n\t\tContato\n\t<\/h2>\n\t<h4><a href=\"mailto:secultsantoandre@santoandre.sp.gov.br\">secultsantoandre@santoandre.sp.gov.br<\/a><\/h4>\n\n<h4>Instagram e Facebook: <a href=\"https:\/\/www.instagram.com\/secult.santoandre\/\">@secult.santoandre<\/a><\/h4>\n\n","protected":false},"excerpt":{"rendered":"<p>Confer\u00eancia Municipal de Cultura de Santo Andr\u00e9 2023 Dia 27 de outubro, sexta-feira, a partir das 18h E dia 28 de outubro, s\u00e1bado, a partir das 08h Local: Teatro Conchita de Moraes | Pra\u00e7a Rui Barbosa, s\/n\u00ba &#8211; Santa Terezinha. Nos dias 27 e 28 de outubro, Santo Andr\u00e9 realizou a Confer\u00eancia Municipal de Cultura.&hellip;<\/p>\n","protected":false},"author":1,"featured_media":0,"parent":0,"menu_order":0,"comment_status":"closed","ping_status":"closed","template":"template-page-builder-no-header-footer.php","meta":{"footnotes":""},"class_list":["post-44335","page","type-page","status-publish","hentry"],"jetpack_sharing_enabled":true,"_links":{"self":[{"href":"https:\/\/www3.santoandre.sp.gov.br\/cultura\/wp-json\/wp\/v2\/pages\/44335","targetHints":{"allow":["GET"]}}],"collection":[{"href":"https:\/\/www3.santoandre.sp.gov.br\/cultura\/wp-json\/wp\/v2\/pages"}],"about":[{"href":"https:\/\/www3.santoandre.sp.gov.br\/cultura\/wp-json\/wp\/v2\/types\/page"}],"author":[{"embeddable":true,"href":"https:\/\/www3.santoandre.sp.gov.br\/cultura\/wp-json\/wp\/v2\/users\/1"}],"replies":[{"embeddable":true,"href":"https:\/\/www3.santoandre.sp.gov.br\/cultura\/wp-json\/wp\/v2\/comments?post=44335"}],"version-history":[{"count":17,"href":"https:\/\/www3.santoandre.sp.gov.br\/cultura\/wp-json\/wp\/v2\/pages\/44335\/revisions"}],"predecessor-version":[{"id":46522,"href":"https:\/\/www3.santoandre.sp.gov.br\/cultura\/wp-json\/wp\/v2\/pages\/44335\/revisions\/46522"}],"wp:attachment":[{"href":"https:\/\/www3.santoandre.sp.gov.br\/cultura\/wp-json\/wp\/v2\/media?parent=44335"}],"curies":[{"name":"wp","href":"https:\/\/api.w.org\/{rel}","templated":true}]}}