
{"id":14061,"date":"2022-05-20T14:29:44","date_gmt":"2022-05-20T17:29:44","guid":{"rendered":"https:\/\/www3.santoandre.sp.gov.br\/cultura\/?page_id=14061"},"modified":"2022-05-30T13:24:28","modified_gmt":"2022-05-30T16:24:28","slug":"post-14061","status":"publish","type":"page","link":"https:\/\/www3.santoandre.sp.gov.br\/cultura\/post-14061\/","title":{"rendered":"Post #14061"},"content":{"rendered":"\n\n\t<h1><strong>SISTEMA MUNICIPAL DE CULTURA<\/strong><\/h1>\n<p>&nbsp;<\/p>\n<p>O Sistema Municipal de Cultura de Santo Andr\u00e9 (SMC) foi institu\u00eddo pela Lei n\u00ba 9.776, de 07 de dezembro de 2015, e integra o Sistema Nacional de Cultura (SNC). Constitui o principal articulador, no \u00e2mbito municipal, das pol\u00edticas p\u00fablicas de cultura, estabelecendo mecanismos de gest\u00e3o compartilhada com os demais entes federados e a sociedade civil.<\/p>\n<p>\u00c9 um instrumento de articula\u00e7\u00e3o, gest\u00e3o, fomento e promo\u00e7\u00e3o de pol\u00edticas p\u00fablicas, bem como de informa\u00e7\u00e3o e forma\u00e7\u00e3o na \u00e1rea cultural, tendo como ess\u00eancia a coordena\u00e7\u00e3o e coopera\u00e7\u00e3o intergovernamental com vistas ao fortalecimento institucional, \u00e0 democratiza\u00e7\u00e3o dos processos decis\u00f3rios e \u00e0 obten\u00e7\u00e3o de economicidade, efici\u00eancia, efic\u00e1cia, equidade e efetividade na aplica\u00e7\u00e3o dos recursos p\u00fablicos.<\/p>\n<p>O SMC fundamenta-se na pol\u00edtica municipal de cultura e nas suas diretrizes estabelecidas no Plano Municipal de Cultura para instituir um processo de gest\u00e3o compartilhada com os demais entes federativos da Rep\u00fablica Brasileira &#8211; Uni\u00e3o, Estados, Munic\u00edpios e Distrito Federal e com suas respectivas pol\u00edticas e institui\u00e7\u00f5es culturais e a sociedade civil.<\/p>\n<p>At\u00e9 se chegar \u00e0 publica\u00e7\u00e3o da Lei que institui o Sistema Municipal de Cultura de Santo Andr\u00e9, o munic\u00edpio percorreu um longo caminho pautado no di\u00e1logo e na constru\u00e7\u00e3o coletivos entre o poder p\u00fablico e a sociedade civil.<\/p>\n<p>Fazem parte desse caminho as Confer\u00eancias Municipais de Cultura (em 2005, 2009, 2013 e 2015) e 21 reuni\u00f5es p\u00fablicas setoriais entre os meses de maio e junho de 2015 com o intuito de promover a discuss\u00e3o e a escuta para ent\u00e3o iniciar os trabalhos de reda\u00e7\u00e3o do Plano Municipal de Cultura, que \u00e9 a express\u00e3o cristalizada do mosaico de ideias coletadas ao longo do percurso de constru\u00e7\u00e3o do SMC.<\/p>\n<p>O Plano Municipal de Cultura \u00e9 um planejamento decenal (2019 &#8211; 2028) que cont\u00e9m as diretrizes que norteiam as a\u00e7\u00f5es em pol\u00edtica p\u00fablica de cultura para o munic\u00edpio de Santo Andr\u00e9.<\/p>\n<p>Integram o Sistema Municipal de Cultura:<\/p>\n<p><strong>I &#8211; Coordena\u00e7\u00e3o: <\/strong><\/p>\n<p>Secretaria de Cultura<\/p>\n<p><strong>II &#8211; Inst\u00e2ncias de Articula\u00e7\u00e3o, Pactua\u00e7\u00e3o e Delibera\u00e7\u00e3o:<\/strong><\/p>\na) Conselho Municipal de Pol\u00edticas Culturais &#8211; CMPC;<br \/>\nb) Confer\u00eancia Municipal de Cultura &#8211; CMC.\n<p><strong>III &#8211; Instrumentos de Gest\u00e3o:<\/strong><\/p>\na) Plano Municipal de Cultura &#8211; PMC (criado pela Lei municipal n\u00b0 10.138, de 22 de fevereiro de 2019);<br \/>\nb) Sistema Municipal de Financiamento \u00e0 Cultura &#8211; SMFC;<br \/>\nc) Sistema Municipal de Informa\u00e7\u00f5es e Indicadores Culturais &#8211; SMIIC;<br \/>\nd) Programa Municipal de Forma\u00e7\u00e3o Cultural &#8211; PROMFC\n<p>&nbsp;<\/p>\n<p><strong>IV &#8211; Sistemas Setoriais de Cultura:<\/strong><\/p>\na) Sistema Municipal de Patrim\u00f4nio Cultural &#8211; SMPC;<br \/>\nb) Sistema Municipal de Bibliotecas, Leitura e Literatura &#8211; SMBLL;<br \/>\nc) outros que venham a ser constitu\u00eddos.\n<p>Mais informa\u00e7\u00f5es <a href=\"https:\/\/culturaz.santoandre.sp.gov.br\/projeto\/111\">AQUI.<\/a><\/p>\n\t\t\t\t<img loading=\"lazy\" decoding=\"async\" src=\"https:\/\/www3.santoandre.sp.gov.br\/cultura\/wp-content\/uploads\/2022\/05\/GESTAO-DA-INFORMACAO.png\" alt=\"GEST\u00c3O DA INFORMA\u00c7\u00c3O\" itemprop=\"image\" height=\"139\" width=\"139\" title=\"GEST\u00c3O DA INFORMA\u00c7\u00c3O\" onerror=\"this.style.display='none'\"  \/>\n\t\t\t\t<a href=\"https:\/\/www3.santoandre.sp.gov.br\/cultura\/programa-incentivo-a-leitura\/\" target=\"_blank\" rel=\"noopener nofollow\" itemprop=\"url\">\n\t\t\t\t<img loading=\"lazy\" decoding=\"async\" src=\"https:\/\/www3.santoandre.sp.gov.br\/cultura\/wp-content\/uploads\/2022\/05\/PROMOCAO-A-INFORMACAO-E-INCENTIVO-A-LEITURA.png\" alt=\"PROMO\u00c7\u00c3O \u00c0 INFORMA\u00c7\u00c3O E INCENTIVO \u00c0 LEITURA\" itemprop=\"image\" height=\"139\" width=\"139\" title=\"PROMO\u00c7\u00c3O \u00c0 INFORMA\u00c7\u00c3O E INCENTIVO \u00c0 LEITURA\" onerror=\"this.style.display='none'\"  \/>\n\t\t\t\t<\/a>\n\t\t\t\t<img loading=\"lazy\" decoding=\"async\" src=\"https:\/\/www3.santoandre.sp.gov.br\/cultura\/wp-content\/uploads\/2022\/05\/INVENTARIO-DO-PATRIMONIO-CULTURAL.png\" alt=\"INVENT\u00c1RIO DO PATRIM\u00d4NIO CULTURAL\" itemprop=\"image\" height=\"139\" width=\"139\" title=\"INVENT\u00c1RIO DO PATRIM\u00d4NIO CULTURAL\" onerror=\"this.style.display='none'\"  \/>\n\t\t\t\t<img loading=\"lazy\" decoding=\"async\" src=\"https:\/\/www3.santoandre.sp.gov.br\/cultura\/wp-content\/uploads\/2022\/05\/PROGRAMA-INTEGRADO-DE-EDUCACAO-PATRIMONIAL.png\" alt=\"PROGRAMA INTEGRADO DE EDUCA\u00c7\u00c3O PATRIMONIAL\" itemprop=\"image\" height=\"139\" width=\"139\" title=\"PROGRAMA INTEGRADO DE EDUCA\u00c7\u00c3O PATRIMONIAL\" onerror=\"this.style.display='none'\"  \/>\n\t\t\t\t<a href=\"https:\/\/www3.santoandre.sp.gov.br\/cultura\/programa-memoria-e-preservacao-cultural\/\" target=\"_blank\" rel=\"noopener nofollow\" itemprop=\"url\">\n\t\t\t\t<img loading=\"lazy\" decoding=\"async\" src=\"https:\/\/www3.santoandre.sp.gov.br\/cultura\/wp-content\/uploads\/2022\/05\/GESTAO-DO-PATRIMONIO-CULTURAL.png\" alt=\"GEST\u00c3O DO PATRIM\u00d4NIO CULTURAL\" itemprop=\"image\" height=\"139\" width=\"139\" title=\"GEST\u00c3O DO PATRIM\u00d4NIO CULTURAL\" onerror=\"this.style.display='none'\"  \/>\n\t\t\t\t<\/a>\n\t\t\t\t<a href=\"https:\/\/www3.santoandre.sp.gov.br\/cultura\/sistema-setoriais\/\" target=\"_self\" itemprop=\"url\" rel=\"noopener\">\n\t\t\t\t<img loading=\"lazy\" decoding=\"async\" src=\"https:\/\/www3.santoandre.sp.gov.br\/cultura\/wp-content\/uploads\/2022\/05\/SMBLL.png\" alt=\"SMBLL\" itemprop=\"image\" height=\"139\" width=\"139\" title=\"SMBLL\" onerror=\"this.style.display='none'\"  \/>\n\t\t\t\t<\/a>\n\t\t\t\t<a href=\"https:\/\/www3.santoandre.sp.gov.br\/cultura\/sistema-setoriais\/\" target=\"_blank\" rel=\"noopener nofollow\" itemprop=\"url\">\n\t\t\t\t<img loading=\"lazy\" decoding=\"async\" src=\"https:\/\/www3.santoandre.sp.gov.br\/cultura\/wp-content\/uploads\/2022\/05\/SMPC.png\" alt=\"SMPC\" itemprop=\"image\" height=\"139\" width=\"139\" title=\"SMPC\" onerror=\"this.style.display='none'\"  \/>\n\t\t\t\t<\/a>\n\t\t\t\t<img loading=\"lazy\" decoding=\"async\" src=\"https:\/\/www3.santoandre.sp.gov.br\/cultura\/wp-content\/uploads\/2022\/05\/SISTEMAS-SETORIAIS-DE-CULTURA.png\" alt=\"SISTEMAS SETORIAIS DE CULTURA\" itemprop=\"image\" height=\"139\" width=\"139\" title=\"SISTEMAS SETORIAIS DE CULTURA\" onerror=\"this.style.display='none'\"  \/>\n\t\t\t\t<img loading=\"lazy\" decoding=\"async\" src=\"https:\/\/www3.santoandre.sp.gov.br\/cultura\/wp-content\/uploads\/2022\/05\/SISTEMA-MUNICIPAL-DE-CULTURA-1.png\" alt=\"SISTEMA MUNICIPAL DE CULTURA\" itemprop=\"image\" height=\"139\" width=\"139\" title=\"SISTEMA MUNICIPAL DE CULTURA\" onerror=\"this.style.display='none'\"  \/>\n\t\t\t\t<img loading=\"lazy\" decoding=\"async\" src=\"https:\/\/www3.santoandre.sp.gov.br\/cultura\/wp-content\/uploads\/2022\/05\/INSTRUMENTOS-DE-GESTAO.png\" alt=\"INSTRUMENTOS DE GEST\u00c3O\" itemprop=\"image\" height=\"139\" width=\"139\" title=\"INSTRUMENTOS DE GEST\u00c3O\" onerror=\"this.style.display='none'\"  \/>\n\t\t\t\t<img loading=\"lazy\" decoding=\"async\" src=\"https:\/\/www3.santoandre.sp.gov.br\/cultura\/wp-content\/uploads\/2022\/05\/INSTANCIAS-DE-ARTICULACAO-E-PACTUACAO.png\" alt=\"INST\u00c2NCIAS DE ARTICULA\u00c7\u00c3O E PACTUA\u00c7\u00c3O\" itemprop=\"image\" height=\"139\" width=\"139\" title=\"INST\u00c2NCIAS DE ARTICULA\u00c7\u00c3O E PACTUA\u00c7\u00c3O\" onerror=\"this.style.display='none'\"  \/>\n\t\t\t\t<a href=\"https:\/\/www3.santoandre.sp.gov.br\/cultura\/plano-municipal\/\" target=\"_blank\" rel=\"noopener nofollow\" itemprop=\"url\">\n\t\t\t\t<img loading=\"lazy\" decoding=\"async\" src=\"https:\/\/www3.santoandre.sp.gov.br\/cultura\/wp-content\/uploads\/2022\/05\/PMC-II.png\" alt=\"PMC II\" itemprop=\"image\" height=\"139\" width=\"139\" title=\"PMC II\" onerror=\"this.style.display='none'\"  \/>\n\t\t\t\t<\/a>\n\t\t\t\t<img loading=\"lazy\" decoding=\"async\" src=\"https:\/\/www3.santoandre.sp.gov.br\/cultura\/wp-content\/uploads\/2022\/05\/SISTEMA-MUNICIPAL-DE-FINANCIAMENTO-A-CULTURA.png\" alt=\"SISTEMA MUNICIPAL DE FINANCIAMENTO \u00c0 CULTURA\" itemprop=\"image\" height=\"139\" width=\"139\" title=\"SISTEMA MUNICIPAL DE FINANCIAMENTO \u00c0 CULTURA\" onerror=\"this.style.display='none'\"  \/>\n\t\t\t\t<img loading=\"lazy\" decoding=\"async\" src=\"https:\/\/www3.santoandre.sp.gov.br\/cultura\/wp-content\/uploads\/2022\/05\/PROMFC.png\" alt=\"PROMFC\" itemprop=\"image\" height=\"139\" width=\"139\" title=\"PROMFC\" onerror=\"this.style.display='none'\"  \/>\n\t\t\t\t<img loading=\"lazy\" decoding=\"async\" src=\"https:\/\/www3.santoandre.sp.gov.br\/cultura\/wp-content\/uploads\/2022\/05\/SMIIC.png\" alt=\"SMIIC\" itemprop=\"image\" height=\"139\" width=\"139\" title=\"SMIIC\" onerror=\"this.style.display='none'\"  \/>\n\t\t\t\t<img loading=\"lazy\" decoding=\"async\" src=\"https:\/\/www3.santoandre.sp.gov.br\/cultura\/wp-content\/uploads\/2022\/05\/CMC.png\" alt=\"CMC\" itemprop=\"image\" height=\"139\" width=\"139\" title=\"CMC\" onerror=\"this.style.display='none'\"  \/>\n\t\t\t\t<a href=\"https:\/\/www3.santoandre.sp.gov.br\/cultura\/conselhos\/\" target=\"_blank\" rel=\"noopener nofollow\" itemprop=\"url\">\n\t\t\t\t<img loading=\"lazy\" decoding=\"async\" src=\"https:\/\/www3.santoandre.sp.gov.br\/cultura\/wp-content\/uploads\/2022\/05\/CMPC.png\" alt=\"CMPC\" itemprop=\"image\" height=\"139\" width=\"139\" title=\"CMPC\" onerror=\"this.style.display='none'\"  \/>\n\t\t\t\t<\/a>\n\t\t\t\t<a href=\"https:\/\/www3.santoandre.sp.gov.br\/cultura\/post-12680\/\" target=\"_blank\" rel=\"noopener nofollow\" itemprop=\"url\">\n\t\t\t\t<img loading=\"lazy\" decoding=\"async\" src=\"https:\/\/www3.santoandre.sp.gov.br\/cultura\/wp-content\/uploads\/2022\/05\/PROGRAMA-ACAO-CULTURAL-TERRITORIAL.png\" alt=\"PROGRAMA A\u00c7\u00c3O CULTURAL TERRITORIAL\" itemprop=\"image\" height=\"139\" width=\"139\" title=\"PROGRAMA A\u00c7\u00c3O CULTURAL TERRITORIAL\" onerror=\"this.style.display='none'\"  \/>\n\t\t\t\t<\/a>\n\t\t\t\t<a href=\"https:\/\/www3.santoandre.sp.gov.br\/cultura\/post-12685\/\" target=\"_blank\" rel=\"noopener nofollow\" itemprop=\"url\">\n\t\t\t\t<img loading=\"lazy\" decoding=\"async\" src=\"https:\/\/www3.santoandre.sp.gov.br\/cultura\/wp-content\/uploads\/2022\/05\/APOIO-A-PRODUCAO-CULTURAL.png\" alt=\"APOIO \u00c0 PRODU\u00c7\u00c3O CULTURAL\" itemprop=\"image\" height=\"139\" width=\"139\" title=\"APOIO \u00c0 PRODU\u00c7\u00c3O CULTURAL\" onerror=\"this.style.display='none'\"  \/>\n\t\t\t\t<\/a>\n\t\t\t\t<a href=\"https:\/\/www3.santoandre.sp.gov.br\/cultura\/post-12688\/\" target=\"_blank\" rel=\"noopener nofollow\" itemprop=\"url\">\n\t\t\t\t<img loading=\"lazy\" decoding=\"async\" src=\"https:\/\/www3.santoandre.sp.gov.br\/cultura\/wp-content\/uploads\/2022\/05\/1-CORR-FRUICAO-DE-CULTURA-E-LAZER.png\" alt=\"1 CORR FRUI\u00c7\u00c2O DE CULTURA E LAZER\" itemprop=\"image\" height=\"139\" width=\"139\" title=\"1 CORR FRUI\u00c7\u00c2O DE CULTURA E LAZER\" onerror=\"this.style.display='none'\"  \/>\n\t\t\t\t<\/a>\n\t\t\t\t<a href=\"https:\/\/www3.santoandre.sp.gov.br\/cultura\/post-12693\/\" target=\"_blank\" rel=\"noopener nofollow\" itemprop=\"url\">\n\t\t\t\t<img loading=\"lazy\" decoding=\"async\" src=\"https:\/\/www3.santoandre.sp.gov.br\/cultura\/wp-content\/uploads\/2022\/05\/1-CORR-PROGRAMA-GESTAO-DE-CULTURA.png\" alt=\"1 CORR PROGRAMA GEST\u00c3O DE CULTURA\" itemprop=\"image\" height=\"139\" width=\"139\" title=\"1 CORR PROGRAMA GEST\u00c3O DE CULTURA\" onerror=\"this.style.display='none'\"  \/>\n\t\t\t\t<\/a>\n\t\t\t\t<a href=\"https:\/\/www3.santoandre.sp.gov.br\/cultura\/post-12696\/\" target=\"_blank\" rel=\"noopener nofollow\" itemprop=\"url\">\n\t\t\t\t<img loading=\"lazy\" decoding=\"async\" src=\"https:\/\/www3.santoandre.sp.gov.br\/cultura\/wp-content\/uploads\/2022\/05\/PROGRAMA-DE-GESTAO-PARTICIPATIVA-II.png\" alt=\"PROGRAMA DE GEST\u00c3O PARTICIPATIVA II\" itemprop=\"image\" height=\"139\" width=\"139\" title=\"PROGRAMA DE GEST\u00c3O PARTICIPATIVA II\" onerror=\"this.style.display='none'\"  \/>\n\t\t\t\t<\/a>\n\t\t\t\t<a href=\"https:\/\/www3.santoandre.sp.gov.br\/cultura\/post-12699\/\" target=\"_blank\" rel=\"noopener nofollow\" itemprop=\"url\">\n\t\t\t\t<img loading=\"lazy\" decoding=\"async\" src=\"https:\/\/www3.santoandre.sp.gov.br\/cultura\/wp-content\/uploads\/2022\/05\/INCENTIVO-A-CRIACAO-ARTISTICA-II.png\" alt=\"INCENTIVO \u00c0 CRIA\u00c7\u00c3O ART\u00cdSTICA II\" itemprop=\"image\" height=\"139\" width=\"140\" title=\"INCENTIVO \u00c0 CRIA\u00c7\u00c3O ART\u00cdSTICA II\" onerror=\"this.style.display='none'\"  \/>\n\t\t\t\t<\/a>\n\t\t\t\t<a href=\"https:\/\/www3.santoandre.sp.gov.br\/cultura\/programa-incentivo-a-leitura\/\" target=\"_blank\" rel=\"noopener nofollow\" itemprop=\"url\">\n\t\t\t\t<img loading=\"lazy\" decoding=\"async\" src=\"https:\/\/www3.santoandre.sp.gov.br\/cultura\/wp-content\/uploads\/2022\/05\/INFRAESTRUTURAA.png\" alt=\"INFRAESTRUTURAA\" itemprop=\"image\" height=\"139\" width=\"139\" title=\"INFRAESTRUTURAA\" onerror=\"this.style.display='none'\"  \/>\n\t\t\t\t<\/a>\n\t\t\t\t<img loading=\"lazy\" decoding=\"async\" src=\"https:\/\/www3.santoandre.sp.gov.br\/cultura\/wp-content\/uploads\/2022\/05\/FUNDO-MUNICIPAL-DE-CULTURA.png\" alt=\"FUNDO MUNICIPAL DE CULTURA\" itemprop=\"image\" height=\"139\" width=\"139\" title=\"FUNDO MUNICIPAL DE CULTURA\" onerror=\"this.style.display='none'\"  \/>\n\t\t\t\t<a href=\"https:\/\/www3.santoandre.sp.gov.br\/cultura\/programa-informacoes-de-cultura-e-lazer-conteudos-digitais\/\" target=\"_blank\" rel=\"noopener nofollow\" itemprop=\"url\">\n\t\t\t\t<img loading=\"lazy\" decoding=\"async\" src=\"https:\/\/www3.santoandre.sp.gov.br\/cultura\/wp-content\/uploads\/2022\/05\/1-CORR-PROGRAMA-DE-INFORMACOES-DE-CULTURA-E-CONTEUDOS-DIGITAIS.png\" alt=\"1 CORR PROGRAMA DE INFORMA\u00c7\u00d5ES DE CULTURA E CONTE\u00d9DOS DIGITAIS\" itemprop=\"image\" height=\"139\" width=\"139\" title=\"1 CORR PROGRAMA DE INFORMA\u00c7\u00d5ES DE CULTURA E CONTE\u00d9DOS DIGITAIS\" onerror=\"this.style.display='none'\"  \/>\n\t\t\t\t<\/a>\n\n","protected":false},"excerpt":{"rendered":"<p>SISTEMA MUNICIPAL DE CULTURA &nbsp; O Sistema Municipal de Cultura de Santo Andr\u00e9 (SMC) foi institu\u00eddo pela Lei n\u00ba 9.776, de 07 de dezembro de 2015, e integra o Sistema Nacional de Cultura (SNC). Constitui o principal articulador, no \u00e2mbito municipal, das pol\u00edticas p\u00fablicas de cultura, estabelecendo mecanismos de gest\u00e3o compartilhada com os demais entes&hellip;<\/p>\n","protected":false},"author":1,"featured_media":0,"parent":0,"menu_order":0,"comment_status":"closed","ping_status":"closed","template":"","meta":{"footnotes":""},"class_list":["post-14061","page","type-page","status-publish","hentry"],"jetpack_sharing_enabled":true,"_links":{"self":[{"href":"https:\/\/www3.santoandre.sp.gov.br\/cultura\/wp-json\/wp\/v2\/pages\/14061","targetHints":{"allow":["GET"]}}],"collection":[{"href":"https:\/\/www3.santoandre.sp.gov.br\/cultura\/wp-json\/wp\/v2\/pages"}],"about":[{"href":"https:\/\/www3.santoandre.sp.gov.br\/cultura\/wp-json\/wp\/v2\/types\/page"}],"author":[{"embeddable":true,"href":"https:\/\/www3.santoandre.sp.gov.br\/cultura\/wp-json\/wp\/v2\/users\/1"}],"replies":[{"embeddable":true,"href":"https:\/\/www3.santoandre.sp.gov.br\/cultura\/wp-json\/wp\/v2\/comments?post=14061"}],"version-history":[{"count":5,"href":"https:\/\/www3.santoandre.sp.gov.br\/cultura\/wp-json\/wp\/v2\/pages\/14061\/revisions"}],"predecessor-version":[{"id":14115,"href":"https:\/\/www3.santoandre.sp.gov.br\/cultura\/wp-json\/wp\/v2\/pages\/14061\/revisions\/14115"}],"wp:attachment":[{"href":"https:\/\/www3.santoandre.sp.gov.br\/cultura\/wp-json\/wp\/v2\/media?parent=14061"}],"curies":[{"name":"wp","href":"https:\/\/api.w.org\/{rel}","templated":true}]}}