
{"id":13997,"date":"2022-05-16T11:40:57","date_gmt":"2022-05-16T14:40:57","guid":{"rendered":"https:\/\/www3.santoandre.sp.gov.br\/cultura\/?page_id=13997"},"modified":"2022-05-16T11:40:57","modified_gmt":"2022-05-16T14:40:57","slug":"post-13844-copy-2","status":"publish","type":"page","link":"https:\/\/www3.santoandre.sp.gov.br\/cultura\/post-13844-copy-2\/","title":{"rendered":"C\u00f3pia de Post #13844"},"content":{"rendered":"\n\n\t<h1><strong>ESTRUTURA ADMINISTRATIVA<\/strong><\/h1>\n\t<p><a href=\"https:\/\/www3.santoandre.sp.gov.br\/cultura\/wp-content\/uploads\/2022\/04\/9.940-28-04-2017-DISPOE-sobre-a-reorganizacao-da-estrutura-administrativa-da-Prefeitura-Municipal-de-Santo-Andre.pdf\"><strong>LEI N\u00ba 9.940 DE 28 DE ABRIL DE 2017<\/strong><\/a><\/p>\n<p><em>(<strong>Atualizada at\u00e9 a Lei n\u00ba 10464, de 16\/02\/2022<\/strong>) Vide Decreto Municipal n\u00ba 17847, de 20.12.2021 <\/em>Processo Administrativo n\u00ba 8960\/2017 &#8211; Projeto de Lei n\u00ba 05\/2017. DISP\u00d5E sobre a <strong>reorganiza\u00e7\u00e3o da estrutura administrativa da Prefeitura Municipal de Santo Andr\u00e9<\/strong>, define atribui\u00e7\u00f5es e compet\u00eancias dos \u00f3rg\u00e3os da Administra\u00e7\u00e3o Direta, cria, reclassifica e extingue cargos e fun\u00e7\u00f5es, e d\u00e1 outras provid\u00eancias .<\/p>\n<p>&nbsp;<\/p>\n<p>&nbsp;<\/p>\n\n","protected":false},"excerpt":{"rendered":"<p>ESTRUTURA ADMINISTRATIVA LEI N\u00ba 9.940 DE 28 DE ABRIL DE 2017 (Atualizada at\u00e9 a Lei n\u00ba 10464, de 16\/02\/2022) Vide Decreto Municipal n\u00ba 17847, de 20.12.2021 Processo Administrativo n\u00ba 8960\/2017 &#8211; Projeto de Lei n\u00ba 05\/2017. DISP\u00d5E sobre a reorganiza\u00e7\u00e3o da estrutura administrativa da Prefeitura Municipal de Santo Andr\u00e9, define atribui\u00e7\u00f5es e compet\u00eancias dos \u00f3rg\u00e3os&hellip;<\/p>\n","protected":false},"author":1,"featured_media":0,"parent":0,"menu_order":0,"comment_status":"closed","ping_status":"closed","template":"","meta":{"footnotes":""},"class_list":["post-13997","page","type-page","status-publish","hentry"],"jetpack_sharing_enabled":true,"_links":{"self":[{"href":"https:\/\/www3.santoandre.sp.gov.br\/cultura\/wp-json\/wp\/v2\/pages\/13997","targetHints":{"allow":["GET"]}}],"collection":[{"href":"https:\/\/www3.santoandre.sp.gov.br\/cultura\/wp-json\/wp\/v2\/pages"}],"about":[{"href":"https:\/\/www3.santoandre.sp.gov.br\/cultura\/wp-json\/wp\/v2\/types\/page"}],"author":[{"embeddable":true,"href":"https:\/\/www3.santoandre.sp.gov.br\/cultura\/wp-json\/wp\/v2\/users\/1"}],"replies":[{"embeddable":true,"href":"https:\/\/www3.santoandre.sp.gov.br\/cultura\/wp-json\/wp\/v2\/comments?post=13997"}],"version-history":[{"count":1,"href":"https:\/\/www3.santoandre.sp.gov.br\/cultura\/wp-json\/wp\/v2\/pages\/13997\/revisions"}],"predecessor-version":[{"id":13998,"href":"https:\/\/www3.santoandre.sp.gov.br\/cultura\/wp-json\/wp\/v2\/pages\/13997\/revisions\/13998"}],"wp:attachment":[{"href":"https:\/\/www3.santoandre.sp.gov.br\/cultura\/wp-json\/wp\/v2\/media?parent=13997"}],"curies":[{"name":"wp","href":"https:\/\/api.w.org\/{rel}","templated":true}]}}