
{"id":12696,"date":"2021-11-04T18:00:20","date_gmt":"2021-11-04T21:00:20","guid":{"rendered":"https:\/\/www3.santoandre.sp.gov.br\/cultura\/?page_id=12696"},"modified":"2022-06-20T10:31:15","modified_gmt":"2022-06-20T13:31:15","slug":"post-12696","status":"publish","type":"page","link":"https:\/\/www3.santoandre.sp.gov.br\/cultura\/post-12696\/","title":{"rendered":"Post #12696"},"content":{"rendered":"\n\n\t<h3><strong>PROGRAMA GEST\u00c3O PARTICIPATIVA<\/strong><\/h3>\n<p>O Programa de Gest\u00e3o Participativa potencializa f\u00f3runs, conselhos, grupos organizados, associa\u00e7\u00e3o de amigos e demais arranjos da sociedade civil para que dialoguem e atuem conjuntamente com a Administra\u00e7\u00e3o P\u00fablica na formata\u00e7\u00e3o e implanta\u00e7\u00e3o das pol\u00edticas de Cultura.<\/p>\n<p>Mais informa\u00e7\u00f5es: <a href=\"http:\/\/culturaz.santoandre.sp.gov.br\/projeto\/974\" target=\"_blank\" rel=\"noopener\">http:\/\/culturaz.santoandre.sp.gov.br\/projeto\/974<\/a><\/p>\n\t<p><strong>PROJETOS:<\/strong><\/p>\n<h4><strong>CONSELHO MUNICIPAL DE POL\u00cdTICAS CULTURAIS &#8211; CMPC<\/strong><\/h4>\n<p>Mais informa\u00e7\u00f5es: <a href=\"http:\/\/culturaz.santoandre.sp.gov.br\/projeto\/112\">http:\/\/culturaz.santoandre.sp.gov.br\/projeto\/112<\/a><\/p>\n<h4><strong>CONSELHO MUNICIPAL DE DEFESA DO PATRIM\u00d4NIO HIST\u00d3RICO, ART\u00cdSTICO, ARQUITET\u00d4NICO-URBAN\u00cdSTICO E PAISAG\u00cdSTICO DE SANTO ANDR\u00c9 &#8211; COMDEPHAAPASA<\/strong><\/h4>\n<p>Mais informa\u00e7\u00f5es: <a href=\"http:\/\/culturaz.santoandre.sp.gov.br\/projeto\/996\">http:\/\/culturaz.santoandre.sp.gov.br\/projeto\/996<\/a><\/p>\n<h4><strong>CONSELHOS GESTORES DO CEU MAREK E CEU ANA MARIA<\/strong><\/h4>\n<p>Mais informa\u00e7\u00f5es: <a href=\"http:\/\/culturaz.santoandre.sp.gov.br\/projeto\/997\">http:\/\/culturaz.santoandre.sp.gov.br\/projeto\/997<\/a><\/p>\n<h4><strong>COMIS\u00c3O DE PAUTA DOS TEATROS MUNICIPAIS<\/strong><\/h4>\n<p>Mais informa\u00e7\u00f5es: <a href=\"http:\/\/culturaz.santoandre.sp.gov.br\/projeto\/1004\">http:\/\/culturaz.santoandre.sp.gov.br\/projeto\/1004<\/a><\/p>\n<h4><strong>CONSELHO GESTOR DO FUNDO MUNICIPAL DE CULTURA<\/strong><\/h4>\n<p>Mais informa\u00e7\u00f5es: <a href=\"http:\/\/culturaz.santoandre.sp.gov.br\/projeto\/1012\">http:\/\/culturaz.santoandre.sp.gov.br\/projeto\/1012<\/a><\/p>\n<h4><strong>OUTRAS INST\u00c2NCIAS DE PARTICIPA\u00c7\u00c3O (F\u00d3RUNS, COMISS\u00d5ES, ASSOCIA\u00c7\u00d5ES)<\/strong><\/h4>\n<p>Mais informa\u00e7\u00f5es: <a href=\"http:\/\/culturaz.santoandre.sp.gov.br\/projeto\/1014\">http:\/\/culturaz.santoandre.sp.gov.br\/projeto\/1014<\/a><\/p>\n<p><strong>\u00a0<\/strong><\/p>\n\n","protected":false},"excerpt":{"rendered":"<p>PROGRAMA GEST\u00c3O PARTICIPATIVA O Programa de Gest\u00e3o Participativa potencializa f\u00f3runs, conselhos, grupos organizados, associa\u00e7\u00e3o de amigos e demais arranjos da sociedade civil para que dialoguem e atuem conjuntamente com a Administra\u00e7\u00e3o P\u00fablica na formata\u00e7\u00e3o e implanta\u00e7\u00e3o das pol\u00edticas de Cultura. Mais informa\u00e7\u00f5es: http:\/\/culturaz.santoandre.sp.gov.br\/projeto\/974 PROJETOS: CONSELHO MUNICIPAL DE POL\u00cdTICAS CULTURAIS &#8211; CMPC Mais informa\u00e7\u00f5es: http:\/\/culturaz.santoandre.sp.gov.br\/projeto\/112 CONSELHO&hellip;<\/p>\n","protected":false},"author":1,"featured_media":0,"parent":0,"menu_order":0,"comment_status":"closed","ping_status":"closed","template":"","meta":{"footnotes":""},"class_list":["post-12696","page","type-page","status-publish","hentry"],"jetpack_sharing_enabled":true,"_links":{"self":[{"href":"https:\/\/www3.santoandre.sp.gov.br\/cultura\/wp-json\/wp\/v2\/pages\/12696","targetHints":{"allow":["GET"]}}],"collection":[{"href":"https:\/\/www3.santoandre.sp.gov.br\/cultura\/wp-json\/wp\/v2\/pages"}],"about":[{"href":"https:\/\/www3.santoandre.sp.gov.br\/cultura\/wp-json\/wp\/v2\/types\/page"}],"author":[{"embeddable":true,"href":"https:\/\/www3.santoandre.sp.gov.br\/cultura\/wp-json\/wp\/v2\/users\/1"}],"replies":[{"embeddable":true,"href":"https:\/\/www3.santoandre.sp.gov.br\/cultura\/wp-json\/wp\/v2\/comments?post=12696"}],"version-history":[{"count":6,"href":"https:\/\/www3.santoandre.sp.gov.br\/cultura\/wp-json\/wp\/v2\/pages\/12696\/revisions"}],"predecessor-version":[{"id":14239,"href":"https:\/\/www3.santoandre.sp.gov.br\/cultura\/wp-json\/wp\/v2\/pages\/12696\/revisions\/14239"}],"wp:attachment":[{"href":"https:\/\/www3.santoandre.sp.gov.br\/cultura\/wp-json\/wp\/v2\/media?parent=12696"}],"curies":[{"name":"wp","href":"https:\/\/api.w.org\/{rel}","templated":true}]}}