
{"id":12673,"date":"2021-11-04T16:44:34","date_gmt":"2021-11-04T19:44:34","guid":{"rendered":"https:\/\/www3.santoandre.sp.gov.br\/cultura\/?page_id=12673"},"modified":"2022-05-17T06:19:26","modified_gmt":"2022-05-17T09:19:26","slug":"sistema-setoriais","status":"publish","type":"page","link":"https:\/\/www3.santoandre.sp.gov.br\/cultura\/sistema-setoriais\/","title":{"rendered":"sistema setoriais"},"content":{"rendered":"\n\n\t<h2><strong>SISTEMA SETORIAL DE BIBLIOTECAS, LEITURA E LITERATURA<\/strong><\/h2>\n<p>Meta 30 do Plano Municipal de Cultura, o Sistema Setorial de Bibliotecas, Leitura e Literatura ir\u00e1 estruturar os recursos, as diretrizes, o Plano Setorial de Bibliotecas, Leitura e Literatura e as articula\u00e7\u00f5es institucionais da pol\u00edtica municipal atrav\u00e9s da gest\u00e3o unificada de acesso e oferta dos servi\u00e7os.<\/p>\n<p>Em processo de constru\u00e7\u00e3o, tem como primeira fase o projeto de gest\u00e3o integrada de bibliotecas e o levantamento de subs\u00eddios t\u00e9cnicos e experi\u00eancias correlatas para, posteriormente, ser objeto de debates p\u00fablicos.<\/p>\n<p>Implica em revis\u00e3o da legisla\u00e7\u00e3o e regulamentos municipais existentes, revis\u00e3o da fun\u00e7\u00e3o e miss\u00e3o das bibliotecas, sua rela\u00e7\u00e3o com outras institui\u00e7\u00f5es e iniciativas que objetivam o incentivo \u00e0 leitura e escrita, al\u00e9m da proposi\u00e7\u00e3o de programas estruturantes da pol\u00edtica setorial.<\/p>\n<p>Mais informa\u00e7\u00f5es: <a href=\"http:\/\/culturaz.santoandre.sp.gov.br\/projeto\/957\" target=\"_blank\" rel=\"noopener\">http:\/\/culturaz.santoandre.sp.gov.br\/projeto\/957<\/a><\/p>\n\t<h2><strong>SISTEMA SETORIAL DE PATRIM\u00d4NIO CULTURAL<\/strong><\/h2>\n<p>Meta 29 do Plano Municipal de Cultura, o Sistema Setorial de Patrim\u00f4nio Cultural estrutura a\u00e7\u00f5es voltadas \u00e0 preserva\u00e7\u00e3o do patrim\u00f4nio cultural e mem\u00f3ria em suas diferentes dimens\u00f5es: documenta\u00e7\u00e3o, valoriza\u00e7\u00e3o, conserva\u00e7\u00e3o e difus\u00e3o. Prop\u00f5e como uma das estrat\u00e9gias de atua\u00e7\u00e3o junto \u00e0 sociedade a\u00e7\u00f5es de educa\u00e7\u00e3o patrimonial.<\/p>\n<p>Implica na revis\u00e3o da legisla\u00e7\u00e3o municipal atualmente existente, disciplinando as a\u00e7\u00f5es voltadas ao Patrim\u00f4nio Cultural em Santo Andr\u00e9, do Plano de Preserva\u00e7\u00e3o do Patrim\u00f4nio Cultural (PPPC) e dos Instrumentos de Prote\u00e7\u00e3o ao Patrim\u00f4nio Cultural, a partir de debates p\u00fablicos sobre o tema.<\/p>\n<p>Mais informa\u00e7\u00f5es: <a href=\"http:\/\/culturaz.santoandre.sp.gov.br\/projeto\/944\">http:\/\/culturaz.santoandre.sp.gov.br\/projeto\/944<\/a><\/p>\n\n","protected":false},"excerpt":{"rendered":"<p>SISTEMA SETORIAL DE BIBLIOTECAS, LEITURA E LITERATURA Meta 30 do Plano Municipal de Cultura, o Sistema Setorial de Bibliotecas, Leitura e Literatura ir\u00e1 estruturar os recursos, as diretrizes, o Plano Setorial de Bibliotecas, Leitura e Literatura e as articula\u00e7\u00f5es institucionais da pol\u00edtica municipal atrav\u00e9s da gest\u00e3o unificada de acesso e oferta dos servi\u00e7os. Em processo&hellip;<\/p>\n","protected":false},"author":1,"featured_media":0,"parent":0,"menu_order":0,"comment_status":"closed","ping_status":"closed","template":"","meta":{"footnotes":""},"class_list":["post-12673","page","type-page","status-publish","hentry"],"jetpack_sharing_enabled":true,"_links":{"self":[{"href":"https:\/\/www3.santoandre.sp.gov.br\/cultura\/wp-json\/wp\/v2\/pages\/12673","targetHints":{"allow":["GET"]}}],"collection":[{"href":"https:\/\/www3.santoandre.sp.gov.br\/cultura\/wp-json\/wp\/v2\/pages"}],"about":[{"href":"https:\/\/www3.santoandre.sp.gov.br\/cultura\/wp-json\/wp\/v2\/types\/page"}],"author":[{"embeddable":true,"href":"https:\/\/www3.santoandre.sp.gov.br\/cultura\/wp-json\/wp\/v2\/users\/1"}],"replies":[{"embeddable":true,"href":"https:\/\/www3.santoandre.sp.gov.br\/cultura\/wp-json\/wp\/v2\/comments?post=12673"}],"version-history":[{"count":6,"href":"https:\/\/www3.santoandre.sp.gov.br\/cultura\/wp-json\/wp\/v2\/pages\/12673\/revisions"}],"predecessor-version":[{"id":14024,"href":"https:\/\/www3.santoandre.sp.gov.br\/cultura\/wp-json\/wp\/v2\/pages\/12673\/revisions\/14024"}],"wp:attachment":[{"href":"https:\/\/www3.santoandre.sp.gov.br\/cultura\/wp-json\/wp\/v2\/media?parent=12673"}],"curies":[{"name":"wp","href":"https:\/\/api.w.org\/{rel}","templated":true}]}}

<h2><strong>SISTEMA SETORIAL DE BIBLIOTECAS, LEITURA E LITERATURA</strong></h2>
<p>Meta 30 do Plano Municipal de Cultura, o Sistema Setorial de Bibliotecas, Leitura e Literatura irá estruturar os recursos, as diretrizes, o Plano Setorial de Bibliotecas, Leitura e Literatura e as articulações institucionais da política municipal através da gestão unificada de acesso e oferta dos serviços.</p>
<p>Em processo de construção, tem como primeira fase o projeto de gestão integrada de bibliotecas e o levantamento de subsídios técnicos e experiências correlatas para, posteriormente, ser objeto de debates públicos.</p>
<p>Implica em revisão da legislação e regulamentos municipais existentes, revisão da função e missão das bibliotecas, sua relação com outras instituições e iniciativas que objetivam o incentivo à leitura e escrita, além da proposição de programas estruturantes da política setorial.</p>
<p>Mais informações: <a href="http://culturaz.santoandre.sp.gov.br/projeto/957" target="_blank" rel="noopener">http://culturaz.santoandre.sp.gov.br/projeto/957</a></p>
	<h2><strong>SISTEMA SETORIAL DE PATRIMÔNIO CULTURAL</strong></h2>
<p>Meta 29 do Plano Municipal de Cultura, o Sistema Setorial de Patrimônio Cultural estrutura ações voltadas à preservação do patrimônio cultural e memória em suas diferentes dimensões: documentação, valorização, conservação e difusão. Propõe como uma das estratégias de atuação junto à sociedade ações de educação patrimonial.</p>
<p>Implica na revisão da legislação municipal atualmente existente, disciplinando as ações voltadas ao Patrimônio Cultural em Santo André, do Plano de Preservação do Patrimônio Cultural (PPPC) e dos Instrumentos de Proteção ao Patrimônio Cultural, a partir de debates públicos sobre o tema.</p>
<p>Mais informações: <a href="http://culturaz.santoandre.sp.gov.br/projeto/944">http://culturaz.santoandre.sp.gov.br/projeto/944</a></p>

<p>SISTEMA SETORIAL DE BIBLIOTECAS, LEITURA E LITERATURA Meta 30 do Plano Municipal de Cultura, o Sistema Setorial de Bibliotecas, Leitura e Literatura irá estruturar os recursos, as diretrizes, o Plano Setorial de Bibliotecas, Leitura e Literatura e as articulações institucionais da política municipal através da gestão unificada de acesso e oferta dos serviços. Em processo&hellip;</p>
