
{"id":11532,"date":"2020-10-13T15:40:09","date_gmt":"2020-10-13T18:40:09","guid":{"rendered":"https:\/\/www3.santoandre.sp.gov.br\/agendacultural\/site\/agenda-cultural\/"},"modified":"2025-07-02T21:58:54","modified_gmt":"2025-07-03T00:58:54","slug":"agenda-cultural","status":"publish","type":"page","link":"https:\/\/www3.santoandre.sp.gov.br\/cultura\/agenda-cultural\/","title":{"rendered":"Agenda Cultural"},"content":{"rendered":"\n\n\t\t\t<a href=\"https:\/\/www3.santoandre.sp.gov.br\/cultura\/?p=12735\" target=\"_self\">\n\t\t\t\t\t\t\tTeatro\n\t\t\t\t\t<\/a>\n\t\t\t<a href=\"https:\/\/www3.santoandre.sp.gov.br\/cultura\/musica\/\" target=\"_self\">\n\t\t\t\t\t\t\tM\u00fasica\n\t\t\t\t\t<\/a>\n\t\t\t<a href=\"https:\/\/www3.santoandre.sp.gov.br\/cultura\/exposicoes\/\" target=\"_self\">\n\t\t\t\t\t\t\tExposi\u00e7\u00f5es\n\t\t\t\t\t<\/a>\n\t\t\t<a href=\"https:\/\/www3.santoandre.sp.gov.br\/cultura\/literatura\/\" target=\"_self\">\n\t\t\t\t\t\t\tLiteratura\n\t\t\t\t\t<\/a>\n\t\t\t<a href=\"https:\/\/www3.santoandre.sp.gov.br\/cultura\/danca\/\" target=\"_self\">\n\t\t\t\t\t\t\tDan\u00e7a\n\t\t\t\t\t<\/a>\n\t\t\t<a href=\"https:\/\/www3.santoandre.sp.gov.br\/cultura\/cursos\/\" target=\"_self\">\n\t\t\t\t\t\t\tCursos \n\t\t\t\t\t<\/a>\n\t\t\t<a href=\"https:\/\/www3.santoandre.sp.gov.br\/cultura\/palestras-encontros-debates\/\" target=\"_self\">\n\t\t\t\t\t\t\tPalestras e Encontros \n\t\t\t\t\t<\/a>\n\t\t\t<a href=\"https:\/\/www3.santoandre.sp.gov.br\/cultura\/editais-sa\/\" target=\"_self\">\n\t\t\t\t\t\t\tEditais\n\t\t\t\t\t<\/a>\n\t\t\t<a href=\"https:\/\/www3.santoandre.sp.gov.br\/cultura\/evento-online\/\" target=\"_self\">\n\t\t\t\t\t\t\tEventos Online\n\t\t\t\t\t<\/a>\n\t\t\t<a href=\"https:\/\/www3.santoandre.sp.gov.br\/cultura\/cinema-e-video\/\" target=\"_self\">\n\t\t\t\t\t\t\tCinema e V\u00eddeo \n\t\t\t\t\t<\/a>\n\t\t\t<a href=\"https:\/\/www3.santoandre.sp.gov.br\/cultura\/crianca\/\" target=\"_self\">\n\t\t\t\t\t\t\tCrian\u00e7as \n\t\t\t\t\t<\/a>\n\t\t\t<a href=\"https:\/\/www3.santoandre.sp.gov.br\/cultura\/tudo\/\" target=\"_self\">\n\t\t\t\t\t\t\tTudo \n\t\t\t\t\t<\/a>\n\t\t\t<a href=\"https:\/\/www3.santoandre.sp.gov.br\/cultura\/?page_id=16787\" target=\"_self\">\n\t\t\t\t\t\t\tConselhos\n\t\t\t\t\t<\/a>\n\t\t\t<a href=\"https:\/\/www3.santoandre.sp.gov.br\/cultura\/?p=32824\" target=\"_self\">\n\t\t\t\t\t\t\tOutros\n\t\t\t\t\t<\/a>\n\t<p><img loading=\"lazy\" decoding=\"async\" src=\"https:\/\/www3.santoandre.sp.gov.br\/cultura\/wp-content\/uploads\/2022\/03\/SELO-PMC-2022.webp\" alt=\"\" width=\"76\" height=\"79\" \/>Esta a\u00e7\u00e3o atende \u00e0 Estrat\u00e9gia 4.1, Meta 19 do Plano Municipal de Cultura de Santo Andr\u00e9: &#8220;| Estrat\u00e9gias de comunica\u00e7\u00e3o (portal de Internet, material de divulga\u00e7\u00e3o, cria\u00e7\u00e3o de perfis e inser\u00e7\u00e3o de not\u00edcias e registros em redes sociais, assessoria de imprensa, parcerias com r\u00e1dios e TVs, totens para divulga\u00e7\u00e3o de programa\u00e7\u00e3o e outras) implantadas em at\u00e9 02 (dois) anos ap\u00f3s a aprova\u00e7\u00e3o do Plano, e avaliadas permanentemente durante sua vig\u00eancia&#8221;.<\/p>\n\n","protected":false},"excerpt":{"rendered":"<p>Teatro M\u00fasica Exposi\u00e7\u00f5es Literatura Dan\u00e7a Cursos Palestras e Encontros Editais Eventos Online Cinema e V\u00eddeo Crian\u00e7as Tudo Conselhos Outros Esta a\u00e7\u00e3o atende \u00e0 Estrat\u00e9gia 4.1, Meta 19 do Plano Municipal de Cultura de Santo Andr\u00e9: &#8220;| Estrat\u00e9gias de comunica\u00e7\u00e3o (portal de Internet, material de divulga\u00e7\u00e3o, cria\u00e7\u00e3o de perfis e inser\u00e7\u00e3o de not\u00edcias e registros em&hellip;<\/p>\n","protected":false},"author":2,"featured_media":0,"parent":0,"menu_order":0,"comment_status":"closed","ping_status":"closed","template":"","meta":{"footnotes":""},"class_list":["post-11532","page","type-page","status-publish","hentry"],"jetpack_sharing_enabled":true,"_links":{"self":[{"href":"https:\/\/www3.santoandre.sp.gov.br\/cultura\/wp-json\/wp\/v2\/pages\/11532","targetHints":{"allow":["GET"]}}],"collection":[{"href":"https:\/\/www3.santoandre.sp.gov.br\/cultura\/wp-json\/wp\/v2\/pages"}],"about":[{"href":"https:\/\/www3.santoandre.sp.gov.br\/cultura\/wp-json\/wp\/v2\/types\/page"}],"author":[{"embeddable":true,"href":"https:\/\/www3.santoandre.sp.gov.br\/cultura\/wp-json\/wp\/v2\/users\/2"}],"replies":[{"embeddable":true,"href":"https:\/\/www3.santoandre.sp.gov.br\/cultura\/wp-json\/wp\/v2\/comments?post=11532"}],"version-history":[{"count":114,"href":"https:\/\/www3.santoandre.sp.gov.br\/cultura\/wp-json\/wp\/v2\/pages\/11532\/revisions"}],"predecessor-version":[{"id":70712,"href":"https:\/\/www3.santoandre.sp.gov.br\/cultura\/wp-json\/wp\/v2\/pages\/11532\/revisions\/70712"}],"wp:attachment":[{"href":"https:\/\/www3.santoandre.sp.gov.br\/cultura\/wp-json\/wp\/v2\/media?parent=11532"}],"curies":[{"name":"wp","href":"https:\/\/api.w.org\/{rel}","templated":true}]}}