
{"id":11526,"date":"2020-10-13T15:32:07","date_gmt":"2020-10-13T18:32:07","guid":{"rendered":"https:\/\/www3.santoandre.sp.gov.br\/agendacultural\/site\/conselhos\/"},"modified":"2022-05-16T13:13:30","modified_gmt":"2022-05-16T16:13:30","slug":"conselhos","status":"publish","type":"page","link":"https:\/\/www3.santoandre.sp.gov.br\/cultura\/conselhos\/","title":{"rendered":"Conselhos"},"content":{"rendered":"\n\n\t<p>Conselhos<\/p>\n\t<p>A Secretaria de Cultura coordena e atua na constru\u00e7\u00e3o de pol\u00edticas p\u00fablicas com\u00a0participa\u00e7\u00e3o direta da sociedade civil por meio dos conselhos municipais. Confira:<\/p>\n\t<p><strong>CONSELHO MUNICIPAL DE POL\u00cdTICAS CULTURAIS<\/strong><\/p>\n<p>O Conselho Municipal de Pol\u00edticas Culturais (CMPC), institu\u00eddo pela Lei n\u00ba 9.776 de 07 de dezembro de 2015 &#8211; SMC e regulamentada pelo Decreto n\u00ba 16.788 de 20 de maio de 2016, \u00e9 \u00f3rg\u00e3o colegiado consultivo, deliberativo e normativo, integrante da estrutura b\u00e1sica da Secretaria de Cultura (Secult), com composi\u00e7\u00e3o parit\u00e1ria entre Poder P\u00fablico e Sociedade Civil, se constituindo no principal espa\u00e7o de participa\u00e7\u00e3o social institucionalizada, de car\u00e1ter permanente, na estrutura do Sistema Municipal de Cultura &#8211; SMC.<\/p>\n<p>O CMPC tem como principal atribui\u00e7\u00e3o atuar, com base nas diretrizes propostas pela Confer\u00eancia Municipal de Cultura, na elabora\u00e7\u00e3o, acompanhamento da execu\u00e7\u00e3o, fiscaliza\u00e7\u00e3o e avalia\u00e7\u00e3o das pol\u00edticas p\u00fablicas de cultura, consolidadas no Plano Municipal de Cultura &#8211; PMC , bem como da fiscaliza\u00e7\u00e3o do Fundo Municipal de Cultura.<\/p>\n<p>&nbsp;<\/p>\n<p>Mais informa\u00e7\u00f5es: <a href=\"http:\/\/culturaz.santoandre.sp.gov.br\/projeto\/112\/\">http:\/\/culturaz.santoandre.sp.gov.br\/projeto\/112\/<\/a><\/p>\n<p>&nbsp;<\/p>\n\t<p><strong>COMDEPHAAPASA<\/strong><\/p>\n<p>O Conselho Municipal de Defesa do Patrim\u00f4nio Hist\u00f3rico, Art\u00edstico, Arquitet\u00f4nico, Urban\u00edstico e Paisag\u00edstico de Santo Andr\u00e9 (COMDEPHAAPASA) \u00e9 o conselho municipal que tem como compet\u00eancias identificar, pesquisar, proteger e valorizar o patrim\u00f4nio cultural da cidade (bens de natureza material e imaterial). Possui 12 membros, seis representantes do governo municipal e seis representantes da sociedade civil. Realiza reuni\u00f5es ordin\u00e1rias mensais no audit\u00f3rio do Museu de Santo Andr\u00e9 Dr. Octaviano Armando Gaiarsa.<\/p>\n<p>&nbsp;<\/p>\n<p>Mais informa\u00e7\u00f5es: <a href=\"https:\/\/culturaz.santoandre.sp.gov.br\/projeto\/996\/\">http:\/\/culturaz.santoandre.sp.gov.br\/projeto\/996\/<\/a><\/p>\n<p>&nbsp;<\/p>\n\t<p><strong>CONSELHO GESTOR DO FUNDO DE CULTURA<\/strong><\/p>\n<p>O Conselho Gestor do Fundo de Cultura atua na delibera\u00e7\u00e3o de todas as a\u00e7\u00f5es que s\u00e3o realizadas com recursos do Fundo Municipal de Cultura. Este processo envolve desde a elabora\u00e7\u00e3o de editais como o acompanhamento da sele\u00e7\u00e3o, contrata\u00e7\u00e3o e execu\u00e7\u00e3o de projetos culturais contemplados por estes editais.<\/p>\n<p>&nbsp;<\/p>\n<p>Mais informa\u00e7\u00f5es: <a href=\"http:\/\/culturaz.santoandre.sp.gov.br\/projeto\/113\/\">http:\/\/culturaz.santoandre.sp.gov.br\/projeto\/113\/<\/a><\/p>\n<p>&nbsp;<\/p>\n<p>&nbsp;<\/p>\n\t<p><strong>CONSELHO GESTOR DO C\u00c9U MAREK E DO C\u00c9U ANA MARIA<\/strong><\/p>\n<p>Os Conselhos Gestores dos CEUs s\u00e3o mecanismos representativos e tripartites, composto por membros da Administra\u00e7\u00e3o P\u00fablica, da Sociedade Civil e Sociedade Civil Organizada, eleitos por meio de um processo de mobiliza\u00e7\u00e3o social local e atuam na gest\u00e3o da programa\u00e7\u00e3o, diretrizes de uso dos espa\u00e7os e integra\u00e7\u00e3o da comunidade local.<\/p>\n<p>Mais informa\u00e7\u00f5es: <a href=\"https:\/\/culturaz.santoandre.sp.gov.br\/projeto\/997\/\">http:\/\/culturaz.santoandre.sp.gov.br\/projeto\/997\/<\/a><\/p>\n<p>&nbsp;<\/p>\n\t<p><img loading=\"lazy\" decoding=\"async\" src=\"https:\/\/www3.santoandre.sp.gov.br\/cultura\/wp-content\/uploads\/2022\/01\/SELO-PMC-2022-286x300.png\" alt=\"\" width=\"57\" height=\"60\" \/>Esta a\u00e7\u00e3o atende \u00e0 Estrat\u00e9gia 2.1, Meta 5 do Plano Municipal de Cultura de Santo Andr\u00e9: &#8220;100% (cem por cento) das resolu\u00e7\u00f5es dos Conselhos e Comiss\u00f5es vinculados \u00e0 Secretaria de Cultura, aplicadas durante a vig\u00eancia do Plano&#8221;.<\/p>\n\n","protected":false},"excerpt":{"rendered":"<p>Conselhos A Secretaria de Cultura coordena e atua na constru\u00e7\u00e3o de pol\u00edticas p\u00fablicas com\u00a0participa\u00e7\u00e3o direta da sociedade civil por meio dos conselhos municipais. Confira: CONSELHO MUNICIPAL DE POL\u00cdTICAS CULTURAIS O Conselho Municipal de Pol\u00edticas Culturais (CMPC), institu\u00eddo pela Lei n\u00ba 9.776 de 07 de dezembro de 2015 &#8211; SMC e regulamentada pelo Decreto n\u00ba 16.788&hellip;<\/p>\n","protected":false},"author":2,"featured_media":0,"parent":0,"menu_order":0,"comment_status":"closed","ping_status":"closed","template":"","meta":{"footnotes":""},"class_list":["post-11526","page","type-page","status-publish","hentry"],"jetpack_sharing_enabled":true,"_links":{"self":[{"href":"https:\/\/www3.santoandre.sp.gov.br\/cultura\/wp-json\/wp\/v2\/pages\/11526","targetHints":{"allow":["GET"]}}],"collection":[{"href":"https:\/\/www3.santoandre.sp.gov.br\/cultura\/wp-json\/wp\/v2\/pages"}],"about":[{"href":"https:\/\/www3.santoandre.sp.gov.br\/cultura\/wp-json\/wp\/v2\/types\/page"}],"author":[{"embeddable":true,"href":"https:\/\/www3.santoandre.sp.gov.br\/cultura\/wp-json\/wp\/v2\/users\/2"}],"replies":[{"embeddable":true,"href":"https:\/\/www3.santoandre.sp.gov.br\/cultura\/wp-json\/wp\/v2\/comments?post=11526"}],"version-history":[{"count":16,"href":"https:\/\/www3.santoandre.sp.gov.br\/cultura\/wp-json\/wp\/v2\/pages\/11526\/revisions"}],"predecessor-version":[{"id":14008,"href":"https:\/\/www3.santoandre.sp.gov.br\/cultura\/wp-json\/wp\/v2\/pages\/11526\/revisions\/14008"}],"wp:attachment":[{"href":"https:\/\/www3.santoandre.sp.gov.br\/cultura\/wp-json\/wp\/v2\/media?parent=11526"}],"curies":[{"name":"wp","href":"https:\/\/api.w.org\/{rel}","templated":true}]}}