{"id":139309,"date":"2023-11-16T21:35:55","date_gmt":"2023-11-17T00:35:55","guid":{"rendered":"https:\/\/www3.santoandre.sp.gov.br\/cultura\/acervosculturais\/?page_id=139309"},"modified":"2024-04-15T17:23:57","modified_gmt":"2024-04-15T20:23:57","slug":"s11","status":"publish","type":"page","link":"https:\/\/www3.santoandre.sp.gov.br\/cultura\/acervosculturais\/s11\/","title":{"rendered":"S11"},"content":{"rendered":"\n<h1 class=\"wp-block-heading alignwide has-text-align-center has-large-font-size\"><strong>S11 \u2013 Relat\u00f3rios<\/strong><\/h1>\n\n\n\n<p class=\"has-medium-font-size\">A s\u00e9rie cont\u00e9m 14 livros e 3 ma\u00e7os de documentos de 1900 a 1937 com Relat\u00f3rios do Presidente da C\u00e2mara, do Intendente, do Procurador e do Prefeito sobre: resumos de leis e resolu\u00e7\u00f5es; servi\u00e7os eleitorais no Munic\u00edpio; instala\u00e7\u00e3o da C\u00e2mara em 1937; balan\u00e7o dos trabalhos internos realizados; agricultura e com\u00e9rcio do munic\u00edpio; obras municipais; matadouro municipal; cemit\u00e9rio; servi\u00e7o sanit\u00e1rio; Inspetoria Municipal; d\u00edvida ativa e passiva do Munic\u00edpio; apresenta\u00e7\u00e3o de relat\u00f3rios de finan\u00e7as; receita Ordin\u00e1ria e Extraordin\u00e1ria; despesas com servi\u00e7o interno e obras p\u00fablicas; juros; subven\u00e7\u00f5es; Inspetoria Escolar; contratos; leis promulgadas e balan\u00e7o geral.<\/p>\n\n\n\n<p class=\"has-medium-font-size\">Acesso: presencial com agendamento pr\u00e9vio pelo e-mail: <a href=\"mailto:museu@santoandre.sp.gov.br\" class=\"ek-link\">museu@santoandre.sp.gov.br<\/a><\/p>\n\n\n\n<div class=\"wp-block-tainacan-dynamic-items-list\" data-module=\"dynamic-items-list\" search-url=\"\" selected-items=\"[&quot;137174&quot;,&quot;137175&quot;,&quot;164942&quot;,&quot;164943&quot;,&quot;164944&quot;,&quot;164945&quot;]\" collection-id=\"123879\" show-image=\"true\" show-name=\"true\" show-search-bar=\"false\" show-collection-header=\"true\" show-collection-label=\"false\" image-size=\"tainacan-medium\" layout=\"grid\" load-strategy=\"selection\" mosaic-height=\"280\" mosaic-density=\"5\" mosaic-grid-rows=\"3\" mosaic-grid-columns=\"3\" mosaic-item-focal-point-x=\"0.5\" mosaic-item-focal-point-y=\"0.5\" max-columns-count=\"4\" collection-background-color=\"#373839\" collection-text-color=\"#ffffff\" grid-margin=\"0\" max-items-number=\"12\" order=\"\" orderby=\"date\" orderbymetakey=\"\" tainacan-api-root=\"https:\/\/www3.santoandre.sp.gov.br\/cultura\/acervosculturais\/wp-json\/tainacan\/v2\" tainacan-base-url=\"https:\/\/www3.santoandre.sp.gov.br\/cultura\/acervosculturais\/wp-content\/plugins\/tainacan\" id=\"wp-block-tainacan-dynamic-items-list_014e773c-9f1c-4b2b-8172-9c751df2b5ca\"><div><\/div><\/div>\n","protected":false},"excerpt":{"rendered":"<p>S11 \u2013 Relat\u00f3rios A s\u00e9rie cont\u00e9m 14 livros e 3 ma\u00e7os de documentos de 1900 a 1937 com Relat\u00f3rios do Presidente da C\u00e2mara, do Intendente, do Procurador e do Prefeito sobre: resumos de leis e resolu\u00e7\u00f5es; servi\u00e7os eleitorais no Munic\u00edpio; instala\u00e7\u00e3o da C\u00e2mara em 1937; balan\u00e7o dos trabalhos internos realizados; agricultura e com\u00e9rcio do munic\u00edpio; [&hellip;]<\/p>\n","protected":false},"author":2,"featured_media":0,"parent":0,"menu_order":0,"comment_status":"closed","ping_status":"closed","template":"","meta":{"content-type":"","footnotes":""},"class_list":["post-139309","page","type-page","status-publish","hentry"],"blocksy_meta":[],"jetpack_sharing_enabled":true,"_links":{"self":[{"href":"https:\/\/www3.santoandre.sp.gov.br\/cultura\/acervosculturais\/wp-json\/wp\/v2\/pages\/139309","targetHints":{"allow":["GET"]}}],"collection":[{"href":"https:\/\/www3.santoandre.sp.gov.br\/cultura\/acervosculturais\/wp-json\/wp\/v2\/pages"}],"about":[{"href":"https:\/\/www3.santoandre.sp.gov.br\/cultura\/acervosculturais\/wp-json\/wp\/v2\/types\/page"}],"author":[{"embeddable":true,"href":"https:\/\/www3.santoandre.sp.gov.br\/cultura\/acervosculturais\/wp-json\/wp\/v2\/users\/2"}],"replies":[{"embeddable":true,"href":"https:\/\/www3.santoandre.sp.gov.br\/cultura\/acervosculturais\/wp-json\/wp\/v2\/comments?post=139309"}],"version-history":[{"count":2,"href":"https:\/\/www3.santoandre.sp.gov.br\/cultura\/acervosculturais\/wp-json\/wp\/v2\/pages\/139309\/revisions"}],"predecessor-version":[{"id":170170,"href":"https:\/\/www3.santoandre.sp.gov.br\/cultura\/acervosculturais\/wp-json\/wp\/v2\/pages\/139309\/revisions\/170170"}],"wp:attachment":[{"href":"https:\/\/www3.santoandre.sp.gov.br\/cultura\/acervosculturais\/wp-json\/wp\/v2\/media?parent=139309"}],"curies":[{"name":"wp","href":"https:\/\/api.w.org\/{rel}","templated":true}]}}