{"id":35,"date":"2019-04-11T16:20:12","date_gmt":"2019-04-11T13:20:12","guid":{"rendered":"https:\/\/www3.santoandre.sp.gov.br\/chmsa\/?page_id=35"},"modified":"2020-06-24T21:28:21","modified_gmt":"2020-06-24T18:28:21","slug":"especialidades","status":"publish","type":"page","link":"https:\/\/www3.santoandre.sp.gov.br\/chmsa\/index.php\/servicos\/especialidades\/","title":{"rendered":"Especialidades"},"content":{"rendered":"<p>O Centro Hospitalar Municipal de Santo Andr\u00e9 presta servi\u00e7os em seu Centro M\u00e9dico de Especialidades em:<\/p>\n<p>Anestesiologia (Pr\u00e9-Operat\u00f3rio)<\/p>\n<p>Cardiologia (Pr\u00e9-Operat\u00f3rio)<\/p>\n<p>Cirurgia Bari\u00e1trica e Metab\u00f3lica<\/p>\n<p>Cirurgia de Cabe\u00e7a e Pesco\u00e7o<\/p>\n<p>Cirurgia do Aparelho Digestivo (Gastrocirurgia)<\/p>\n<p>Cirurgia Geral<\/p>\n<p>Cirurgia Ginecol\u00f3gica<\/p>\n<p>Cirurgia Pl\u00e1stica<\/p>\n<p>Cirurgia Vascular<\/p>\n<p>Cirurgia Tor\u00e1xica<\/p>\n<p>Dermatologia<\/p>\n<p>Endocrinologia<\/p>\n<p>Fonoaudiologia<\/p>\n<p>Ginecologia Oncol\u00f3gica (Oncogineco)<\/p>\n<p>Neurocirurgia<\/p>\n<p>Nutri\u00e7\u00e3o<\/p>\n<p>Oncologia<\/p>\n<p>Ortopedia<\/p>\n<p>Proctologia<\/p>\n<p>Urologia<\/p>\n<p><strong>O QUE \u00c9 PRECISO PARA ATENDIMENTO NO CENTRO M\u00c9DICO DE ESPECIALIDADES:<\/strong><\/p>\n<p><strong>&#8211; <\/strong>Documento de identifica\u00e7\u00e3o com foto;<\/p>\n<p>&#8211; Cart\u00e3o SUS;<\/p>\n<p>&#8211; Guia de encaminhamento (p\u00f3s alta m\u00e9dica ou via Regula\u00e7\u00e3o Municipal, conforme o caso)<\/p>\n<p><strong>Centro M\u00e9dico de Especialidades do CHMSA:<\/strong><\/p>\n<p>Travessa Apeninos, s\/n \u2013 Vila Assun\u00e7\u00e3o \u2013 Santo Andr\u00e9\/SP (anexo ao hospital)<\/p>\n<p>Funcionamento: de segunda a sexta-feira, das 07h \u00e0s 17h<\/p>\n","protected":false},"excerpt":{"rendered":"<p>O Centro Hospitalar Municipal de Santo Andr\u00e9 presta servi\u00e7os em seu Centro M\u00e9dico de Especialidades&#8230;<\/p>\n","protected":false},"author":5,"featured_media":0,"parent":25,"menu_order":0,"comment_status":"closed","ping_status":"closed","template":"","meta":{"footnotes":""},"class_list":["post-35","page","type-page","status-publish","hentry"],"_links":{"self":[{"href":"https:\/\/www3.santoandre.sp.gov.br\/chmsa\/index.php\/wp-json\/wp\/v2\/pages\/35","targetHints":{"allow":["GET"]}}],"collection":[{"href":"https:\/\/www3.santoandre.sp.gov.br\/chmsa\/index.php\/wp-json\/wp\/v2\/pages"}],"about":[{"href":"https:\/\/www3.santoandre.sp.gov.br\/chmsa\/index.php\/wp-json\/wp\/v2\/types\/page"}],"author":[{"embeddable":true,"href":"https:\/\/www3.santoandre.sp.gov.br\/chmsa\/index.php\/wp-json\/wp\/v2\/users\/5"}],"replies":[{"embeddable":true,"href":"https:\/\/www3.santoandre.sp.gov.br\/chmsa\/index.php\/wp-json\/wp\/v2\/comments?post=35"}],"version-history":[{"count":5,"href":"https:\/\/www3.santoandre.sp.gov.br\/chmsa\/index.php\/wp-json\/wp\/v2\/pages\/35\/revisions"}],"predecessor-version":[{"id":1259,"href":"https:\/\/www3.santoandre.sp.gov.br\/chmsa\/index.php\/wp-json\/wp\/v2\/pages\/35\/revisions\/1259"}],"up":[{"embeddable":true,"href":"https:\/\/www3.santoandre.sp.gov.br\/chmsa\/index.php\/wp-json\/wp\/v2\/pages\/25"}],"wp:attachment":[{"href":"https:\/\/www3.santoandre.sp.gov.br\/chmsa\/index.php\/wp-json\/wp\/v2\/media?parent=35"}],"curies":[{"name":"wp","href":"https:\/\/api.w.org\/{rel}","templated":true}]}}