{"id":31,"date":"2019-04-11T16:19:11","date_gmt":"2019-04-11T13:19:11","guid":{"rendered":"https:\/\/www3.santoandre.sp.gov.br\/chmsa\/?page_id=31"},"modified":"2020-06-24T21:31:47","modified_gmt":"2020-06-24T18:31:47","slug":"criterios-de-atendimento","status":"publish","type":"page","link":"https:\/\/www3.santoandre.sp.gov.br\/chmsa\/index.php\/servicos\/criterios-de-atendimento\/","title":{"rendered":"Crit\u00e9rios de Atendimento"},"content":{"rendered":"<p>Em setembro de 2018, teve in\u00edcio um processo de reorganiza\u00e7\u00e3o do fluxo de atendimento no Centro Hospitalar Municipal de Santo Andr\u00e9 (CHMSA) \u201cDr. Newton da Costa Brand\u00e3o\u201d. A reestrutura\u00e7\u00e3o, em especial no Pronto-Socorro da unidade, visa um atendimento mais \u00e1gil e humanizado \u00e0 popula\u00e7\u00e3o, evitando que a aten\u00e7\u00e3o aos casos de maior gravidade acabe comprometida.<\/p>\n<p>Em sua grande maioria, os casos que chegam ao hospital s\u00e3o pass\u00edveis de solu\u00e7\u00e3o em Unidades B\u00e1sicas de Sa\u00fade (UBSs) ou Unidades de Pronto Atendimento (UPAs). Para a aten\u00e7\u00e3o hospitalar permanecem, portanto, os casos de Emerg\u00eancia \u2013 para os quais n\u00e3o h\u00e1 qualquer restri\u00e7\u00e3o de atendimento, sejam oriundos do SAMU, Bombeiros, direcionados de UPAs ou demanda espont\u00e2nea.<\/p>\n<p>&nbsp;<\/p>\n<p><strong>SAIBA COMO USAR O PRONTO-SOCORRO\/EMERG\u00caNCIA DO CHMSA<\/strong><\/p>\n<p>&#8211; O Pronto-Socorro do <strong>CHMSA<\/strong> atende casos de <strong>EMERG\u00caNCIA<\/strong> ou pacientes encaminhados das UPAs<\/p>\n<p>&#8211; Isso significa que o PRIMEIRO ATENDIMENTO deve ocorrer sempre em uma <strong>UPA<\/strong> (Unidade de Pronto Atendimento), que tem condi\u00e7\u00f5es de atender 24h casos de <strong>URG\u00caNCIA<\/strong>.<\/p>\n<p><strong>O QUE \u00c9 EMERG\u00caNCIA?<\/strong><\/p>\n<p>\u00c9 uma situa\u00e7\u00e3o cr\u00edtica, com ocorr\u00eancia de grande perigo. Exemplo: hemorragias, parada card\u00edaca, parada respirat\u00f3ria, entre outros. <u>Onde ir:<\/u> <strong>CHMSA<\/strong> (<em>de acordo com a emerg\u00eancia, uma UPA pode realizar o primeiro atendimento, sendo inclusive o mais adequado se a unidade ficar mais pr\u00f3xima da resid\u00eancia ou do local onde se encontra o paciente<\/em>).<\/p>\n<p><strong>O QUE \u00c9 URG\u00caNCIA?<\/strong><\/p>\n<p>\u00c9 uma situa\u00e7\u00e3o que n\u00e3o pode ser adiada, que deve ser resolvida rapidamente para n\u00e3o se tornar uma emerg\u00eancia. Exemplo: luxa\u00e7\u00f5es, tor\u00e7\u00f5es, fraturas graves e dengue. <u>Onde ir<\/u>: <strong>UPAs <\/strong>(Unidades de Pronto Atendimento) 24h.<\/p>\n<p>&nbsp;<\/p>\n<p><strong>ANTES DE PROCURAR O PRONTO-SOCORRO DO CHMSA, ENTENDA COMO FUNCIONA O SISTEMA DE SA\u00daDE:<\/strong><\/p>\n<p>&#8211; Quando voc\u00ea procura a <strong>UPA <\/strong>em casos de <strong>urg\u00eancia<\/strong> e o <strong>Centro Hospitalar <\/strong>nas <strong>emerg\u00eancias<\/strong>, voc\u00ea contribui para evitar filas e facilita o trabalho de atendimento m\u00e9dico. Com o sistema p\u00fablico de sa\u00fade humanizado e organizado, quem ganha \u00e9 voc\u00ea!<\/p>\n<p>&#8211; Nas UBSs (Unidades B\u00e1sicas de Sa\u00fade), Cl\u00ednicas da Fam\u00edlia e Policl\u00ednicas, voc\u00ea pode programar o atendimento com agendamento pr\u00e9vio de consulta. A aten\u00e7\u00e3o b\u00e1sica consegue absorver e resolver grande parte dos problemas de sa\u00fade.<\/p>\n<p><strong>\u00a0<\/strong><\/p>\n","protected":false},"excerpt":{"rendered":"<p>Em setembro de 2018, teve in\u00edcio um processo de reorganiza\u00e7\u00e3o do fluxo de atendimento no&#8230;<\/p>\n","protected":false},"author":5,"featured_media":0,"parent":25,"menu_order":0,"comment_status":"closed","ping_status":"closed","template":"","meta":{"footnotes":""},"class_list":["post-31","page","type-page","status-publish","hentry"],"_links":{"self":[{"href":"https:\/\/www3.santoandre.sp.gov.br\/chmsa\/index.php\/wp-json\/wp\/v2\/pages\/31","targetHints":{"allow":["GET"]}}],"collection":[{"href":"https:\/\/www3.santoandre.sp.gov.br\/chmsa\/index.php\/wp-json\/wp\/v2\/pages"}],"about":[{"href":"https:\/\/www3.santoandre.sp.gov.br\/chmsa\/index.php\/wp-json\/wp\/v2\/types\/page"}],"author":[{"embeddable":true,"href":"https:\/\/www3.santoandre.sp.gov.br\/chmsa\/index.php\/wp-json\/wp\/v2\/users\/5"}],"replies":[{"embeddable":true,"href":"https:\/\/www3.santoandre.sp.gov.br\/chmsa\/index.php\/wp-json\/wp\/v2\/comments?post=31"}],"version-history":[{"count":5,"href":"https:\/\/www3.santoandre.sp.gov.br\/chmsa\/index.php\/wp-json\/wp\/v2\/pages\/31\/revisions"}],"predecessor-version":[{"id":1260,"href":"https:\/\/www3.santoandre.sp.gov.br\/chmsa\/index.php\/wp-json\/wp\/v2\/pages\/31\/revisions\/1260"}],"up":[{"embeddable":true,"href":"https:\/\/www3.santoandre.sp.gov.br\/chmsa\/index.php\/wp-json\/wp\/v2\/pages\/25"}],"wp:attachment":[{"href":"https:\/\/www3.santoandre.sp.gov.br\/chmsa\/index.php\/wp-json\/wp\/v2\/media?parent=31"}],"curies":[{"name":"wp","href":"https:\/\/api.w.org\/{rel}","templated":true}]}}